{"id":8682,"date":"2025-12-10T17:43:35","date_gmt":"2025-12-10T16:43:35","guid":{"rendered":"https:\/\/lejonchet.fr\/?page_id=8682"},"modified":"2025-12-10T17:54:52","modified_gmt":"2025-12-10T16:54:52","slug":"magie-et-musique","status":"publish","type":"page","link":"https:\/\/lejonchet.fr\/index.php\/magie-et-musique\/","title":{"rendered":"Magie et musique"},"content":{"rendered":"\n<figure class=\"wp-block-table alignright\" style=\"font-size:16px\"><table class=\"has-background\" style=\"background-color:#e7f5fe\"><tbody><tr><td class=\"has-text-align-right\" data-align=\"right\">RESERVATIONS :<strong><mark style=\"background-color:rgba(0, 0, 0, 0)\" class=\"has-inline-color has-vivid-cyan-blue-color\"><br><\/mark><\/strong> <a href=\"https:\/\/lejonchet.fr\/index.php\/events\/mentalisme-musical\/\"><strong>Dimanche 8 mars 2026 \u00e0 15H30<\/strong><\/a><\/td><\/tr><\/tbody><\/table><\/figure>\n\n\n\n<p class=\"has-vivid-red-color has-text-color\" style=\"font-size:40px\"><strong>Mentalisme musical<\/strong><\/p>\n\n\n\n<p class=\"has-small-font-size\">Par <strong>Pascal Faidy<\/strong><\/p>\n\n\n\n<figure class=\"wp-block-image size-full\"><img loading=\"lazy\" decoding=\"async\" width=\"1600\" height=\"403\" src=\"https:\/\/lejonchet.fr\/wp-content\/uploads\/2025\/12\/mentalisme02.jpg\" alt=\"\" class=\"wp-image-8683\" srcset=\"https:\/\/lejonchet.fr\/wp-content\/uploads\/2025\/12\/mentalisme02.jpg 1600w, https:\/\/lejonchet.fr\/wp-content\/uploads\/2025\/12\/mentalisme02-300x76.jpg 300w, https:\/\/lejonchet.fr\/wp-content\/uploads\/2025\/12\/mentalisme02-1024x258.jpg 1024w, https:\/\/lejonchet.fr\/wp-content\/uploads\/2025\/12\/mentalisme02-768x193.jpg 768w, https:\/\/lejonchet.fr\/wp-content\/uploads\/2025\/12\/mentalisme02-1536x387.jpg 1536w, https:\/\/lejonchet.fr\/wp-content\/uploads\/2025\/12\/mentalisme02-690x174.jpg 690w, https:\/\/lejonchet.fr\/wp-content\/uploads\/2025\/12\/mentalisme02-980x247.jpg 980w\" sizes=\"auto, (max-width: 1600px) 100vw, 1600px\" \/><\/figure>\n\n\n\n<p class=\"has-small-font-size\"><\/p>\n\n\n\n<p class=\"has-drop-cap\">Vous aimez la musique et le myst\u00e8re ? <br>Mentalisme Musical vous envo\u00fbtera. Ce spectacle unique et riche allie la musique \u00e0 la magie mentale. Pascal Faidy r\u00e9sout un crime, r\u00e9alise des prouesses de m\u00e9moire incroyables, lit dans vos pens\u00e9es, interpr\u00e8te avec brio ses compositions m\u00e9lodiques et oniriques.<\/p>\n\n\n\n<p>Un spectacle interactif, dr\u00f4le et fascinant, qui ouvre une porte sur l&rsquo;imaginaire. <\/p>\n\n\n\n<figure class=\"wp-block-gallery aligncenter has-nested-images columns-4 is-cropped wp-block-gallery-1 is-layout-flex wp-block-gallery-is-layout-flex\">\n<figure class=\"wp-block-image size-full\"><img loading=\"lazy\" decoding=\"async\" width=\"624\" height=\"500\" data-id=\"8684\" src=\"https:\/\/lejonchet.fr\/wp-content\/uploads\/2025\/12\/mentalisme04.jpg\" alt=\"\" class=\"wp-image-8684\" srcset=\"https:\/\/lejonchet.fr\/wp-content\/uploads\/2025\/12\/mentalisme04.jpg 624w, https:\/\/lejonchet.fr\/wp-content\/uploads\/2025\/12\/mentalisme04-300x240.jpg 300w\" sizes=\"auto, (max-width: 624px) 100vw, 624px\" \/><\/figure>\n\n\n\n<figure class=\"wp-block-image size-full\"><img loading=\"lazy\" decoding=\"async\" width=\"500\" height=\"500\" data-id=\"8685\" src=\"https:\/\/lejonchet.fr\/wp-content\/uploads\/2025\/12\/mentalisme05.jpg\" alt=\"\" class=\"wp-image-8685\" srcset=\"https:\/\/lejonchet.fr\/wp-content\/uploads\/2025\/12\/mentalisme05.jpg 500w, https:\/\/lejonchet.fr\/wp-content\/uploads\/2025\/12\/mentalisme05-300x300.jpg 300w, https:\/\/lejonchet.fr\/wp-content\/uploads\/2025\/12\/mentalisme05-150x150.jpg 150w\" sizes=\"auto, (max-width: 500px) 100vw, 500px\" \/><\/figure>\n\n\n\n<figure class=\"wp-block-image size-full\"><img loading=\"lazy\" decoding=\"async\" width=\"736\" height=\"500\" data-id=\"8686\" src=\"https:\/\/lejonchet.fr\/wp-content\/uploads\/2025\/12\/mentalisme06.jpg\" alt=\"\" class=\"wp-image-8686\" srcset=\"https:\/\/lejonchet.fr\/wp-content\/uploads\/2025\/12\/mentalisme06.jpg 736w, https:\/\/lejonchet.fr\/wp-content\/uploads\/2025\/12\/mentalisme06-300x204.jpg 300w, https:\/\/lejonchet.fr\/wp-content\/uploads\/2025\/12\/mentalisme06-690x469.jpg 690w\" sizes=\"auto, (max-width: 736px) 100vw, 736px\" \/><\/figure>\n\n\n\n<figure class=\"wp-block-image size-full\"><img loading=\"lazy\" decoding=\"async\" width=\"492\" height=\"500\" data-id=\"8687\" src=\"https:\/\/lejonchet.fr\/wp-content\/uploads\/2025\/12\/mentalisme07.jpg\" alt=\"\" class=\"wp-image-8687\" srcset=\"https:\/\/lejonchet.fr\/wp-content\/uploads\/2025\/12\/mentalisme07.jpg 492w, https:\/\/lejonchet.fr\/wp-content\/uploads\/2025\/12\/mentalisme07-295x300.jpg 295w\" sizes=\"auto, (max-width: 492px) 100vw, 492px\" \/><\/figure>\n<\/figure>\n\n\n\n<figure class=\"wp-block-embed is-type-video is-provider-youtube wp-block-embed-youtube wp-embed-aspect-16-9 wp-has-aspect-ratio\"><div class=\"wp-block-embed__wrapper\">\n<iframe loading=\"lazy\" title=\"&quot;MENTALISME MUSICAL&quot; - PASCAL FAIDY TEASER\" width=\"980\" height=\"551\" src=\"https:\/\/www.youtube.com\/embed\/N5pLCL2h-UM?feature=oembed\" frameborder=\"0\" allow=\"accelerometer; autoplay; clipboard-write; encrypted-media; gyroscope; picture-in-picture; web-share\" referrerpolicy=\"strict-origin-when-cross-origin\" allowfullscreen><\/iframe>\n<\/div><\/figure>\n\n\n\n<p><\/p>\n\n\n\n<div class=\"wp-block-buttons is-content-justification-right is-layout-flex wp-container-core-buttons-is-layout-765c4724 wp-block-buttons-is-layout-flex\">\n<div class=\"wp-block-button alignright\"><a class=\"wp-block-button__link has-luminous-vivid-amber-background-color has-background has-text-align-left wp-element-button\" href=\"https:\/\/lejonchet.fr\/index.php\/events\/mentalisme-musical\/\" style=\"border-radius:39px\">R\u00e9servation&#8230;<\/a><\/div>\n<\/div>\n\n\n\n<p><\/p>\n","protected":false},"excerpt":{"rendered":"<p>RESERVATIONS : Dimanche 8 mars 2026 \u00e0 15H30 Mentalisme musical Par Pascal Faidy Vous aimez la musique et le myst\u00e8re ? Mentalisme Musical vous envo\u00fbtera. Ce spectacle unique et riche allie la musique \u00e0 la magie mentale. Pascal Faidy r\u00e9sout un crime, r\u00e9alise des prouesses de m\u00e9moire incroyables, lit dans vos pens\u00e9es, interpr\u00e8te avec brio [&hellip;]<\/p>\n","protected":false},"author":1,"featured_media":0,"parent":0,"menu_order":0,"comment_status":"closed","ping_status":"closed","template":"","meta":{"footnotes":""},"class_list":["post-8682","page","type-page","status-publish","hentry"],"_links":{"self":[{"href":"https:\/\/lejonchet.fr\/index.php\/wp-json\/wp\/v2\/pages\/8682","targetHints":{"allow":["GET"]}}],"collection":[{"href":"https:\/\/lejonchet.fr\/index.php\/wp-json\/wp\/v2\/pages"}],"about":[{"href":"https:\/\/lejonchet.fr\/index.php\/wp-json\/wp\/v2\/types\/page"}],"author":[{"embeddable":true,"href":"https:\/\/lejonchet.fr\/index.php\/wp-json\/wp\/v2\/users\/1"}],"replies":[{"embeddable":true,"href":"https:\/\/lejonchet.fr\/index.php\/wp-json\/wp\/v2\/comments?post=8682"}],"version-history":[{"count":3,"href":"https:\/\/lejonchet.fr\/index.php\/wp-json\/wp\/v2\/pages\/8682\/revisions"}],"predecessor-version":[{"id":8699,"href":"https:\/\/lejonchet.fr\/index.php\/wp-json\/wp\/v2\/pages\/8682\/revisions\/8699"}],"wp:attachment":[{"href":"https:\/\/lejonchet.fr\/index.php\/wp-json\/wp\/v2\/media?parent=8682"}],"curies":[{"name":"wp","href":"https:\/\/api.w.org\/{rel}","templated":true}]}}