{"id":8595,"date":"2025-12-03T18:04:11","date_gmt":"2025-12-03T17:04:11","guid":{"rendered":"https:\/\/lejonchet.fr\/?page_id=8595"},"modified":"2026-01-08T20:32:42","modified_gmt":"2026-01-08T19:32:42","slug":"rien","status":"publish","type":"page","link":"https:\/\/lejonchet.fr\/index.php\/rien\/","title":{"rendered":"Th\u00e9\u00e2tre"},"content":{"rendered":"\n<figure class=\"wp-block-table alignright\" style=\"font-size:16px\"><table class=\"has-background\" style=\"background-color:#e7f5fe\"><tbody><tr><td class=\"has-text-align-right\" data-align=\"right\">RESERVATIONS :<strong><mark style=\"background-color:rgba(0, 0, 0, 0)\" class=\"has-inline-color has-vivid-cyan-blue-color\"><br><\/mark><a href=\"https:\/\/lejonchet.fr\/index.php\/events\/rien\/\">Dimanche 01 f\u00e9vrier 2026 \u00e0 15H30<\/a><\/strong><\/td><\/tr><\/tbody><\/table><\/figure>\n\n\n\n<p class=\"has-vivid-red-color has-text-color\" style=\"font-size:40px\"><strong>Rien ?<\/strong><\/p>\n\n\n\n<p class=\"has-small-font-size\"><em>Par <strong>La Cie du Loup \u00e0 Paillettes<\/strong> <\/em><br><em>Avec <strong>Jean-Marc Noirot-Cosson<\/strong><\/em><\/p>\n\n\n\n<figure class=\"wp-block-image size-large\"><img loading=\"lazy\" decoding=\"async\" width=\"1024\" height=\"280\" src=\"https:\/\/lejonchet.fr\/wp-content\/uploads\/2025\/12\/Rien02-1024x280.jpg\" alt=\"\" class=\"wp-image-8596\" srcset=\"https:\/\/lejonchet.fr\/wp-content\/uploads\/2025\/12\/Rien02-1024x280.jpg 1024w, https:\/\/lejonchet.fr\/wp-content\/uploads\/2025\/12\/Rien02-300x82.jpg 300w, https:\/\/lejonchet.fr\/wp-content\/uploads\/2025\/12\/Rien02-768x210.jpg 768w, https:\/\/lejonchet.fr\/wp-content\/uploads\/2025\/12\/Rien02-1536x420.jpg 1536w, https:\/\/lejonchet.fr\/wp-content\/uploads\/2025\/12\/Rien02-690x189.jpg 690w, https:\/\/lejonchet.fr\/wp-content\/uploads\/2025\/12\/Rien02-980x268.jpg 980w, https:\/\/lejonchet.fr\/wp-content\/uploads\/2025\/12\/Rien02.jpg 1600w\" sizes=\"auto, (max-width: 1024px) 100vw, 1024px\" \/><\/figure>\n\n\n\n<p class=\"has-small-font-size\"><\/p>\n\n\n\n<p class=\"has-drop-cap\">Jim est heureux de vous convier&nbsp;pour lui rendre un dernier hommage. Gr\u00e2ce au kit fun\u00e9raire qu&rsquo;il a re\u00e7u, il va tenter de mener \u00e0 bien cette c\u00e9r\u00e9monie . Or&nbsp;Jim est un peu \u00e0 cot\u00e9 de ses pompes &#8230; mais pas&nbsp;fun\u00e8bre : tout se joue de lui et il joue de tout. B\u00eatises, fac\u00e9ties, d\u00e9rapages, rires, fanfaronnades s&rsquo;invitent en ce rituel.<br>Merci de votre pr\u00e9sence \u00e0 ce moment de r\u00e9confort partag\u00e9&nbsp;!Car nous sommes bien peu de chose &#8230; voire&nbsp;<strong><em>RIEN<\/em>&nbsp;?<\/strong><\/p>\n\n\n\n<figure class=\"wp-block-gallery aligncenter has-nested-images columns-2 is-cropped wp-block-gallery-1 is-layout-flex wp-block-gallery-is-layout-flex\">\n<figure class=\"wp-block-image size-full\"><img loading=\"lazy\" decoding=\"async\" width=\"457\" height=\"600\" data-id=\"8597\" src=\"https:\/\/lejonchet.fr\/wp-content\/uploads\/2025\/12\/Rien03.jpg\" alt=\"\" class=\"wp-image-8597\" srcset=\"https:\/\/lejonchet.fr\/wp-content\/uploads\/2025\/12\/Rien03.jpg 457w, https:\/\/lejonchet.fr\/wp-content\/uploads\/2025\/12\/Rien03-229x300.jpg 229w\" sizes=\"auto, (max-width: 457px) 100vw, 457px\" \/><\/figure>\n\n\n\n<figure class=\"wp-block-image size-full\"><img loading=\"lazy\" decoding=\"async\" width=\"400\" height=\"600\" data-id=\"8598\" src=\"https:\/\/lejonchet.fr\/wp-content\/uploads\/2025\/12\/Rien04.jpg\" alt=\"\" class=\"wp-image-8598\" srcset=\"https:\/\/lejonchet.fr\/wp-content\/uploads\/2025\/12\/Rien04.jpg 400w, https:\/\/lejonchet.fr\/wp-content\/uploads\/2025\/12\/Rien04-200x300.jpg 200w\" sizes=\"auto, (max-width: 400px) 100vw, 400px\" \/><\/figure>\n\n\n\n<figure class=\"wp-block-image size-full\"><img loading=\"lazy\" decoding=\"async\" width=\"473\" height=\"600\" data-id=\"8599\" src=\"https:\/\/lejonchet.fr\/wp-content\/uploads\/2025\/12\/Rien05.jpg\" alt=\"\" class=\"wp-image-8599\" srcset=\"https:\/\/lejonchet.fr\/wp-content\/uploads\/2025\/12\/Rien05.jpg 473w, https:\/\/lejonchet.fr\/wp-content\/uploads\/2025\/12\/Rien05-237x300.jpg 237w\" sizes=\"auto, (max-width: 473px) 100vw, 473px\" \/><\/figure>\n\n\n\n<figure class=\"wp-block-image size-full\"><img loading=\"lazy\" decoding=\"async\" width=\"400\" height=\"600\" data-id=\"8600\" src=\"https:\/\/lejonchet.fr\/wp-content\/uploads\/2025\/12\/Rien06.jpg\" alt=\"\" class=\"wp-image-8600\" srcset=\"https:\/\/lejonchet.fr\/wp-content\/uploads\/2025\/12\/Rien06.jpg 400w, https:\/\/lejonchet.fr\/wp-content\/uploads\/2025\/12\/Rien06-200x300.jpg 200w\" sizes=\"auto, (max-width: 400px) 100vw, 400px\" \/><\/figure>\n<\/figure>\n\n\n\n<figure class=\"wp-block-embed is-type-video is-provider-youtube wp-block-embed-youtube wp-embed-aspect-16-9 wp-has-aspect-ratio\"><div class=\"wp-block-embed__wrapper\">\n<iframe loading=\"lazy\" title=\"TEASER &quot; RIEN ?&quot;\" width=\"980\" height=\"551\" src=\"https:\/\/www.youtube.com\/embed\/OCLZ6PciWXU?feature=oembed\" frameborder=\"0\" allow=\"accelerometer; autoplay; clipboard-write; encrypted-media; gyroscope; picture-in-picture; web-share\" referrerpolicy=\"strict-origin-when-cross-origin\" allowfullscreen><\/iframe>\n<\/div><\/figure>\n\n\n\n<div class=\"wp-block-columns is-layout-flex wp-container-core-columns-is-layout-9d6595d7 wp-block-columns-is-layout-flex\">\n<div class=\"wp-block-column is-layout-flow wp-block-column-is-layout-flow\">\n<p class=\"has-text-align-right\">RESERVATIONS :<strong><mark style=\"background-color:rgba(0, 0, 0, 0)\" class=\"has-inline-color has-vivid-cyan-blue-color\"><br><\/mark><a href=\"https:\/\/lejonchet.fr\/index.php\/events\/rien\/\">Dimanche 01 f\u00e9vrier 2026 \u00e0 15H30<\/a><\/strong><\/p>\n<\/div>\n<\/div>\n","protected":false},"excerpt":{"rendered":"<p>RESERVATIONS :Dimanche 01 f\u00e9vrier 2026 \u00e0 15H30 Rien ? Par La Cie du Loup \u00e0 Paillettes Avec Jean-Marc Noirot-Cosson Jim est heureux de vous convier&nbsp;pour lui rendre un dernier hommage. Gr\u00e2ce au kit fun\u00e9raire qu&rsquo;il a re\u00e7u, il va tenter de mener \u00e0 bien cette c\u00e9r\u00e9monie . Or&nbsp;Jim est un peu \u00e0 cot\u00e9 de ses [&hellip;]<\/p>\n","protected":false},"author":1,"featured_media":0,"parent":0,"menu_order":0,"comment_status":"closed","ping_status":"closed","template":"","meta":{"footnotes":""},"class_list":["post-8595","page","type-page","status-publish","hentry"],"_links":{"self":[{"href":"https:\/\/lejonchet.fr\/index.php\/wp-json\/wp\/v2\/pages\/8595","targetHints":{"allow":["GET"]}}],"collection":[{"href":"https:\/\/lejonchet.fr\/index.php\/wp-json\/wp\/v2\/pages"}],"about":[{"href":"https:\/\/lejonchet.fr\/index.php\/wp-json\/wp\/v2\/types\/page"}],"author":[{"embeddable":true,"href":"https:\/\/lejonchet.fr\/index.php\/wp-json\/wp\/v2\/users\/1"}],"replies":[{"embeddable":true,"href":"https:\/\/lejonchet.fr\/index.php\/wp-json\/wp\/v2\/comments?post=8595"}],"version-history":[{"count":4,"href":"https:\/\/lejonchet.fr\/index.php\/wp-json\/wp\/v2\/pages\/8595\/revisions"}],"predecessor-version":[{"id":8995,"href":"https:\/\/lejonchet.fr\/index.php\/wp-json\/wp\/v2\/pages\/8595\/revisions\/8995"}],"wp:attachment":[{"href":"https:\/\/lejonchet.fr\/index.php\/wp-json\/wp\/v2\/media?parent=8595"}],"curies":[{"name":"wp","href":"https:\/\/api.w.org\/{rel}","templated":true}]}}