{"id":7927,"date":"2025-05-16T10:21:06","date_gmt":"2025-05-16T08:21:06","guid":{"rendered":"https:\/\/lejonchet.fr\/?page_id=7927"},"modified":"2025-10-03T08:55:47","modified_gmt":"2025-10-03T06:55:47","slug":"theatre-50","status":"publish","type":"page","link":"https:\/\/lejonchet.fr\/index.php\/theatre-50\/","title":{"rendered":"Th\u00e9\u00e2tre"},"content":{"rendered":"\n<p class=\"has-vivid-red-color has-text-color has-large-font-size\"><strong>Le transformiste ou le complexe de Camard<\/strong><\/p>\n\n\n\n<figure class=\"wp-block-table alignright\" style=\"font-size:16px\"><table class=\"has-black-color has-text-color has-background has-link-color\" style=\"background-color:#e7f5fe\"><tbody><tr><td class=\"has-text-align-right\" data-align=\"right\">RESERVATIONS :<br><strong><a href=\"https:\/\/lejonchet.fr\/index.php\/events\/camard\/\">Samedi 8 novembre 2025 \u00e0 20H30<\/a><\/strong><\/td><\/tr><\/tbody><\/table><\/figure>\n\n\n\n<p class=\"has-small-font-size\"><em>de <strong>Gilles Granouillet <\/strong><br>Par la <strong>Compagnie Une Heure Avant<\/strong> et <strong>Th\u00e9\u00e2tre du Paradoxe&nbsp;<\/strong><br>Avec <strong>Antony Fons<\/strong> et <strong>C\u00e9dric Laroche<\/strong>.<\/em><\/p>\n\n\n\n<figure class=\"wp-block-image size-full\"><img loading=\"lazy\" decoding=\"async\" width=\"1200\" height=\"287\" src=\"https:\/\/lejonchet.fr\/wp-content\/uploads\/2025\/05\/Camard02.jpg\" alt=\"\" class=\"wp-image-7928\" srcset=\"https:\/\/lejonchet.fr\/wp-content\/uploads\/2025\/05\/Camard02.jpg 1200w, https:\/\/lejonchet.fr\/wp-content\/uploads\/2025\/05\/Camard02-300x72.jpg 300w, https:\/\/lejonchet.fr\/wp-content\/uploads\/2025\/05\/Camard02-1024x245.jpg 1024w, https:\/\/lejonchet.fr\/wp-content\/uploads\/2025\/05\/Camard02-768x184.jpg 768w, https:\/\/lejonchet.fr\/wp-content\/uploads\/2025\/05\/Camard02-690x165.jpg 690w, https:\/\/lejonchet.fr\/wp-content\/uploads\/2025\/05\/Camard02-980x234.jpg 980w\" sizes=\"auto, (max-width: 1200px) 100vw, 1200px\" \/><\/figure>\n\n\n\n<p><\/p>\n\n\n\n<p class=\"has-drop-cap\">Fr\u00e9d\u00e9ric Camard, vendeur de Cadillac arrogant, consulte son m\u00e9decin de famille pour d&rsquo;inexplicables douleurs intestinales : aucun traitement ne parvient \u00e0 les soulager. Au fil des rendez- vous, il s&rsquo;ouvre peu \u00e0 peu sur sa vie personnelle, son travail et sa famille&#8230; jusqu&rsquo;au moment o\u00f9 son r\u00e9cit loufoque bascule de fa\u00e7on totalement impr\u00e9vue. La v\u00e9rit\u00e9 explose alors et nous d\u00e9voile un homme touchant, assumant une ultime d\u00e9cision.<\/p>\n\n\n\n<p>Dans ce voyage burlesque au c\u0153ur de l&rsquo;esprit humain, Gilles Granouillet entra\u00eene le spectateur dans les d\u00e9dales de l&rsquo;imaginaire de Fr\u00e9d\u00e9ric Camard. Confront\u00e9 \u00e0 une r\u00e9alit\u00e9 intol\u00e9rable, celui-ci se cr\u00e9e une nouvelle existence : un autre m\u00e9tier, un autre genre, une autre identit\u00e9. Autant d&rsquo;inventions qui r\u00e9v\u00e8lent, avec une grande finesse et beaucoup d&rsquo;humour, les surprises de l&rsquo;esprit et des sentiments humains.<\/p>\n\n\n\n<figure class=\"wp-block-gallery has-nested-images columns-4 is-cropped wp-block-gallery-1 is-layout-flex wp-block-gallery-is-layout-flex\">\n<figure class=\"wp-block-image size-full\"><img loading=\"lazy\" decoding=\"async\" width=\"600\" height=\"600\" data-id=\"7929\" src=\"https:\/\/lejonchet.fr\/wp-content\/uploads\/2025\/05\/Camard03.jpg\" alt=\"\" class=\"wp-image-7929\" srcset=\"https:\/\/lejonchet.fr\/wp-content\/uploads\/2025\/05\/Camard03.jpg 600w, https:\/\/lejonchet.fr\/wp-content\/uploads\/2025\/05\/Camard03-300x300.jpg 300w, https:\/\/lejonchet.fr\/wp-content\/uploads\/2025\/05\/Camard03-150x150.jpg 150w\" sizes=\"auto, (max-width: 600px) 100vw, 600px\" \/><\/figure>\n\n\n\n<figure class=\"wp-block-image size-full\"><img loading=\"lazy\" decoding=\"async\" width=\"600\" height=\"600\" data-id=\"7930\" src=\"https:\/\/lejonchet.fr\/wp-content\/uploads\/2025\/05\/Camard04.jpg\" alt=\"\" class=\"wp-image-7930\" srcset=\"https:\/\/lejonchet.fr\/wp-content\/uploads\/2025\/05\/Camard04.jpg 600w, https:\/\/lejonchet.fr\/wp-content\/uploads\/2025\/05\/Camard04-300x300.jpg 300w, https:\/\/lejonchet.fr\/wp-content\/uploads\/2025\/05\/Camard04-150x150.jpg 150w\" sizes=\"auto, (max-width: 600px) 100vw, 600px\" \/><\/figure>\n\n\n\n<figure class=\"wp-block-image size-full\"><img loading=\"lazy\" decoding=\"async\" width=\"600\" height=\"600\" data-id=\"7931\" src=\"https:\/\/lejonchet.fr\/wp-content\/uploads\/2025\/05\/Camard05.jpg\" alt=\"\" class=\"wp-image-7931\" srcset=\"https:\/\/lejonchet.fr\/wp-content\/uploads\/2025\/05\/Camard05.jpg 600w, https:\/\/lejonchet.fr\/wp-content\/uploads\/2025\/05\/Camard05-300x300.jpg 300w, https:\/\/lejonchet.fr\/wp-content\/uploads\/2025\/05\/Camard05-150x150.jpg 150w\" sizes=\"auto, (max-width: 600px) 100vw, 600px\" \/><\/figure>\n<\/figure>\n\n\n\n<div class=\"wp-block-buttons is-content-justification-right is-layout-flex wp-container-core-buttons-is-layout-765c4724 wp-block-buttons-is-layout-flex\">\n<div class=\"wp-block-button has-custom-width wp-block-button__width-25 is-style-outline is-style-outline--2\"><a class=\"wp-block-button__link has-white-color has-luminous-vivid-amber-background-color has-text-color has-background has-link-color has-small-font-size has-custom-font-size wp-element-button\" href=\"https:\/\/lejonchet.fr\/index.php\/events\/camard\/\" style=\"border-radius:22px\"><strong>R\u00e9servation<\/strong>s<\/a><\/div>\n<\/div>\n\n\n\n<figure class=\"wp-block-embed is-type-video is-provider-youtube wp-block-embed-youtube wp-embed-aspect-16-9 wp-has-aspect-ratio\"><div class=\"wp-block-embed__wrapper\">\n<iframe loading=\"lazy\" title=\"Qui est Fr\u00e9d\u00e9ric Camard ? | Bande-annonce &quot;Le Transformiste ou le complexe de Camard&quot;\" width=\"980\" height=\"551\" src=\"https:\/\/www.youtube.com\/embed\/5Ez8e7FJo7c?feature=oembed\" frameborder=\"0\" allow=\"accelerometer; autoplay; clipboard-write; encrypted-media; gyroscope; picture-in-picture; web-share\" referrerpolicy=\"strict-origin-when-cross-origin\" allowfullscreen><\/iframe>\n<\/div><\/figure>\n","protected":false},"excerpt":{"rendered":"<p>Le transformiste ou le complexe de Camard RESERVATIONS :Samedi 8 novembre 2025 \u00e0 20H30 de Gilles Granouillet Par la Compagnie Une Heure Avant et Th\u00e9\u00e2tre du Paradoxe&nbsp;Avec Antony Fons et C\u00e9dric Laroche. Fr\u00e9d\u00e9ric Camard, vendeur de Cadillac arrogant, consulte son m\u00e9decin de famille pour d&rsquo;inexplicables douleurs intestinales : aucun traitement ne parvient \u00e0 les soulager. [&hellip;]<\/p>\n","protected":false},"author":1,"featured_media":0,"parent":0,"menu_order":0,"comment_status":"closed","ping_status":"closed","template":"","meta":{"footnotes":""},"class_list":["post-7927","page","type-page","status-publish","hentry"],"_links":{"self":[{"href":"https:\/\/lejonchet.fr\/index.php\/wp-json\/wp\/v2\/pages\/7927","targetHints":{"allow":["GET"]}}],"collection":[{"href":"https:\/\/lejonchet.fr\/index.php\/wp-json\/wp\/v2\/pages"}],"about":[{"href":"https:\/\/lejonchet.fr\/index.php\/wp-json\/wp\/v2\/types\/page"}],"author":[{"embeddable":true,"href":"https:\/\/lejonchet.fr\/index.php\/wp-json\/wp\/v2\/users\/1"}],"replies":[{"embeddable":true,"href":"https:\/\/lejonchet.fr\/index.php\/wp-json\/wp\/v2\/comments?post=7927"}],"version-history":[{"count":3,"href":"https:\/\/lejonchet.fr\/index.php\/wp-json\/wp\/v2\/pages\/7927\/revisions"}],"predecessor-version":[{"id":8359,"href":"https:\/\/lejonchet.fr\/index.php\/wp-json\/wp\/v2\/pages\/7927\/revisions\/8359"}],"wp:attachment":[{"href":"https:\/\/lejonchet.fr\/index.php\/wp-json\/wp\/v2\/media?parent=7927"}],"curies":[{"name":"wp","href":"https:\/\/api.w.org\/{rel}","templated":true}]}}

Théâtre

<p class="has-vivid-red-color has-text-color has-large-font-size"><strong>Le transformiste ou le complexe de Camard</strong></p>



<figure class="wp-block-table alignright" style="font-size:16px"><table class="has-black-color has-text-color has-background has-link-color" style="background-color:#e7f5fe"><tbody><tr><td class="has-text-align-right" data-align="right">RESERVATIONS :<br><strong><a href="https://lejonchet.fr/index.php/events/camard/">Samedi 8 novembre 2025 à 20H30</a></strong></td></tr></tbody></table></figure>



<p class="has-small-font-size"><em>de <strong>Gilles Granouillet </strong><br>Par la <strong>Compagnie Une Heure Avant</strong> et <strong>Théâtre du Paradoxe&nbsp;</strong><br>Avec <strong>Antony Fons</strong> et <strong>Cédric Laroche</strong>.</em></p>



<figure class="wp-block-image size-full"><img loading="lazy" decoding="async" width="1200" height="287" src="https://lejonchet.fr/wp-content/uploads/2025/05/Camard02.jpg" alt="" class="wp-image-7928" srcset="https://lejonchet.fr/wp-content/uploads/2025/05/Camard02.jpg 1200w, https://lejonchet.fr/wp-content/uploads/2025/05/Camard02-300x72.jpg 300w, https://lejonchet.fr/wp-content/uploads/2025/05/Camard02-1024x245.jpg 1024w, https://lejonchet.fr/wp-content/uploads/2025/05/Camard02-768x184.jpg 768w, https://lejonchet.fr/wp-content/uploads/2025/05/Camard02-690x165.jpg 690w, https://lejonchet.fr/wp-content/uploads/2025/05/Camard02-980x234.jpg 980w" sizes="auto, (max-width: 1200px) 100vw, 1200px" /></figure>



<p></p>



<p class="has-drop-cap">Frédéric Camard, vendeur de Cadillac arrogant, consulte son médecin de famille pour d&rsquo;inexplicables douleurs intestinales : aucun traitement ne parvient à les soulager. Au fil des rendez- vous, il s&rsquo;ouvre peu à peu sur sa vie personnelle, son travail et sa famille&#8230; jusqu&rsquo;au moment où son récit loufoque bascule de façon totalement imprévue. La vérité explose alors et nous dévoile un homme touchant, assumant une ultime décision.</p>



<p>Dans ce voyage burlesque au cœur de l&rsquo;esprit humain, Gilles Granouillet entraîne le spectateur dans les dédales de l&rsquo;imaginaire de Frédéric Camard. Confronté à une réalité intolérable, celui-ci se crée une nouvelle existence : un autre métier, un autre genre, une autre identité. Autant d&rsquo;inventions qui révèlent, avec une grande finesse et beaucoup d&rsquo;humour, les surprises de l&rsquo;esprit et des sentiments humains.</p>



<figure class="wp-block-gallery has-nested-images columns-4 is-cropped wp-block-gallery-1 is-layout-flex wp-block-gallery-is-layout-flex">
<figure class="wp-block-image size-full"><img loading="lazy" decoding="async" width="600" height="600" data-id="7929" src="https://lejonchet.fr/wp-content/uploads/2025/05/Camard03.jpg" alt="" class="wp-image-7929" srcset="https://lejonchet.fr/wp-content/uploads/2025/05/Camard03.jpg 600w, https://lejonchet.fr/wp-content/uploads/2025/05/Camard03-300x300.jpg 300w, https://lejonchet.fr/wp-content/uploads/2025/05/Camard03-150x150.jpg 150w" sizes="auto, (max-width: 600px) 100vw, 600px" /></figure>



<figure class="wp-block-image size-full"><img loading="lazy" decoding="async" width="600" height="600" data-id="7930" src="https://lejonchet.fr/wp-content/uploads/2025/05/Camard04.jpg" alt="" class="wp-image-7930" srcset="https://lejonchet.fr/wp-content/uploads/2025/05/Camard04.jpg 600w, https://lejonchet.fr/wp-content/uploads/2025/05/Camard04-300x300.jpg 300w, https://lejonchet.fr/wp-content/uploads/2025/05/Camard04-150x150.jpg 150w" sizes="auto, (max-width: 600px) 100vw, 600px" /></figure>



<figure class="wp-block-image size-full"><img loading="lazy" decoding="async" width="600" height="600" data-id="7931" src="https://lejonchet.fr/wp-content/uploads/2025/05/Camard05.jpg" alt="" class="wp-image-7931" srcset="https://lejonchet.fr/wp-content/uploads/2025/05/Camard05.jpg 600w, https://lejonchet.fr/wp-content/uploads/2025/05/Camard05-300x300.jpg 300w, https://lejonchet.fr/wp-content/uploads/2025/05/Camard05-150x150.jpg 150w" sizes="auto, (max-width: 600px) 100vw, 600px" /></figure>
</figure>



<div class="wp-block-buttons is-content-justification-right is-layout-flex wp-container-core-buttons-is-layout-765c4724 wp-block-buttons-is-layout-flex">
<div class="wp-block-button has-custom-width wp-block-button__width-25 is-style-outline is-style-outline--2"><a class="wp-block-button__link has-white-color has-luminous-vivid-amber-background-color has-text-color has-background has-link-color has-small-font-size has-custom-font-size wp-element-button" href="https://lejonchet.fr/index.php/events/camard/" style="border-radius:22px"><strong>Réservation</strong>s</a></div>
</div>



<figure class="wp-block-embed is-type-video is-provider-youtube wp-block-embed-youtube wp-embed-aspect-16-9 wp-has-aspect-ratio"><div class="wp-block-embed__wrapper">
<iframe loading="lazy" title="Qui est Frédéric Camard ? | Bande-annonce &quot;Le Transformiste ou le complexe de Camard&quot;" width="980" height="551" src="https://www.youtube.com/embed/5Ez8e7FJo7c?feature=oembed" frameborder="0" allow="accelerometer; autoplay; clipboard-write; encrypted-media; gyroscope; picture-in-picture; web-share" referrerpolicy="strict-origin-when-cross-origin" allowfullscreen></iframe>
</div></figure>

<p>Le transformiste ou le complexe de Camard RESERVATIONS :Samedi 8 novembre 2025 à 20H30 de Gilles Granouillet Par la Compagnie Une Heure Avant et Théâtre du Paradoxe&nbsp;Avec Antony Fons et Cédric Laroche. Frédéric Camard, vendeur de Cadillac arrogant, consulte son médecin de famille pour d&rsquo;inexplicables douleurs intestinales : aucun traitement ne parvient à les soulager. [&hellip;]</p>
