{"id":7869,"date":"2025-05-12T20:25:51","date_gmt":"2025-05-12T18:25:51","guid":{"rendered":"https:\/\/lejonchet.fr\/?page_id=7869"},"modified":"2025-05-12T20:35:25","modified_gmt":"2025-05-12T18:35:25","slug":"theatre-48","status":"publish","type":"page","link":"https:\/\/lejonchet.fr\/index.php\/theatre-48\/","title":{"rendered":"Th\u00e9\u00e2tre"},"content":{"rendered":"\n<p class=\"has-vivid-red-color has-text-color has-large-font-size\"><strong>C\u00f4toyer l&rsquo;horizon<\/strong><\/p>\n\n\n\n<figure class=\"wp-block-table alignright\" style=\"font-size:16px\"><table class=\"has-black-color has-text-color has-background has-link-color\" style=\"background-color:#e7f5fe\"><tbody><tr><td class=\"has-text-align-right\" data-align=\"right\">RESERVATIONS :<br><strong><a href=\"https:\/\/lejonchet.fr\/index.php\/events\/horizon\/\">Vendredi 12 d\u00e9cembre 2025 \u00e0 20H30<\/a><\/strong><\/td><\/tr><\/tbody><\/table><\/figure>\n\n\n\n<p class=\"has-small-font-size\"><em><em>Ecriture et mise en sc\u00e8ne&nbsp;<strong>Anthony Tricard<\/strong><br>Avec&nbsp;<strong>M\u00e9lodie Florence, M\u00e9lissa Martinez, Alexandre Pache, Anthony Tricard<\/strong><br>Sons et lumi\u00e8res&nbsp;<strong>Ludovic Moulinard<\/strong><\/em><\/em><\/p>\n\n\n\n<figure class=\"wp-block-image size-full\"><img loading=\"lazy\" decoding=\"async\" width=\"1200\" height=\"258\" src=\"https:\/\/lejonchet.fr\/wp-content\/uploads\/2025\/05\/Horizon02.jpg\" alt=\"\" class=\"wp-image-7870\" srcset=\"https:\/\/lejonchet.fr\/wp-content\/uploads\/2025\/05\/Horizon02.jpg 1200w, https:\/\/lejonchet.fr\/wp-content\/uploads\/2025\/05\/Horizon02-300x65.jpg 300w, https:\/\/lejonchet.fr\/wp-content\/uploads\/2025\/05\/Horizon02-1024x220.jpg 1024w, https:\/\/lejonchet.fr\/wp-content\/uploads\/2025\/05\/Horizon02-768x165.jpg 768w, https:\/\/lejonchet.fr\/wp-content\/uploads\/2025\/05\/Horizon02-690x148.jpg 690w, https:\/\/lejonchet.fr\/wp-content\/uploads\/2025\/05\/Horizon02-980x211.jpg 980w\" sizes=\"auto, (max-width: 1200px) 100vw, 1200px\" \/><\/figure>\n\n\n\n<p><\/p>\n\n\n\n<p class=\"has-drop-cap\">En 2122, suite \u00e0 la mont\u00e9e des eaux, les hommes et les femmes vivent sur des gigantesques paquebots qui forment des nouveaux territoires. La France, devenue le M\u00e9ritoire est compos\u00e9e de douze paquebots : les paquebots correspondants aux anciennes r\u00e9gions fran\u00e7aises, le paquebot GAL\u00c8RE, prison du M\u00e9ritoire et le FRANCE\/CAPITALE o\u00f9 si\u00e8ge le gouvernement.<\/p>\n\n\n\n<p>Les derni\u00e8res parties terrestres non englouties, anciens sommets des montagnes himalayennes sont devenus des \u00eelots et la destination r\u00eav\u00e9e des humains en manque de terre. Les plus riches sont pr\u00eats \u00e0 d\u00e9penser des fortunes pour payer le voyage. Seulement, il faut des phares pour guider les bateaux d&rsquo;\u00e9vacuation, et \u00e0 l&rsquo;int\u00e9rieur de ces phares, il faut \u00e9galement des travailleurs. La compagnie maritime Terre Promise imagine alors un recrutement d&rsquo;un nouveau genre : en \u00e9change d&rsquo;une r\u00e9duction de peine, des detenu\u00b7e\u00b7s pourront travailler dans ces phares.<\/p>\n\n\n\n<p>C&rsquo;est ici que notre histoire commence, avec l&rsquo;arriv\u00e9e de Gabrielle, C\u00e9sar et Arthus dans le phare Cordouan IV.<\/p>\n\n\n\n<figure class=\"wp-block-gallery has-nested-images columns-3 wp-block-gallery-1 is-layout-flex wp-block-gallery-is-layout-flex\">\n<figure class=\"wp-block-image size-full\"><img loading=\"lazy\" decoding=\"async\" width=\"600\" height=\"400\" data-id=\"7871\" src=\"https:\/\/lejonchet.fr\/wp-content\/uploads\/2025\/05\/Horizon03.jpg\" alt=\"\" class=\"wp-image-7871\" srcset=\"https:\/\/lejonchet.fr\/wp-content\/uploads\/2025\/05\/Horizon03.jpg 600w, https:\/\/lejonchet.fr\/wp-content\/uploads\/2025\/05\/Horizon03-300x200.jpg 300w\" sizes=\"auto, (max-width: 600px) 100vw, 600px\" \/><\/figure>\n\n\n\n<figure class=\"wp-block-image size-medium\"><img loading=\"lazy\" decoding=\"async\" width=\"325\" height=\"217\" data-id=\"7874\" src=\"https:\/\/lejonchet.fr\/wp-content\/uploads\/2025\/05\/Horizon05-edited.jpg\" alt=\"\" class=\"wp-image-7874\" srcset=\"https:\/\/lejonchet.fr\/wp-content\/uploads\/2025\/05\/Horizon05-edited.jpg 325w, https:\/\/lejonchet.fr\/wp-content\/uploads\/2025\/05\/Horizon05-edited-300x200.jpg 300w\" sizes=\"auto, (max-width: 325px) 100vw, 325px\" \/><\/figure>\n\n\n\n<figure class=\"wp-block-image size-full\"><img loading=\"lazy\" decoding=\"async\" width=\"600\" height=\"400\" data-id=\"7872\" src=\"https:\/\/lejonchet.fr\/wp-content\/uploads\/2025\/05\/Horizon04.jpg\" alt=\"\" class=\"wp-image-7872\" srcset=\"https:\/\/lejonchet.fr\/wp-content\/uploads\/2025\/05\/Horizon04.jpg 600w, https:\/\/lejonchet.fr\/wp-content\/uploads\/2025\/05\/Horizon04-300x200.jpg 300w\" sizes=\"auto, (max-width: 600px) 100vw, 600px\" \/><\/figure>\n<\/figure>\n\n\n\n<div class=\"wp-block-buttons is-content-justification-right is-layout-flex wp-container-core-buttons-is-layout-765c4724 wp-block-buttons-is-layout-flex\">\n<div class=\"wp-block-button has-custom-width wp-block-button__width-25 is-style-outline is-style-outline--2\"><a class=\"wp-block-button__link has-white-color has-luminous-vivid-amber-background-color has-text-color has-background has-link-color has-small-font-size has-custom-font-size wp-element-button\" href=\"https:\/\/lejonchet.fr\/index.php\/events\/horizon\/\" style=\"border-radius:22px\"><strong>R\u00e9servation<\/strong>s<\/a><\/div>\n<\/div>\n\n\n\n<p><\/p>\n","protected":false},"excerpt":{"rendered":"<p>C\u00f4toyer l&rsquo;horizon RESERVATIONS :Vendredi 12 d\u00e9cembre 2025 \u00e0 20H30 Ecriture et mise en sc\u00e8ne&nbsp;Anthony TricardAvec&nbsp;M\u00e9lodie Florence, M\u00e9lissa Martinez, Alexandre Pache, Anthony TricardSons et lumi\u00e8res&nbsp;Ludovic Moulinard En 2122, suite \u00e0 la mont\u00e9e des eaux, les hommes et les femmes vivent sur des gigantesques paquebots qui forment des nouveaux territoires. La France, devenue le M\u00e9ritoire est compos\u00e9e [&hellip;]<\/p>\n","protected":false},"author":1,"featured_media":0,"parent":0,"menu_order":0,"comment_status":"closed","ping_status":"closed","template":"","meta":{"footnotes":""},"class_list":["post-7869","page","type-page","status-publish","hentry"],"_links":{"self":[{"href":"https:\/\/lejonchet.fr\/index.php\/wp-json\/wp\/v2\/pages\/7869","targetHints":{"allow":["GET"]}}],"collection":[{"href":"https:\/\/lejonchet.fr\/index.php\/wp-json\/wp\/v2\/pages"}],"about":[{"href":"https:\/\/lejonchet.fr\/index.php\/wp-json\/wp\/v2\/types\/page"}],"author":[{"embeddable":true,"href":"https:\/\/lejonchet.fr\/index.php\/wp-json\/wp\/v2\/users\/1"}],"replies":[{"embeddable":true,"href":"https:\/\/lejonchet.fr\/index.php\/wp-json\/wp\/v2\/comments?post=7869"}],"version-history":[{"count":3,"href":"https:\/\/lejonchet.fr\/index.php\/wp-json\/wp\/v2\/pages\/7869\/revisions"}],"predecessor-version":[{"id":7881,"href":"https:\/\/lejonchet.fr\/index.php\/wp-json\/wp\/v2\/pages\/7869\/revisions\/7881"}],"wp:attachment":[{"href":"https:\/\/lejonchet.fr\/index.php\/wp-json\/wp\/v2\/media?parent=7869"}],"curies":[{"name":"wp","href":"https:\/\/api.w.org\/{rel}","templated":true}]}}