{"id":781,"date":"2020-02-23T22:15:58","date_gmt":"2020-02-23T21:15:58","guid":{"rendered":"http:\/\/lejonchet.fr\/?page_id=781"},"modified":"2022-07-02T09:55:24","modified_gmt":"2022-07-02T07:55:24","slug":"sardines","status":"publish","type":"page","link":"https:\/\/lejonchet.fr\/index.php\/sardines\/","title":{"rendered":"Th\u00e9\u00e2tre"},"content":{"rendered":"\n<figure class=\"wp-block-table alignright\"><table class=\"has-background\" style=\"background-color:#e7f5fe\"><tbody><tr><td class=\"has-text-align-right\" data-align=\"right\">RESERVATIONS :<br> <strong><mark style=\"background-color:rgba(0, 0, 0, 0)\" class=\"has-inline-color has-vivid-cyan-blue-color\"><a href=\"https:\/\/lejonchet.fr\/index.php\/events\/lessardinesgrillees\/\">Vendredi 8 juillet 2022 \u00e0 20h30<\/a><\/mark><\/strong><\/td><\/tr><\/tbody><\/table><\/figure>\n\n\n\n<p class=\"has-vivid-red-color has-text-color\" style=\"font-size:40px\"><strong>\u00ab\u00a0Les sardines grill\u00e9es\u00a0\u00bb<\/strong><\/p>\n\n\n\n<p>de Jean-Claude DANAUD<\/p>\n\n\n\n<p class=\"has-vivid-red-color has-text-color has-medium-font-size\"><strong><em>par le Th\u00e9\u00e2tre Aliz\u00e9<\/em><\/strong><\/p>\n\n\n\n<figure class=\"wp-block-image size-large\"><img loading=\"lazy\" decoding=\"async\" width=\"1024\" height=\"442\" src=\"https:\/\/lejonchet.fr\/wp-content\/uploads\/2022\/05\/Im02-1024x442.jpg\" alt=\"\" class=\"wp-image-2452\" srcset=\"https:\/\/lejonchet.fr\/wp-content\/uploads\/2022\/05\/Im02-1024x442.jpg 1024w, https:\/\/lejonchet.fr\/wp-content\/uploads\/2022\/05\/Im02-300x129.jpg 300w, https:\/\/lejonchet.fr\/wp-content\/uploads\/2022\/05\/Im02-768x331.jpg 768w, https:\/\/lejonchet.fr\/wp-content\/uploads\/2022\/05\/Im02-1536x662.jpg 1536w, https:\/\/lejonchet.fr\/wp-content\/uploads\/2022\/05\/Im02-690x298.jpg 690w, https:\/\/lejonchet.fr\/wp-content\/uploads\/2022\/05\/Im02-980x423.jpg 980w, https:\/\/lejonchet.fr\/wp-content\/uploads\/2022\/05\/Im02.jpg 1600w\" sizes=\"auto, (max-width: 1024px) 100vw, 1024px\" \/><\/figure>\n\n\n\n<p class=\"has-drop-cap\">Victoire est l\u00e0, sur ce banc, ce m\u00eame banc depuis vingt ans. Clocharde un peu hargneuse elle squatte sans d\u00e9g\u00e2ts sous les fen\u00eatres des Chaudeloque en faisant inlassablement griller ses sardines.<br>Solange d\u00e9barque \u00e0 Bordeaux, seule au monde et na\u00efve, et vient sonner chez les Chaudeloque pour se pr\u00e9senter comme bonne, enfin, \u00ab aide familiale \u00bb, apr\u00e8s avoir quitt\u00e9 sa pr\u00e9c\u00e9dente place parce qu\u2019elle refusait de participer \u00e0 une partie de bridge pour le moins\u2026 curieuse.<br>Victoire se prend d\u2019affection pour Solange \u00e0 sa mani\u00e8re, et lui fait, en m\u00eame temps que son \u00e9ducation acc\u00e9l\u00e9r\u00e9e, un singulier portrait des Chaudeloque. Elle semble en savoir beaucoup sur cette famille en particulier\u2026<br>Solange est dr\u00f4le de simplicit\u00e9, Victoire, bourrue, apporte la juste dose d\u2019humour noir, et les Chaudeloque en prennent pour leur grade.<\/p>\n\n\n\n<p>D\u2019histoires intimes en faux mensonges, ces deux femmes d\u00e9veloppant un vice-versa diam\u00e9tralement oppos\u00e9, nous entra\u00eenent dans une histoire surprenante.<\/p>\n\n\n\n<figure class=\"wp-block-gallery aligncenter has-nested-images columns-3 wp-block-gallery-1 is-layout-flex wp-block-gallery-is-layout-flex\">\n<figure class=\"wp-block-image size-full\"><img loading=\"lazy\" decoding=\"async\" width=\"400\" height=\"400\" data-id=\"2453\" src=\"https:\/\/lejonchet.fr\/wp-content\/uploads\/2022\/05\/Im03.jpg\" alt=\"\" class=\"wp-image-2453\" srcset=\"https:\/\/lejonchet.fr\/wp-content\/uploads\/2022\/05\/Im03.jpg 400w, https:\/\/lejonchet.fr\/wp-content\/uploads\/2022\/05\/Im03-300x300.jpg 300w, https:\/\/lejonchet.fr\/wp-content\/uploads\/2022\/05\/Im03-150x150.jpg 150w\" sizes=\"auto, (max-width: 400px) 100vw, 400px\" \/><\/figure>\n\n\n\n<figure class=\"wp-block-image size-full\"><img loading=\"lazy\" decoding=\"async\" width=\"400\" height=\"400\" data-id=\"2456\" src=\"https:\/\/lejonchet.fr\/wp-content\/uploads\/2022\/05\/Im06.jpg\" alt=\"\" class=\"wp-image-2456\" srcset=\"https:\/\/lejonchet.fr\/wp-content\/uploads\/2022\/05\/Im06.jpg 400w, https:\/\/lejonchet.fr\/wp-content\/uploads\/2022\/05\/Im06-300x300.jpg 300w, https:\/\/lejonchet.fr\/wp-content\/uploads\/2022\/05\/Im06-150x150.jpg 150w\" sizes=\"auto, (max-width: 400px) 100vw, 400px\" \/><\/figure>\n\n\n\n<figure class=\"wp-block-image size-full\"><img loading=\"lazy\" decoding=\"async\" width=\"400\" height=\"400\" data-id=\"2454\" src=\"https:\/\/lejonchet.fr\/wp-content\/uploads\/2022\/05\/Im04.jpg\" alt=\"\" class=\"wp-image-2454\" srcset=\"https:\/\/lejonchet.fr\/wp-content\/uploads\/2022\/05\/Im04.jpg 400w, https:\/\/lejonchet.fr\/wp-content\/uploads\/2022\/05\/Im04-300x300.jpg 300w, https:\/\/lejonchet.fr\/wp-content\/uploads\/2022\/05\/Im04-150x150.jpg 150w\" sizes=\"auto, (max-width: 400px) 100vw, 400px\" \/><\/figure>\n<\/figure>\n\n\n\n<div class=\"wp-block-button alignright\"><a class=\"wp-block-button__link has-luminous-vivid-amber-background-color has-background\" href=\"https:\/\/lejonchet.fr\/index.php\/agenda\/\" style=\"border-radius:39px\">R\u00e9servation&#8230;<\/a><\/div>\n\n\n\n<p class=\"has-small-font-size\"><em>Spectacle tout public (\u00e0 partir de 12 ans)<\/em><\/p>\n\n\n\n<p class=\"has-small-font-size\"><strong>Avec :<br><\/strong>C\u00e9line BLANC, Dani\u00e8le FISCHER <strong><br>Mise en sc\u00e8ne :<br><\/strong>Francis BREL <br><strong>R\u00e9gie :<br><\/strong>Jonathan PAIN-CHAMMING\u2019S<\/p>\n\n\n\n<p class=\"has-small-font-size\"><strong>Dur\u00e9e :<\/strong>&nbsp;1h20<\/p>\n","protected":false},"excerpt":{"rendered":"<p>RESERVATIONS : Vendredi 8 juillet 2022 \u00e0 20h30 \u00ab\u00a0Les sardines grill\u00e9es\u00a0\u00bb de Jean-Claude DANAUD par le Th\u00e9\u00e2tre Aliz\u00e9 Victoire est l\u00e0, sur ce banc, ce m\u00eame banc depuis vingt ans. Clocharde un peu hargneuse elle squatte sans d\u00e9g\u00e2ts sous les fen\u00eatres des Chaudeloque en faisant inlassablement griller ses sardines.Solange d\u00e9barque \u00e0 Bordeaux, seule au monde [&hellip;]<\/p>\n","protected":false},"author":1,"featured_media":0,"parent":0,"menu_order":0,"comment_status":"closed","ping_status":"closed","template":"","meta":{"footnotes":""},"class_list":["post-781","page","type-page","status-publish","hentry"],"_links":{"self":[{"href":"https:\/\/lejonchet.fr\/index.php\/wp-json\/wp\/v2\/pages\/781","targetHints":{"allow":["GET"]}}],"collection":[{"href":"https:\/\/lejonchet.fr\/index.php\/wp-json\/wp\/v2\/pages"}],"about":[{"href":"https:\/\/lejonchet.fr\/index.php\/wp-json\/wp\/v2\/types\/page"}],"author":[{"embeddable":true,"href":"https:\/\/lejonchet.fr\/index.php\/wp-json\/wp\/v2\/users\/1"}],"replies":[{"embeddable":true,"href":"https:\/\/lejonchet.fr\/index.php\/wp-json\/wp\/v2\/comments?post=781"}],"version-history":[{"count":48,"href":"https:\/\/lejonchet.fr\/index.php\/wp-json\/wp\/v2\/pages\/781\/revisions"}],"predecessor-version":[{"id":2660,"href":"https:\/\/lejonchet.fr\/index.php\/wp-json\/wp\/v2\/pages\/781\/revisions\/2660"}],"wp:attachment":[{"href":"https:\/\/lejonchet.fr\/index.php\/wp-json\/wp\/v2\/media?parent=781"}],"curies":[{"name":"wp","href":"https:\/\/api.w.org\/{rel}","templated":true}]}}