{"id":7733,"date":"2025-05-09T18:25:22","date_gmt":"2025-05-09T16:25:22","guid":{"rendered":"https:\/\/lejonchet.fr\/?page_id=7733"},"modified":"2025-05-09T18:31:11","modified_gmt":"2025-05-09T16:31:11","slug":"chanson-francaise-11","status":"publish","type":"page","link":"https:\/\/lejonchet.fr\/index.php\/chanson-francaise-11\/","title":{"rendered":"Chanson fran\u00e7aise"},"content":{"rendered":"\n<figure class=\"wp-block-table alignright\"><table class=\"has-background\" style=\"background-color:#e7f5fe\"><tbody><tr><td class=\"has-text-align-right\" data-align=\"right\">RESERVATIONS :<br><a href=\"https:\/\/lejonchet.fr\/index.php\/events\/adonis\/\"><strong><mark style=\"background-color:rgba(0, 0, 0, 0)\" class=\"has-inline-color has-vivid-cyan-blue-color\">Vendredi 26 septembre 2025 \u00e0 20h30<\/mark><\/strong><\/a><\/td><\/tr><\/tbody><\/table><\/figure>\n\n\n\n<p class=\"has-vivid-red-color has-text-color\" style=\"font-size:40px\"><strong>Adonis en concert<\/strong><\/p>\n\n\n\n<p><em>chante son dernier album : <strong>\u00abLe Bar Occidental\u00bb<\/strong>.<\/em><\/p>\n\n\n\n<figure class=\"wp-block-image size-large\"><img loading=\"lazy\" decoding=\"async\" width=\"1024\" height=\"311\" src=\"https:\/\/lejonchet.fr\/wp-content\/uploads\/2025\/05\/Adonis02-1024x311.jpg\" alt=\"\" class=\"wp-image-7734\" srcset=\"https:\/\/lejonchet.fr\/wp-content\/uploads\/2025\/05\/Adonis02-1024x311.jpg 1024w, https:\/\/lejonchet.fr\/wp-content\/uploads\/2025\/05\/Adonis02-300x91.jpg 300w, https:\/\/lejonchet.fr\/wp-content\/uploads\/2025\/05\/Adonis02-768x234.jpg 768w, https:\/\/lejonchet.fr\/wp-content\/uploads\/2025\/05\/Adonis02-690x210.jpg 690w, https:\/\/lejonchet.fr\/wp-content\/uploads\/2025\/05\/Adonis02-980x298.jpg 980w, https:\/\/lejonchet.fr\/wp-content\/uploads\/2025\/05\/Adonis02.jpg 1440w\" sizes=\"auto, (max-width: 1024px) 100vw, 1024px\" \/><\/figure>\n\n\n\n<p class=\"has-small-font-size\"><\/p>\n\n\n\n<p class=\"has-drop-cap\">Adonis se produit sur sc\u00e8ne avec chaleur et sinc\u00e9rit\u00e9, pr\u00e9sentant un r\u00e9pertoire vari\u00e9 dans les rythmes et les couleurs. Ses textes entrem\u00ealent le B\u00e9nin, pays de son enfance bien pr\u00e9sent en lui, avec son pays d&rsquo;accueil, la France dans laquelle il entrevoit de grands r\u00eaves. Partage, douceur et joie s&rsquo;unissent dans ce trio complice qui vous donnera chaud au coeur, c&rsquo;est garanti !<\/p>\n\n\n\n<figure class=\"wp-block-gallery aligncenter has-nested-images columns-3 is-cropped wp-block-gallery-1 is-layout-flex wp-block-gallery-is-layout-flex\">\n<figure class=\"wp-block-image size-full\"><img loading=\"lazy\" decoding=\"async\" width=\"400\" height=\"400\" data-id=\"7735\" src=\"https:\/\/lejonchet.fr\/wp-content\/uploads\/2025\/05\/Adonis03.jpg\" alt=\"\" class=\"wp-image-7735\" srcset=\"https:\/\/lejonchet.fr\/wp-content\/uploads\/2025\/05\/Adonis03.jpg 400w, https:\/\/lejonchet.fr\/wp-content\/uploads\/2025\/05\/Adonis03-300x300.jpg 300w, https:\/\/lejonchet.fr\/wp-content\/uploads\/2025\/05\/Adonis03-150x150.jpg 150w\" sizes=\"auto, (max-width: 400px) 100vw, 400px\" \/><\/figure>\n\n\n\n<figure class=\"wp-block-image size-full\"><img loading=\"lazy\" decoding=\"async\" width=\"400\" height=\"400\" data-id=\"7736\" src=\"https:\/\/lejonchet.fr\/wp-content\/uploads\/2025\/05\/Adonis04.jpg\" alt=\"\" class=\"wp-image-7736\" srcset=\"https:\/\/lejonchet.fr\/wp-content\/uploads\/2025\/05\/Adonis04.jpg 400w, https:\/\/lejonchet.fr\/wp-content\/uploads\/2025\/05\/Adonis04-300x300.jpg 300w, https:\/\/lejonchet.fr\/wp-content\/uploads\/2025\/05\/Adonis04-150x150.jpg 150w\" sizes=\"auto, (max-width: 400px) 100vw, 400px\" \/><\/figure>\n\n\n\n<figure class=\"wp-block-image size-full\"><img loading=\"lazy\" decoding=\"async\" width=\"400\" height=\"400\" data-id=\"7737\" src=\"https:\/\/lejonchet.fr\/wp-content\/uploads\/2025\/05\/Adonis05.jpg\" alt=\"\" class=\"wp-image-7737\" srcset=\"https:\/\/lejonchet.fr\/wp-content\/uploads\/2025\/05\/Adonis05.jpg 400w, https:\/\/lejonchet.fr\/wp-content\/uploads\/2025\/05\/Adonis05-300x300.jpg 300w, https:\/\/lejonchet.fr\/wp-content\/uploads\/2025\/05\/Adonis05-150x150.jpg 150w\" sizes=\"auto, (max-width: 400px) 100vw, 400px\" \/><\/figure>\n<\/figure>\n\n\n\n<div class=\"wp-block-buttons is-content-justification-right is-layout-flex wp-container-core-buttons-is-layout-765c4724 wp-block-buttons-is-layout-flex\">\n<div class=\"wp-block-button alignright\"><a class=\"wp-block-button__link has-luminous-vivid-amber-background-color has-background has-text-align-left wp-element-button\" href=\"https:\/\/lejonchet.fr\/index.php\/events\/adonis\/\" style=\"border-radius:39px\">R\u00e9servation&#8230;<\/a><\/div>\n<\/div>\n\n\n\n<figure class=\"wp-block-embed is-type-video is-provider-youtube wp-block-embed-youtube wp-embed-aspect-16-9 wp-has-aspect-ratio\"><div class=\"wp-block-embed__wrapper\">\n<iframe loading=\"lazy\" title=\"Adonis - Les Papiers [Clip officiel]\" width=\"980\" height=\"551\" src=\"https:\/\/www.youtube.com\/embed\/RGX1NKSfL8E?feature=oembed\" frameborder=\"0\" allow=\"accelerometer; autoplay; clipboard-write; encrypted-media; gyroscope; picture-in-picture; web-share\" referrerpolicy=\"strict-origin-when-cross-origin\" allowfullscreen><\/iframe>\n<\/div><\/figure>\n","protected":false},"excerpt":{"rendered":"<p>RESERVATIONS :Vendredi 26 septembre 2025 \u00e0 20h30 Adonis en concert chante son dernier album : \u00abLe Bar Occidental\u00bb. Adonis se produit sur sc\u00e8ne avec chaleur et sinc\u00e9rit\u00e9, pr\u00e9sentant un r\u00e9pertoire vari\u00e9 dans les rythmes et les couleurs. Ses textes entrem\u00ealent le B\u00e9nin, pays de son enfance bien pr\u00e9sent en lui, avec son pays d&rsquo;accueil, la [&hellip;]<\/p>\n","protected":false},"author":1,"featured_media":0,"parent":0,"menu_order":0,"comment_status":"closed","ping_status":"closed","template":"","meta":{"footnotes":""},"class_list":["post-7733","page","type-page","status-publish","hentry"],"_links":{"self":[{"href":"https:\/\/lejonchet.fr\/index.php\/wp-json\/wp\/v2\/pages\/7733","targetHints":{"allow":["GET"]}}],"collection":[{"href":"https:\/\/lejonchet.fr\/index.php\/wp-json\/wp\/v2\/pages"}],"about":[{"href":"https:\/\/lejonchet.fr\/index.php\/wp-json\/wp\/v2\/types\/page"}],"author":[{"embeddable":true,"href":"https:\/\/lejonchet.fr\/index.php\/wp-json\/wp\/v2\/users\/1"}],"replies":[{"embeddable":true,"href":"https:\/\/lejonchet.fr\/index.php\/wp-json\/wp\/v2\/comments?post=7733"}],"version-history":[{"count":2,"href":"https:\/\/lejonchet.fr\/index.php\/wp-json\/wp\/v2\/pages\/7733\/revisions"}],"predecessor-version":[{"id":7742,"href":"https:\/\/lejonchet.fr\/index.php\/wp-json\/wp\/v2\/pages\/7733\/revisions\/7742"}],"wp:attachment":[{"href":"https:\/\/lejonchet.fr\/index.php\/wp-json\/wp\/v2\/media?parent=7733"}],"curies":[{"name":"wp","href":"https:\/\/api.w.org\/{rel}","templated":true}]}}

Chanson française

<figure class="wp-block-table alignright"><table class="has-background" style="background-color:#e7f5fe"><tbody><tr><td class="has-text-align-right" data-align="right">RESERVATIONS :<br><a href="https://lejonchet.fr/index.php/events/adonis/"><strong><mark style="background-color:rgba(0, 0, 0, 0)" class="has-inline-color has-vivid-cyan-blue-color">Vendredi 26 septembre 2025 à 20h30</mark></strong></a></td></tr></tbody></table></figure>



<p class="has-vivid-red-color has-text-color" style="font-size:40px"><strong>Adonis en concert</strong></p>



<p><em>chante son dernier album : <strong>«Le Bar Occidental»</strong>.</em></p>



<figure class="wp-block-image size-large"><img loading="lazy" decoding="async" width="1024" height="311" src="https://lejonchet.fr/wp-content/uploads/2025/05/Adonis02-1024x311.jpg" alt="" class="wp-image-7734" srcset="https://lejonchet.fr/wp-content/uploads/2025/05/Adonis02-1024x311.jpg 1024w, https://lejonchet.fr/wp-content/uploads/2025/05/Adonis02-300x91.jpg 300w, https://lejonchet.fr/wp-content/uploads/2025/05/Adonis02-768x234.jpg 768w, https://lejonchet.fr/wp-content/uploads/2025/05/Adonis02-690x210.jpg 690w, https://lejonchet.fr/wp-content/uploads/2025/05/Adonis02-980x298.jpg 980w, https://lejonchet.fr/wp-content/uploads/2025/05/Adonis02.jpg 1440w" sizes="auto, (max-width: 1024px) 100vw, 1024px" /></figure>



<p class="has-small-font-size"></p>



<p class="has-drop-cap">Adonis se produit sur scène avec chaleur et sincérité, présentant un répertoire varié dans les rythmes et les couleurs. Ses textes entremêlent le Bénin, pays de son enfance bien présent en lui, avec son pays d&rsquo;accueil, la France dans laquelle il entrevoit de grands rêves. Partage, douceur et joie s&rsquo;unissent dans ce trio complice qui vous donnera chaud au coeur, c&rsquo;est garanti !</p>



<figure class="wp-block-gallery aligncenter has-nested-images columns-3 is-cropped wp-block-gallery-1 is-layout-flex wp-block-gallery-is-layout-flex">
<figure class="wp-block-image size-full"><img loading="lazy" decoding="async" width="400" height="400" data-id="7735" src="https://lejonchet.fr/wp-content/uploads/2025/05/Adonis03.jpg" alt="" class="wp-image-7735" srcset="https://lejonchet.fr/wp-content/uploads/2025/05/Adonis03.jpg 400w, https://lejonchet.fr/wp-content/uploads/2025/05/Adonis03-300x300.jpg 300w, https://lejonchet.fr/wp-content/uploads/2025/05/Adonis03-150x150.jpg 150w" sizes="auto, (max-width: 400px) 100vw, 400px" /></figure>



<figure class="wp-block-image size-full"><img loading="lazy" decoding="async" width="400" height="400" data-id="7736" src="https://lejonchet.fr/wp-content/uploads/2025/05/Adonis04.jpg" alt="" class="wp-image-7736" srcset="https://lejonchet.fr/wp-content/uploads/2025/05/Adonis04.jpg 400w, https://lejonchet.fr/wp-content/uploads/2025/05/Adonis04-300x300.jpg 300w, https://lejonchet.fr/wp-content/uploads/2025/05/Adonis04-150x150.jpg 150w" sizes="auto, (max-width: 400px) 100vw, 400px" /></figure>



<figure class="wp-block-image size-full"><img loading="lazy" decoding="async" width="400" height="400" data-id="7737" src="https://lejonchet.fr/wp-content/uploads/2025/05/Adonis05.jpg" alt="" class="wp-image-7737" srcset="https://lejonchet.fr/wp-content/uploads/2025/05/Adonis05.jpg 400w, https://lejonchet.fr/wp-content/uploads/2025/05/Adonis05-300x300.jpg 300w, https://lejonchet.fr/wp-content/uploads/2025/05/Adonis05-150x150.jpg 150w" sizes="auto, (max-width: 400px) 100vw, 400px" /></figure>
</figure>



<div class="wp-block-buttons is-content-justification-right is-layout-flex wp-container-core-buttons-is-layout-765c4724 wp-block-buttons-is-layout-flex">
<div class="wp-block-button alignright"><a class="wp-block-button__link has-luminous-vivid-amber-background-color has-background has-text-align-left wp-element-button" href="https://lejonchet.fr/index.php/events/adonis/" style="border-radius:39px">Réservation&#8230;</a></div>
</div>



<figure class="wp-block-embed is-type-video is-provider-youtube wp-block-embed-youtube wp-embed-aspect-16-9 wp-has-aspect-ratio"><div class="wp-block-embed__wrapper">
<iframe loading="lazy" title="Adonis - Les Papiers [Clip officiel]" width="980" height="551" src="https://www.youtube.com/embed/RGX1NKSfL8E?feature=oembed" frameborder="0" allow="accelerometer; autoplay; clipboard-write; encrypted-media; gyroscope; picture-in-picture; web-share" referrerpolicy="strict-origin-when-cross-origin" allowfullscreen></iframe>
</div></figure>

<p>RESERVATIONS :Vendredi 26 septembre 2025 à 20h30 Adonis en concert chante son dernier album : «Le Bar Occidental». Adonis se produit sur scène avec chaleur et sincérité, présentant un répertoire varié dans les rythmes et les couleurs. Ses textes entremêlent le Bénin, pays de son enfance bien présent en lui, avec son pays d&rsquo;accueil, la [&hellip;]</p>
