{"id":7314,"date":"2024-12-26T20:23:23","date_gmt":"2024-12-26T19:23:23","guid":{"rendered":"https:\/\/lejonchet.fr\/?page_id=7314"},"modified":"2024-12-26T21:02:08","modified_gmt":"2024-12-26T20:02:08","slug":"musique-du-monde","status":"publish","type":"page","link":"https:\/\/lejonchet.fr\/index.php\/musique-du-monde\/","title":{"rendered":"Musique du monde"},"content":{"rendered":"\n<p class=\"has-vivid-red-color has-text-color has-large-font-size\"><strong><em>La harpe du Paraguay<\/em><\/strong><\/p>\n\n\n\n<figure class=\"wp-block-table alignright\"><table class=\"has-black-color has-text-color has-background\" style=\"background-color:#e7f5fe\"><tbody><tr><td class=\"has-text-align-right\" data-align=\"right\">RESERVATIONS :<br><strong><a href=\"https:\/\/lejonchet.fr\/index.php\/events\/laharpe\/\">Vendredi 21 f\u00e9vrier 2025 \u00e0 20H30<\/a><\/strong><\/td><\/tr><\/tbody><\/table><\/figure>\n\n\n\n<p class=\"has-black-color has-text-color has-medium-font-size\"><em>Par <\/em><strong><em>Daniel Fontich<\/em><\/strong><\/p>\n\n\n\n<p class=\"has-small-font-size\"><br><em>En compagnie de <strong>Philippe Gaury<\/strong> (guitare) et <strong>Jean-Marie Collet<\/strong> (basse)<\/em><\/p>\n\n\n\n<figure class=\"wp-block-image size-full\"><img loading=\"lazy\" decoding=\"async\" width=\"1047\" height=\"278\" src=\"https:\/\/lejonchet.fr\/wp-content\/uploads\/2024\/12\/Harpe02.jpg\" alt=\"\" class=\"wp-image-7315\" srcset=\"https:\/\/lejonchet.fr\/wp-content\/uploads\/2024\/12\/Harpe02.jpg 1047w, https:\/\/lejonchet.fr\/wp-content\/uploads\/2024\/12\/Harpe02-300x80.jpg 300w, https:\/\/lejonchet.fr\/wp-content\/uploads\/2024\/12\/Harpe02-1024x272.jpg 1024w, https:\/\/lejonchet.fr\/wp-content\/uploads\/2024\/12\/Harpe02-768x204.jpg 768w, https:\/\/lejonchet.fr\/wp-content\/uploads\/2024\/12\/Harpe02-690x183.jpg 690w, https:\/\/lejonchet.fr\/wp-content\/uploads\/2024\/12\/Harpe02-980x260.jpg 980w\" sizes=\"auto, (max-width: 1047px) 100vw, 1047px\" \/><\/figure>\n\n\n\n<p><\/p>\n\n\n\n<p class=\"has-drop-cap\">La harpe a \u00e9t\u00e9 introduite au Paraguay par les J\u00e9suites au d\u00e9but du 17e si\u00e8cle. Elle est devenue au fil du temps l&rsquo;instrument national de ce pays, comme l&rsquo;est la harpe celtique en Irlande. <br>Les luthiers guaranis en ont fait un instrument \u00e0 la sonorit\u00e9 brillante, unique en son genre. Elle est aussi jou\u00e9 en Argentine et au Chili. <br><br>Daniel Fontich a \u00e9t\u00e9 initi\u00e9 \u00e0 cet instrument par Ramon Romero (harpiste du groupe Les Guaranis) et par la suite partenaire de Francisco Acosta (harpiste du Trio Barboza) avec lequel il a jou\u00e9 en duo pendant quelques ann\u00e9es. <br><br>Daniel vous fera d\u00e9couvrir cette harpe, trop souvent appel\u00e9e, \u00e0 tort, harpe indienne, indispensable aux musiciens du Paraguay, et plus largement \u00e0 ceux de l&rsquo;Am\u00e9rique Latine. <br>Il est accompagn\u00e9 \u00e0 la guitare par Philippe Gaury et \u00e0 la basse par Jean-Marie Collet, trio traditionnel de la musique paraguayenne.<\/p>\n\n\n\n<p class=\"has-small-font-size\"><\/p>\n\n\n\n<figure class=\"wp-block-gallery has-nested-images columns-4 is-cropped wp-block-gallery-1 is-layout-flex wp-block-gallery-is-layout-flex\">\n<figure class=\"wp-block-image size-full\"><img loading=\"lazy\" decoding=\"async\" width=\"340\" height=\"340\" data-id=\"7320\" src=\"https:\/\/lejonchet.fr\/wp-content\/uploads\/2024\/12\/Harpe04.jpg\" alt=\"\" class=\"wp-image-7320\" srcset=\"https:\/\/lejonchet.fr\/wp-content\/uploads\/2024\/12\/Harpe04.jpg 340w, https:\/\/lejonchet.fr\/wp-content\/uploads\/2024\/12\/Harpe04-300x300.jpg 300w, https:\/\/lejonchet.fr\/wp-content\/uploads\/2024\/12\/Harpe04-150x150.jpg 150w\" sizes=\"auto, (max-width: 340px) 100vw, 340px\" \/><\/figure>\n\n\n\n<figure class=\"wp-block-image size-full\"><img loading=\"lazy\" decoding=\"async\" width=\"375\" height=\"375\" data-id=\"7319\" src=\"https:\/\/lejonchet.fr\/wp-content\/uploads\/2024\/12\/Harpe03.jpg\" alt=\"\" class=\"wp-image-7319\" srcset=\"https:\/\/lejonchet.fr\/wp-content\/uploads\/2024\/12\/Harpe03.jpg 375w, https:\/\/lejonchet.fr\/wp-content\/uploads\/2024\/12\/Harpe03-300x300.jpg 300w, https:\/\/lejonchet.fr\/wp-content\/uploads\/2024\/12\/Harpe03-150x150.jpg 150w\" sizes=\"auto, (max-width: 375px) 100vw, 375px\" \/><\/figure>\n\n\n\n<figure class=\"wp-block-image size-full\"><img loading=\"lazy\" decoding=\"async\" width=\"494\" height=\"494\" data-id=\"7321\" src=\"https:\/\/lejonchet.fr\/wp-content\/uploads\/2024\/12\/Harpe05.jpg\" alt=\"\" class=\"wp-image-7321\" srcset=\"https:\/\/lejonchet.fr\/wp-content\/uploads\/2024\/12\/Harpe05.jpg 494w, https:\/\/lejonchet.fr\/wp-content\/uploads\/2024\/12\/Harpe05-300x300.jpg 300w, https:\/\/lejonchet.fr\/wp-content\/uploads\/2024\/12\/Harpe05-150x150.jpg 150w\" sizes=\"auto, (max-width: 494px) 100vw, 494px\" \/><\/figure>\n<\/figure>\n\n\n\n<div class=\"wp-block-buttons is-content-justification-right is-layout-flex wp-container-core-buttons-is-layout-765c4724 wp-block-buttons-is-layout-flex\">\n<div class=\"wp-block-button has-custom-width wp-block-button__width-25 has-custom-font-size has-small-font-size\"><a class=\"wp-block-button__link has-white-color has-luminous-vivid-amber-background-color has-text-color has-background has-link-color wp-element-button\" href=\"https:\/\/lejonchet.fr\/index.php\/events\/laharpe\/\" style=\"border-radius:100px\"><strong>R\u00e9servation..<\/strong>.<\/a><\/div>\n<\/div>\n\n\n\n<p><\/p>\n","protected":false},"excerpt":{"rendered":"<p>La harpe du Paraguay RESERVATIONS :Vendredi 21 f\u00e9vrier 2025 \u00e0 20H30 Par Daniel Fontich En compagnie de Philippe Gaury (guitare) et Jean-Marie Collet (basse) La harpe a \u00e9t\u00e9 introduite au Paraguay par les J\u00e9suites au d\u00e9but du 17e si\u00e8cle. Elle est devenue au fil du temps l&rsquo;instrument national de ce pays, comme l&rsquo;est la harpe [&hellip;]<\/p>\n","protected":false},"author":1,"featured_media":0,"parent":0,"menu_order":0,"comment_status":"closed","ping_status":"closed","template":"","meta":{"footnotes":""},"class_list":["post-7314","page","type-page","status-publish","hentry"],"_links":{"self":[{"href":"https:\/\/lejonchet.fr\/index.php\/wp-json\/wp\/v2\/pages\/7314","targetHints":{"allow":["GET"]}}],"collection":[{"href":"https:\/\/lejonchet.fr\/index.php\/wp-json\/wp\/v2\/pages"}],"about":[{"href":"https:\/\/lejonchet.fr\/index.php\/wp-json\/wp\/v2\/types\/page"}],"author":[{"embeddable":true,"href":"https:\/\/lejonchet.fr\/index.php\/wp-json\/wp\/v2\/users\/1"}],"replies":[{"embeddable":true,"href":"https:\/\/lejonchet.fr\/index.php\/wp-json\/wp\/v2\/comments?post=7314"}],"version-history":[{"count":12,"href":"https:\/\/lejonchet.fr\/index.php\/wp-json\/wp\/v2\/pages\/7314\/revisions"}],"predecessor-version":[{"id":7338,"href":"https:\/\/lejonchet.fr\/index.php\/wp-json\/wp\/v2\/pages\/7314\/revisions\/7338"}],"wp:attachment":[{"href":"https:\/\/lejonchet.fr\/index.php\/wp-json\/wp\/v2\/media?parent=7314"}],"curies":[{"name":"wp","href":"https:\/\/api.w.org\/{rel}","templated":true}]}}

<p class="has-vivid-red-color has-text-color has-large-font-size"><strong><em>La harpe du Paraguay</em></strong></p>



<figure class="wp-block-table alignright"><table class="has-black-color has-text-color has-background" style="background-color:#e7f5fe"><tbody><tr><td class="has-text-align-right" data-align="right">RESERVATIONS :<br><strong><a href="https://lejonchet.fr/index.php/events/laharpe/">Vendredi 21 février 2025 à 20H30</a></strong></td></tr></tbody></table></figure>



<p class="has-black-color has-text-color has-medium-font-size"><em>Par </em><strong><em>Daniel Fontich</em></strong></p>



<p class="has-small-font-size"><br><em>En compagnie de <strong>Philippe Gaury</strong> (guitare) et <strong>Jean-Marie Collet</strong> (basse)</em></p>



<figure class="wp-block-image size-full"><img loading="lazy" decoding="async" width="1047" height="278" src="https://lejonchet.fr/wp-content/uploads/2024/12/Harpe02.jpg" alt="" class="wp-image-7315" srcset="https://lejonchet.fr/wp-content/uploads/2024/12/Harpe02.jpg 1047w, https://lejonchet.fr/wp-content/uploads/2024/12/Harpe02-300x80.jpg 300w, https://lejonchet.fr/wp-content/uploads/2024/12/Harpe02-1024x272.jpg 1024w, https://lejonchet.fr/wp-content/uploads/2024/12/Harpe02-768x204.jpg 768w, https://lejonchet.fr/wp-content/uploads/2024/12/Harpe02-690x183.jpg 690w, https://lejonchet.fr/wp-content/uploads/2024/12/Harpe02-980x260.jpg 980w" sizes="auto, (max-width: 1047px) 100vw, 1047px" /></figure>



<p></p>



<p class="has-drop-cap">La harpe a été introduite au Paraguay par les Jésuites au début du 17e siècle. Elle est devenue au fil du temps l&rsquo;instrument national de ce pays, comme l&rsquo;est la harpe celtique en Irlande. <br>Les luthiers guaranis en ont fait un instrument à la sonorité brillante, unique en son genre. Elle est aussi joué en Argentine et au Chili. <br><br>Daniel Fontich a été initié à cet instrument par Ramon Romero (harpiste du groupe Les Guaranis) et par la suite partenaire de Francisco Acosta (harpiste du Trio Barboza) avec lequel il a joué en duo pendant quelques années. <br><br>Daniel vous fera découvrir cette harpe, trop souvent appelée, à tort, harpe indienne, indispensable aux musiciens du Paraguay, et plus largement à ceux de l&rsquo;Amérique Latine. <br>Il est accompagné à la guitare par Philippe Gaury et à la basse par Jean-Marie Collet, trio traditionnel de la musique paraguayenne.</p>



<p class="has-small-font-size"></p>



<figure class="wp-block-gallery has-nested-images columns-4 is-cropped wp-block-gallery-1 is-layout-flex wp-block-gallery-is-layout-flex">
<figure class="wp-block-image size-full"><img loading="lazy" decoding="async" width="340" height="340" data-id="7320" src="https://lejonchet.fr/wp-content/uploads/2024/12/Harpe04.jpg" alt="" class="wp-image-7320" srcset="https://lejonchet.fr/wp-content/uploads/2024/12/Harpe04.jpg 340w, https://lejonchet.fr/wp-content/uploads/2024/12/Harpe04-300x300.jpg 300w, https://lejonchet.fr/wp-content/uploads/2024/12/Harpe04-150x150.jpg 150w" sizes="auto, (max-width: 340px) 100vw, 340px" /></figure>



<figure class="wp-block-image size-full"><img loading="lazy" decoding="async" width="375" height="375" data-id="7319" src="https://lejonchet.fr/wp-content/uploads/2024/12/Harpe03.jpg" alt="" class="wp-image-7319" srcset="https://lejonchet.fr/wp-content/uploads/2024/12/Harpe03.jpg 375w, https://lejonchet.fr/wp-content/uploads/2024/12/Harpe03-300x300.jpg 300w, https://lejonchet.fr/wp-content/uploads/2024/12/Harpe03-150x150.jpg 150w" sizes="auto, (max-width: 375px) 100vw, 375px" /></figure>



<figure class="wp-block-image size-full"><img loading="lazy" decoding="async" width="494" height="494" data-id="7321" src="https://lejonchet.fr/wp-content/uploads/2024/12/Harpe05.jpg" alt="" class="wp-image-7321" srcset="https://lejonchet.fr/wp-content/uploads/2024/12/Harpe05.jpg 494w, https://lejonchet.fr/wp-content/uploads/2024/12/Harpe05-300x300.jpg 300w, https://lejonchet.fr/wp-content/uploads/2024/12/Harpe05-150x150.jpg 150w" sizes="auto, (max-width: 494px) 100vw, 494px" /></figure>
</figure>



<div class="wp-block-buttons is-content-justification-right is-layout-flex wp-container-core-buttons-is-layout-765c4724 wp-block-buttons-is-layout-flex">
<div class="wp-block-button has-custom-width wp-block-button__width-25 has-custom-font-size has-small-font-size"><a class="wp-block-button__link has-white-color has-luminous-vivid-amber-background-color has-text-color has-background has-link-color wp-element-button" href="https://lejonchet.fr/index.php/events/laharpe/" style="border-radius:100px"><strong>Réservation..</strong>.</a></div>
</div>



<p></p>

<p>La harpe du Paraguay RESERVATIONS :Vendredi 21 février 2025 à 20H30 Par Daniel Fontich En compagnie de Philippe Gaury (guitare) et Jean-Marie Collet (basse) La harpe a été introduite au Paraguay par les Jésuites au début du 17e siècle. Elle est devenue au fil du temps l&rsquo;instrument national de ce pays, comme l&rsquo;est la harpe [&hellip;]</p>
