{"id":7058,"date":"2024-11-20T14:36:11","date_gmt":"2024-11-20T13:36:11","guid":{"rendered":"https:\/\/lejonchet.fr\/?page_id=7058"},"modified":"2024-11-20T14:51:52","modified_gmt":"2024-11-20T13:51:52","slug":"theatre-magie","status":"publish","type":"page","link":"https:\/\/lejonchet.fr\/index.php\/theatre-magie\/","title":{"rendered":"Th\u00e9\u00e2tre &amp; Magie"},"content":{"rendered":"\n<p class=\"has-vivid-red-color has-text-color\" style=\"font-size:40px\"><strong><em>G\u00e9rard Naque, le presqu&rsquo;idigitateur<\/em><\/strong><\/p>\n\n\n\n<p class=\"has-black-color has-text-color\"><strong><em><strong>D&rsquo;illusions d\u00e9risoires en d\u00e9risions illusoires,&nbsp;G\u00e9rard Naque vous promet la grande illusion&#8230; ou presque<\/strong><\/em><\/strong> !<\/p>\n\n\n\n<figure class=\"wp-block-table alignright\"><table class=\"has-background\" style=\"background-color:#e7f5fe\"><tbody><tr><td class=\"has-text-align-right\" data-align=\"right\">RESERVATIONS :<br><a href=\"https:\/\/lejonchet.fr\/index.php\/events\/gerardnaque\/\"><strong>Vendredi 17 janvier 2025 \u00e0 20H30<\/strong><\/a><\/td><\/tr><\/tbody><\/table><\/figure>\n\n\n\n<p><em>par <strong>La Cie Seuls Les Poissons <\/strong><br>avec <\/em><strong><em>Thierry Forgue<\/em><\/strong><\/p>\n\n\n\n<figure class=\"wp-block-image size-large\"><img loading=\"lazy\" decoding=\"async\" width=\"1024\" height=\"317\" src=\"https:\/\/lejonchet.fr\/wp-content\/uploads\/2024\/11\/Im02-9-1024x317.jpg\" alt=\"\" class=\"wp-image-7059\" srcset=\"https:\/\/lejonchet.fr\/wp-content\/uploads\/2024\/11\/Im02-9-1024x317.jpg 1024w, https:\/\/lejonchet.fr\/wp-content\/uploads\/2024\/11\/Im02-9-300x93.jpg 300w, https:\/\/lejonchet.fr\/wp-content\/uploads\/2024\/11\/Im02-9-768x238.jpg 768w, https:\/\/lejonchet.fr\/wp-content\/uploads\/2024\/11\/Im02-9-690x214.jpg 690w, https:\/\/lejonchet.fr\/wp-content\/uploads\/2024\/11\/Im02-9-980x304.jpg 980w, https:\/\/lejonchet.fr\/wp-content\/uploads\/2024\/11\/Im02-9.jpg 1200w\" sizes=\"auto, (max-width: 1024px) 100vw, 1024px\" \/><\/figure>\n\n\n\n<p class=\"has-small-font-size\"><\/p>\n\n\n\n<p class=\"has-drop-cap\">Avec un discours d\u00e9cal\u00e9 de la traditionnelle posture du magicien et une mise en sc\u00e8ne participative sous forme de conf\u00e9rence politico-louffoque, ce personnage \u00ab\u00a0sympath\u00e9tique\u00a0\u00bb utilise la magie pour questionner la notion d&rsquo;illusion au quotidien. &nbsp;<a href=\"https:\/\/www.caboulot.biz\/gerardnaque\/lepresquidigitateur\/\"><\/a><a href=\"https:\/\/www.caboulot.biz\/gerardnaque\/telechargements\/\"><\/a><\/p>\n\n\n\n<p>Car G\u00e9rard est avant tout magicien, voire mentaliste,&nbsp;mais se revendique \u00ab\u00a0petit fils spirituel de l&rsquo;illustre Charles Attend\u00a0\u00bb &#8230;<strong><\/strong><\/p>\n\n\n\n<p>Un spectacle pour la rue ou la sc\u00e8ne, \u00e0 l&rsquo;humour&nbsp;caustique et satirique,&nbsp;proposant une certaine vision de notre soci\u00e9t\u00e9.<\/p>\n\n\n\n<p><strong>Une mise en garde spectaculairement ludique pour petits visionnaires et grands aveugles.<\/strong><\/p>\n\n\n\n<figure class=\"wp-block-gallery aligncenter has-nested-images columns-4 is-cropped wp-block-gallery-1 is-layout-flex wp-block-gallery-is-layout-flex\">\n<figure class=\"wp-block-image size-full\"><img loading=\"lazy\" decoding=\"async\" width=\"309\" height=\"400\" data-id=\"7060\" src=\"https:\/\/lejonchet.fr\/wp-content\/uploads\/2024\/11\/Im03-7.jpg\" alt=\"\" class=\"wp-image-7060\" srcset=\"https:\/\/lejonchet.fr\/wp-content\/uploads\/2024\/11\/Im03-7.jpg 309w, https:\/\/lejonchet.fr\/wp-content\/uploads\/2024\/11\/Im03-7-232x300.jpg 232w\" sizes=\"auto, (max-width: 309px) 100vw, 309px\" \/><\/figure>\n\n\n\n<figure class=\"wp-block-image size-full\"><img loading=\"lazy\" decoding=\"async\" width=\"267\" height=\"400\" data-id=\"7062\" src=\"https:\/\/lejonchet.fr\/wp-content\/uploads\/2024\/11\/Im05-8.jpg\" alt=\"\" class=\"wp-image-7062\" srcset=\"https:\/\/lejonchet.fr\/wp-content\/uploads\/2024\/11\/Im05-8.jpg 267w, https:\/\/lejonchet.fr\/wp-content\/uploads\/2024\/11\/Im05-8-200x300.jpg 200w\" sizes=\"auto, (max-width: 267px) 100vw, 267px\" \/><\/figure>\n\n\n\n<figure class=\"wp-block-image size-full\"><img loading=\"lazy\" decoding=\"async\" width=\"284\" height=\"400\" data-id=\"7061\" src=\"https:\/\/lejonchet.fr\/wp-content\/uploads\/2024\/11\/Im04-8.jpg\" alt=\"\" class=\"wp-image-7061\" srcset=\"https:\/\/lejonchet.fr\/wp-content\/uploads\/2024\/11\/Im04-8.jpg 284w, https:\/\/lejonchet.fr\/wp-content\/uploads\/2024\/11\/Im04-8-213x300.jpg 213w\" sizes=\"auto, (max-width: 284px) 100vw, 284px\" \/><\/figure>\n\n\n\n<figure class=\"wp-block-image size-large\"><img loading=\"lazy\" decoding=\"async\" width=\"267\" height=\"400\" data-id=\"7063\" src=\"https:\/\/lejonchet.fr\/wp-content\/uploads\/2024\/11\/Im06-6.jpg\" alt=\"\" class=\"wp-image-7063\" srcset=\"https:\/\/lejonchet.fr\/wp-content\/uploads\/2024\/11\/Im06-6.jpg 267w, https:\/\/lejonchet.fr\/wp-content\/uploads\/2024\/11\/Im06-6-200x300.jpg 200w\" sizes=\"auto, (max-width: 267px) 100vw, 267px\" \/><\/figure>\n<\/figure>\n\n\n\n<p class=\"has-small-font-size\"><strong>Spectacle plut\u00f4t pour adultes<\/strong> (pouvant venir accompagn\u00e9s de leurs enfants &#8230; et non l&rsquo;inverse !)<\/p>\n\n\n\n<div class=\"wp-block-buttons is-content-justification-right is-layout-flex wp-container-core-buttons-is-layout-765c4724 wp-block-buttons-is-layout-flex\">\n<div class=\"wp-block-button alignright\"><a class=\"wp-block-button__link has-luminous-vivid-amber-background-color has-background has-text-align-left wp-element-button\" href=\"https:\/\/lejonchet.fr\/index.php\/events\/gerardnaque\/\" style=\"border-radius:39px\">R\u00e9servation&#8230;<\/a><\/div>\n<\/div>\n\n\n\n<figure class=\"wp-block-embed is-type-video is-provider-youtube wp-block-embed-youtube wp-embed-aspect-16-9 wp-has-aspect-ratio\"><div class=\"wp-block-embed__wrapper\">\n<iframe loading=\"lazy\" title=\"G\u00e9rard Naque Interview\/Teaser\" width=\"980\" height=\"551\" src=\"https:\/\/www.youtube.com\/embed\/rwebo3CgHI4?feature=oembed\" frameborder=\"0\" allow=\"accelerometer; autoplay; clipboard-write; encrypted-media; gyroscope; picture-in-picture; web-share\" referrerpolicy=\"strict-origin-when-cross-origin\" allowfullscreen><\/iframe>\n<\/div><\/figure>\n","protected":false},"excerpt":{"rendered":"<p>G\u00e9rard Naque, le presqu&rsquo;idigitateur D&rsquo;illusions d\u00e9risoires en d\u00e9risions illusoires,&nbsp;G\u00e9rard Naque vous promet la grande illusion&#8230; ou presque ! RESERVATIONS :Vendredi 17 janvier 2025 \u00e0 20H30 par La Cie Seuls Les Poissons avec Thierry Forgue Avec un discours d\u00e9cal\u00e9 de la traditionnelle posture du magicien et une mise en sc\u00e8ne participative sous forme de conf\u00e9rence politico-louffoque, [&hellip;]<\/p>\n","protected":false},"author":1,"featured_media":0,"parent":0,"menu_order":0,"comment_status":"closed","ping_status":"closed","template":"","meta":{"footnotes":""},"class_list":["post-7058","page","type-page","status-publish","hentry"],"_links":{"self":[{"href":"https:\/\/lejonchet.fr\/index.php\/wp-json\/wp\/v2\/pages\/7058","targetHints":{"allow":["GET"]}}],"collection":[{"href":"https:\/\/lejonchet.fr\/index.php\/wp-json\/wp\/v2\/pages"}],"about":[{"href":"https:\/\/lejonchet.fr\/index.php\/wp-json\/wp\/v2\/types\/page"}],"author":[{"embeddable":true,"href":"https:\/\/lejonchet.fr\/index.php\/wp-json\/wp\/v2\/users\/1"}],"replies":[{"embeddable":true,"href":"https:\/\/lejonchet.fr\/index.php\/wp-json\/wp\/v2\/comments?post=7058"}],"version-history":[{"count":2,"href":"https:\/\/lejonchet.fr\/index.php\/wp-json\/wp\/v2\/pages\/7058\/revisions"}],"predecessor-version":[{"id":7070,"href":"https:\/\/lejonchet.fr\/index.php\/wp-json\/wp\/v2\/pages\/7058\/revisions\/7070"}],"wp:attachment":[{"href":"https:\/\/lejonchet.fr\/index.php\/wp-json\/wp\/v2\/media?parent=7058"}],"curies":[{"name":"wp","href":"https:\/\/api.w.org\/{rel}","templated":true}]}}