{"id":6922,"date":"2024-11-06T19:14:24","date_gmt":"2024-11-06T18:14:24","guid":{"rendered":"https:\/\/lejonchet.fr\/?page_id=6922"},"modified":"2024-11-06T19:38:39","modified_gmt":"2024-11-06T18:38:39","slug":"theatre-44","status":"publish","type":"page","link":"https:\/\/lejonchet.fr\/index.php\/theatre-44\/","title":{"rendered":"Th\u00e9\u00e2tre"},"content":{"rendered":"\n<p class=\"has-vivid-red-color has-text-color\" style=\"font-size:40px\"><strong><em>La Malle<\/em><\/strong><\/p>\n\n\n\n<figure class=\"wp-block-table alignright\"><table class=\"has-background\" style=\"background-color:#e7f5fe\"><tbody><tr><td class=\"has-text-align-right\" data-align=\"right\">RESERVATIONS :<br><strong><a href=\"https:\/\/lejonchet.fr\/index.php\/events\/lamalle\/\">Vendredi 14 f\u00e9vrier 2025 \u00e0 20h30<\/a><\/strong><\/td><\/tr><\/tbody><\/table><\/figure>\n\n\n\n<p><em>De <strong>Sonia Boissard <\/strong><br>Par <strong>La Cie Haut en Couleurs<\/strong> <br>Avec <strong>Elsa Trocm\u00e9, Aymeric Castaing, Christel Guichard <\/strong><br>Mise en sc\u00e8ne <strong>Emma Van de Maele<\/strong><\/em><\/p>\n\n\n\n<figure class=\"wp-block-image size-large\"><img loading=\"lazy\" decoding=\"async\" width=\"1024\" height=\"256\" src=\"https:\/\/lejonchet.fr\/wp-content\/uploads\/2024\/11\/Im02-5-1024x256.jpg\" alt=\"\" class=\"wp-image-6923\" srcset=\"https:\/\/lejonchet.fr\/wp-content\/uploads\/2024\/11\/Im02-5-1024x256.jpg 1024w, https:\/\/lejonchet.fr\/wp-content\/uploads\/2024\/11\/Im02-5-300x75.jpg 300w, https:\/\/lejonchet.fr\/wp-content\/uploads\/2024\/11\/Im02-5-768x192.jpg 768w, https:\/\/lejonchet.fr\/wp-content\/uploads\/2024\/11\/Im02-5-1536x384.jpg 1536w, https:\/\/lejonchet.fr\/wp-content\/uploads\/2024\/11\/Im02-5-690x173.jpg 690w, https:\/\/lejonchet.fr\/wp-content\/uploads\/2024\/11\/Im02-5-980x245.jpg 980w, https:\/\/lejonchet.fr\/wp-content\/uploads\/2024\/11\/Im02-5.jpg 1600w\" sizes=\"auto, (max-width: 1024px) 100vw, 1024px\" \/><\/figure>\n\n\n\n<p><\/p>\n\n\n\n<p class=\"has-drop-cap\">Cette pi\u00e8ce met en sc\u00e8ne une histoire d&rsquo;amour et d&rsquo;humour tendre entre une fille et un p\u00e8re atteint de la maladie d&rsquo;Alzheimer. Ils vont traverser ensemble cette \u00e9preuve, l\u2019un avec l\u2019autre, l\u2019un pour l\u2019autre, au travers de ce qui les lie depuis toujours : le cin\u00e9ma.<br>Le p\u00e8re, ancien cin\u00e9aste, va affronter ce terrible chemin vers la d\u00e9mence en revivant ce qui a inspir\u00e9 toute sa vie d\u2019artiste : grands films classiques, dessins anim\u00e9s, films de guerre\u2026 Une fuite en arri\u00e8re ? Un refuge moins douloureux ?<br>Peut-\u00eatre une simple cons\u00e9quence de ses troubles \u2026 une tentative inconsciente et d\u00e9sesp\u00e9r\u00e9e de conserver la malle, SA malle, intacte et remplie. Ensemble, p\u00e8re et fille vont lier 6\u00e8me et 7\u00e8me<br>art pour retenir le pass\u00e9, ce souvenir qui ne sera bient\u00f4t que l\u2019\u00e9cho d\u2019une vie qui s\u2019est \u00e9vapor\u00e9e<\/p>\n\n\n\n<div class=\"wp-block-columns is-layout-flex wp-container-core-columns-is-layout-9d6595d7 wp-block-columns-is-layout-flex\">\n<div class=\"wp-block-column is-layout-flow wp-block-column-is-layout-flow\" style=\"flex-basis:100%\">\n<figure class=\"wp-block-gallery aligncenter has-nested-images columns-3 wp-block-gallery-1 is-layout-flex wp-block-gallery-is-layout-flex\">\n<figure class=\"wp-block-image size-full\"><img loading=\"lazy\" decoding=\"async\" width=\"667\" height=\"667\" data-id=\"6930\" src=\"https:\/\/lejonchet.fr\/wp-content\/uploads\/2024\/11\/Im03-3.jpg\" alt=\"\" class=\"wp-image-6930\" srcset=\"https:\/\/lejonchet.fr\/wp-content\/uploads\/2024\/11\/Im03-3.jpg 667w, https:\/\/lejonchet.fr\/wp-content\/uploads\/2024\/11\/Im03-3-300x300.jpg 300w, https:\/\/lejonchet.fr\/wp-content\/uploads\/2024\/11\/Im03-3-150x150.jpg 150w\" sizes=\"auto, (max-width: 667px) 100vw, 667px\" \/><\/figure>\n\n\n\n<figure class=\"wp-block-image size-full\"><img loading=\"lazy\" decoding=\"async\" width=\"500\" height=\"500\" data-id=\"6931\" src=\"https:\/\/lejonchet.fr\/wp-content\/uploads\/2024\/11\/Im04-4.jpg\" alt=\"\" class=\"wp-image-6931\" srcset=\"https:\/\/lejonchet.fr\/wp-content\/uploads\/2024\/11\/Im04-4.jpg 500w, https:\/\/lejonchet.fr\/wp-content\/uploads\/2024\/11\/Im04-4-300x300.jpg 300w, https:\/\/lejonchet.fr\/wp-content\/uploads\/2024\/11\/Im04-4-150x150.jpg 150w\" sizes=\"auto, (max-width: 500px) 100vw, 500px\" \/><\/figure>\n\n\n\n<figure class=\"wp-block-image size-full\"><img loading=\"lazy\" decoding=\"async\" width=\"500\" height=\"500\" data-id=\"6932\" src=\"https:\/\/lejonchet.fr\/wp-content\/uploads\/2024\/11\/Im05-4.jpg\" alt=\"\" class=\"wp-image-6932\" srcset=\"https:\/\/lejonchet.fr\/wp-content\/uploads\/2024\/11\/Im05-4.jpg 500w, https:\/\/lejonchet.fr\/wp-content\/uploads\/2024\/11\/Im05-4-300x300.jpg 300w, https:\/\/lejonchet.fr\/wp-content\/uploads\/2024\/11\/Im05-4-150x150.jpg 150w\" sizes=\"auto, (max-width: 500px) 100vw, 500px\" \/><\/figure>\n<\/figure>\n\n\n\n<p class=\"has-small-font-size\"><em>Photos r\u00e9alis\u00e9es en r\u00e9sidence de travail. Photos du spectacle prochainement.<\/em><\/p>\n<\/div>\n<\/div>\n\n\n\n<div class=\"wp-block-buttons is-content-justification-right is-layout-flex wp-container-core-buttons-is-layout-765c4724 wp-block-buttons-is-layout-flex\">\n<div class=\"wp-block-button has-custom-width wp-block-button__width-25\"><a class=\"wp-block-button__link has-luminous-vivid-amber-background-color has-background wp-element-button\" href=\"https:\/\/lejonchet.fr\/index.php\/events\/lamalle\/\" style=\"border-radius:100px\">R\u00e9servation<\/a><\/div>\n<\/div>\n\n\n\n<p><\/p>\n","protected":false},"excerpt":{"rendered":"<p>La Malle RESERVATIONS :Vendredi 14 f\u00e9vrier 2025 \u00e0 20h30 De Sonia Boissard Par La Cie Haut en Couleurs Avec Elsa Trocm\u00e9, Aymeric Castaing, Christel Guichard Mise en sc\u00e8ne Emma Van de Maele Cette pi\u00e8ce met en sc\u00e8ne une histoire d&rsquo;amour et d&rsquo;humour tendre entre une fille et un p\u00e8re atteint de la maladie d&rsquo;Alzheimer. Ils [&hellip;]<\/p>\n","protected":false},"author":1,"featured_media":0,"parent":0,"menu_order":0,"comment_status":"closed","ping_status":"closed","template":"","meta":{"footnotes":""},"class_list":["post-6922","page","type-page","status-publish","hentry"],"_links":{"self":[{"href":"https:\/\/lejonchet.fr\/index.php\/wp-json\/wp\/v2\/pages\/6922","targetHints":{"allow":["GET"]}}],"collection":[{"href":"https:\/\/lejonchet.fr\/index.php\/wp-json\/wp\/v2\/pages"}],"about":[{"href":"https:\/\/lejonchet.fr\/index.php\/wp-json\/wp\/v2\/types\/page"}],"author":[{"embeddable":true,"href":"https:\/\/lejonchet.fr\/index.php\/wp-json\/wp\/v2\/users\/1"}],"replies":[{"embeddable":true,"href":"https:\/\/lejonchet.fr\/index.php\/wp-json\/wp\/v2\/comments?post=6922"}],"version-history":[{"count":6,"href":"https:\/\/lejonchet.fr\/index.php\/wp-json\/wp\/v2\/pages\/6922\/revisions"}],"predecessor-version":[{"id":6940,"href":"https:\/\/lejonchet.fr\/index.php\/wp-json\/wp\/v2\/pages\/6922\/revisions\/6940"}],"wp:attachment":[{"href":"https:\/\/lejonchet.fr\/index.php\/wp-json\/wp\/v2\/media?parent=6922"}],"curies":[{"name":"wp","href":"https:\/\/api.w.org\/{rel}","templated":true}]}}

Théâtre

<p class="has-vivid-red-color has-text-color" style="font-size:40px"><strong><em>La Malle</em></strong></p>



<figure class="wp-block-table alignright"><table class="has-background" style="background-color:#e7f5fe"><tbody><tr><td class="has-text-align-right" data-align="right">RESERVATIONS :<br><strong><a href="https://lejonchet.fr/index.php/events/lamalle/">Vendredi 14 février 2025 à 20h30</a></strong></td></tr></tbody></table></figure>



<p><em>De <strong>Sonia Boissard </strong><br>Par <strong>La Cie Haut en Couleurs</strong> <br>Avec <strong>Elsa Trocmé, Aymeric Castaing, Christel Guichard </strong><br>Mise en scène <strong>Emma Van de Maele</strong></em></p>



<figure class="wp-block-image size-large"><img loading="lazy" decoding="async" width="1024" height="256" src="https://lejonchet.fr/wp-content/uploads/2024/11/Im02-5-1024x256.jpg" alt="" class="wp-image-6923" srcset="https://lejonchet.fr/wp-content/uploads/2024/11/Im02-5-1024x256.jpg 1024w, https://lejonchet.fr/wp-content/uploads/2024/11/Im02-5-300x75.jpg 300w, https://lejonchet.fr/wp-content/uploads/2024/11/Im02-5-768x192.jpg 768w, https://lejonchet.fr/wp-content/uploads/2024/11/Im02-5-1536x384.jpg 1536w, https://lejonchet.fr/wp-content/uploads/2024/11/Im02-5-690x173.jpg 690w, https://lejonchet.fr/wp-content/uploads/2024/11/Im02-5-980x245.jpg 980w, https://lejonchet.fr/wp-content/uploads/2024/11/Im02-5.jpg 1600w" sizes="auto, (max-width: 1024px) 100vw, 1024px" /></figure>



<p></p>



<p class="has-drop-cap">Cette pièce met en scène une histoire d&rsquo;amour et d&rsquo;humour tendre entre une fille et un père atteint de la maladie d&rsquo;Alzheimer. Ils vont traverser ensemble cette épreuve, l’un avec l’autre, l’un pour l’autre, au travers de ce qui les lie depuis toujours : le cinéma.<br>Le père, ancien cinéaste, va affronter ce terrible chemin vers la démence en revivant ce qui a inspiré toute sa vie d’artiste : grands films classiques, dessins animés, films de guerre… Une fuite en arrière ? Un refuge moins douloureux ?<br>Peut-être une simple conséquence de ses troubles … une tentative inconsciente et désespérée de conserver la malle, SA malle, intacte et remplie. Ensemble, père et fille vont lier 6ème et 7ème<br>art pour retenir le passé, ce souvenir qui ne sera bientôt que l’écho d’une vie qui s’est évaporée</p>



<div class="wp-block-columns is-layout-flex wp-container-core-columns-is-layout-9d6595d7 wp-block-columns-is-layout-flex">
<div class="wp-block-column is-layout-flow wp-block-column-is-layout-flow" style="flex-basis:100%">
<figure class="wp-block-gallery aligncenter has-nested-images columns-3 wp-block-gallery-1 is-layout-flex wp-block-gallery-is-layout-flex">
<figure class="wp-block-image size-full"><img loading="lazy" decoding="async" width="667" height="667" data-id="6930" src="https://lejonchet.fr/wp-content/uploads/2024/11/Im03-3.jpg" alt="" class="wp-image-6930" srcset="https://lejonchet.fr/wp-content/uploads/2024/11/Im03-3.jpg 667w, https://lejonchet.fr/wp-content/uploads/2024/11/Im03-3-300x300.jpg 300w, https://lejonchet.fr/wp-content/uploads/2024/11/Im03-3-150x150.jpg 150w" sizes="auto, (max-width: 667px) 100vw, 667px" /></figure>



<figure class="wp-block-image size-full"><img loading="lazy" decoding="async" width="500" height="500" data-id="6931" src="https://lejonchet.fr/wp-content/uploads/2024/11/Im04-4.jpg" alt="" class="wp-image-6931" srcset="https://lejonchet.fr/wp-content/uploads/2024/11/Im04-4.jpg 500w, https://lejonchet.fr/wp-content/uploads/2024/11/Im04-4-300x300.jpg 300w, https://lejonchet.fr/wp-content/uploads/2024/11/Im04-4-150x150.jpg 150w" sizes="auto, (max-width: 500px) 100vw, 500px" /></figure>



<figure class="wp-block-image size-full"><img loading="lazy" decoding="async" width="500" height="500" data-id="6932" src="https://lejonchet.fr/wp-content/uploads/2024/11/Im05-4.jpg" alt="" class="wp-image-6932" srcset="https://lejonchet.fr/wp-content/uploads/2024/11/Im05-4.jpg 500w, https://lejonchet.fr/wp-content/uploads/2024/11/Im05-4-300x300.jpg 300w, https://lejonchet.fr/wp-content/uploads/2024/11/Im05-4-150x150.jpg 150w" sizes="auto, (max-width: 500px) 100vw, 500px" /></figure>
</figure>



<p class="has-small-font-size"><em>Photos réalisées en résidence de travail. Photos du spectacle prochainement.</em></p>
</div>
</div>



<div class="wp-block-buttons is-content-justification-right is-layout-flex wp-container-core-buttons-is-layout-765c4724 wp-block-buttons-is-layout-flex">
<div class="wp-block-button has-custom-width wp-block-button__width-25"><a class="wp-block-button__link has-luminous-vivid-amber-background-color has-background wp-element-button" href="https://lejonchet.fr/index.php/events/lamalle/" style="border-radius:100px">Réservation</a></div>
</div>



<p></p>

<p>La Malle RESERVATIONS :Vendredi 14 février 2025 à 20h30 De Sonia Boissard Par La Cie Haut en Couleurs Avec Elsa Trocmé, Aymeric Castaing, Christel Guichard Mise en scène Emma Van de Maele Cette pièce met en scène une histoire d&rsquo;amour et d&rsquo;humour tendre entre une fille et un père atteint de la maladie d&rsquo;Alzheimer. Ils [&hellip;]</p>
