{"id":6636,"date":"2024-10-31T21:42:25","date_gmt":"2024-10-31T20:42:25","guid":{"rendered":"https:\/\/lejonchet.fr\/?page_id=6636"},"modified":"2024-10-31T22:02:17","modified_gmt":"2024-10-31T21:02:17","slug":"theatre-39","status":"publish","type":"page","link":"https:\/\/lejonchet.fr\/index.php\/theatre-39\/","title":{"rendered":"Th\u00e9\u00e2tre"},"content":{"rendered":"\n<p class=\"has-vivid-red-color has-text-color\" style=\"font-size:40px\"><strong>Le mardi \u00e0 Monoprix<\/strong><\/p>\n\n\n\n<figure class=\"wp-block-table alignright\" style=\"font-size:16px\"><table class=\"has-background\" style=\"background-color:#e7f5fe\"><tbody><tr><td class=\"has-text-align-right\" data-align=\"right\">RESERVATIONS :<strong><mark style=\"background-color:rgba(0, 0, 0, 0)\" class=\"has-inline-color has-vivid-cyan-blue-color\"><br><a href=\"https:\/\/lejonchet.fr\/?post_type=event&amp;p=6646&amp;preview=true\">Samedi 22 f\u00e9vrier 2025 \u00e0 20h30<\/a><\/mark><\/strong><\/td><\/tr><\/tbody><\/table><\/figure>\n\n\n\n<p class=\"has-small-font-size\">De <strong><em>Emmanuel Darley<\/em><\/strong><br>Par <strong><em>La Cie Telle Quelle<\/em><\/strong> <br>Avec <strong><em>Patrice Gelineau<\/em><\/strong><br>Mise en sc\u00e8ne <strong><em>Nicole Salcedo<\/em><\/strong> et <strong><em>Jean-Claude Drouot<\/em><\/strong><\/p>\n\n\n\n<figure class=\"wp-block-image size-full\"><img loading=\"lazy\" decoding=\"async\" width=\"811\" height=\"167\" src=\"https:\/\/lejonchet.fr\/wp-content\/uploads\/2024\/10\/Maedi02.jpg\" alt=\"\" class=\"wp-image-6637\" srcset=\"https:\/\/lejonchet.fr\/wp-content\/uploads\/2024\/10\/Maedi02.jpg 811w, https:\/\/lejonchet.fr\/wp-content\/uploads\/2024\/10\/Maedi02-300x62.jpg 300w, https:\/\/lejonchet.fr\/wp-content\/uploads\/2024\/10\/Maedi02-768x158.jpg 768w, https:\/\/lejonchet.fr\/wp-content\/uploads\/2024\/10\/Maedi02-690x142.jpg 690w\" sizes=\"auto, (max-width: 811px) 100vw, 811px\" \/><\/figure>\n\n\n\n<p class=\"has-small-font-size\"><\/p>\n\n\n\n<p class=\"has-drop-cap\">Ce monologue intime et \u00e9mouvant est un cri intense contre l\u2019immobilisme, le conservatisme et les pr\u00e9jug\u00e9s de tous bords. Chaque mardi, depuis quelques temps, Marie-Pierre vient s\u2019occuper de son p\u00e8re veuf, dans le quartier o\u00f9 elle a grandi. Elle passe la journ\u00e9e avec lui, fait son m\u00e9nage et son repassage. Puis ils vont \u00e0 Monoprix faire les courses pour la semaine. On les conna\u00eet ici. Elle est belle, Marie- Pierre. Tous les yeux sont tourn\u00e9s vers elle quand elle fait les courses avec son p\u00e8re. C\u2019est qu\u2019avant d\u2019\u00eatre<br>Marie-Pierre, son nom \u00e9tait Jean-Pierre\u2026<br>Ce personnage universel victime de l\u2019intol\u00e9rance a imm\u00e9diatement touch\u00e9 la sensibilit\u00e9 de Patrice G\u00e9lineau. Le com\u00e9dien a souhait\u00e9 porter sur sc\u00e8ne les \u00e9motions de Marie-Pierre, et les interpr\u00e9ter de fa\u00e7on sobre et naturelle, pour d\u00e9fendre la cause f\u00e9minine plut\u00f4t que celle des transgenres, le droit \u00e0 la diff\u00e9rence tout simplement.<br>Sur le ton de la confidence collective, les metteurs en sc\u00e8ne Jean-Claude Drouot, puis Nicole Salcedo, l\u2019ont aid\u00e9 \u00e0 transmettre le destin bouleversant de Marie-Pierre : sa f\u00e9minit\u00e9, sa simplicit\u00e9, sa g\u00e9n\u00e9rosit\u00e9, son immense humanit\u00e9\u2026<\/p>\n\n\n\n<figure class=\"wp-block-gallery aligncenter has-nested-images columns-3 is-cropped wp-block-gallery-1 is-layout-flex wp-block-gallery-is-layout-flex\">\n<figure class=\"wp-block-image size-full\"><img loading=\"lazy\" decoding=\"async\" width=\"300\" height=\"451\" data-id=\"6638\" src=\"https:\/\/lejonchet.fr\/wp-content\/uploads\/2024\/10\/Maedi03.jpg\" alt=\"\" class=\"wp-image-6638\" srcset=\"https:\/\/lejonchet.fr\/wp-content\/uploads\/2024\/10\/Maedi03.jpg 300w, https:\/\/lejonchet.fr\/wp-content\/uploads\/2024\/10\/Maedi03-200x300.jpg 200w\" sizes=\"auto, (max-width: 300px) 100vw, 300px\" \/><\/figure>\n\n\n\n<figure class=\"wp-block-image size-full\"><img loading=\"lazy\" decoding=\"async\" width=\"338\" height=\"451\" data-id=\"6639\" src=\"https:\/\/lejonchet.fr\/wp-content\/uploads\/2024\/10\/Maedi04.jpg\" alt=\"\" class=\"wp-image-6639\" srcset=\"https:\/\/lejonchet.fr\/wp-content\/uploads\/2024\/10\/Maedi04.jpg 338w, https:\/\/lejonchet.fr\/wp-content\/uploads\/2024\/10\/Maedi04-225x300.jpg 225w\" sizes=\"auto, (max-width: 338px) 100vw, 338px\" \/><\/figure>\n<\/figure>\n\n\n\n<figure class=\"wp-block-embed is-type-video is-provider-youtube wp-block-embed-youtube wp-embed-aspect-16-9 wp-has-aspect-ratio\"><div class=\"wp-block-embed__wrapper\">\n<iframe loading=\"lazy\" title=\"TEASER Mardi \u00e0 Monoprix\" width=\"980\" height=\"551\" src=\"https:\/\/www.youtube.com\/embed\/YbCGDrsSYRQ?feature=oembed\" frameborder=\"0\" allow=\"accelerometer; autoplay; clipboard-write; encrypted-media; gyroscope; picture-in-picture; web-share\" referrerpolicy=\"strict-origin-when-cross-origin\" allowfullscreen><\/iframe>\n<\/div><\/figure>\n\n\n\n<p><\/p>\n\n\n\n<div class=\"wp-block-buttons is-content-justification-right is-layout-flex wp-container-core-buttons-is-layout-765c4724 wp-block-buttons-is-layout-flex\">\n<div class=\"wp-block-button alignright\"><a class=\"wp-block-button__link has-luminous-vivid-amber-background-color has-background has-text-align-left wp-element-button\" href=\"https:\/\/lejonchet.fr\/?post_type=event&amp;p=6646&amp;preview=true\" style=\"border-radius:39px\">R\u00e9servation&#8230;<\/a><\/div>\n<\/div>\n","protected":false},"excerpt":{"rendered":"<p>Le mardi \u00e0 Monoprix RESERVATIONS :Samedi 22 f\u00e9vrier 2025 \u00e0 20h30 De Emmanuel DarleyPar La Cie Telle Quelle Avec Patrice GelineauMise en sc\u00e8ne Nicole Salcedo et Jean-Claude Drouot Ce monologue intime et \u00e9mouvant est un cri intense contre l\u2019immobilisme, le conservatisme et les pr\u00e9jug\u00e9s de tous bords. Chaque mardi, depuis quelques temps, Marie-Pierre vient s\u2019occuper [&hellip;]<\/p>\n","protected":false},"author":1,"featured_media":0,"parent":0,"menu_order":0,"comment_status":"closed","ping_status":"closed","template":"","meta":{"footnotes":""},"class_list":["post-6636","page","type-page","status-publish","hentry"],"_links":{"self":[{"href":"https:\/\/lejonchet.fr\/index.php\/wp-json\/wp\/v2\/pages\/6636","targetHints":{"allow":["GET"]}}],"collection":[{"href":"https:\/\/lejonchet.fr\/index.php\/wp-json\/wp\/v2\/pages"}],"about":[{"href":"https:\/\/lejonchet.fr\/index.php\/wp-json\/wp\/v2\/types\/page"}],"author":[{"embeddable":true,"href":"https:\/\/lejonchet.fr\/index.php\/wp-json\/wp\/v2\/users\/1"}],"replies":[{"embeddable":true,"href":"https:\/\/lejonchet.fr\/index.php\/wp-json\/wp\/v2\/comments?post=6636"}],"version-history":[{"count":7,"href":"https:\/\/lejonchet.fr\/index.php\/wp-json\/wp\/v2\/pages\/6636\/revisions"}],"predecessor-version":[{"id":6652,"href":"https:\/\/lejonchet.fr\/index.php\/wp-json\/wp\/v2\/pages\/6636\/revisions\/6652"}],"wp:attachment":[{"href":"https:\/\/lejonchet.fr\/index.php\/wp-json\/wp\/v2\/media?parent=6636"}],"curies":[{"name":"wp","href":"https:\/\/api.w.org\/{rel}","templated":true}]}}

Théâtre

<p class="has-vivid-red-color has-text-color" style="font-size:40px"><strong>Le mardi à Monoprix</strong></p>



<figure class="wp-block-table alignright" style="font-size:16px"><table class="has-background" style="background-color:#e7f5fe"><tbody><tr><td class="has-text-align-right" data-align="right">RESERVATIONS :<strong><mark style="background-color:rgba(0, 0, 0, 0)" class="has-inline-color has-vivid-cyan-blue-color"><br><a href="https://lejonchet.fr/?post_type=event&amp;p=6646&amp;preview=true">Samedi 22 février 2025 à 20h30</a></mark></strong></td></tr></tbody></table></figure>



<p class="has-small-font-size">De <strong><em>Emmanuel Darley</em></strong><br>Par <strong><em>La Cie Telle Quelle</em></strong> <br>Avec <strong><em>Patrice Gelineau</em></strong><br>Mise en scène <strong><em>Nicole Salcedo</em></strong> et <strong><em>Jean-Claude Drouot</em></strong></p>



<figure class="wp-block-image size-full"><img loading="lazy" decoding="async" width="811" height="167" src="https://lejonchet.fr/wp-content/uploads/2024/10/Maedi02.jpg" alt="" class="wp-image-6637" srcset="https://lejonchet.fr/wp-content/uploads/2024/10/Maedi02.jpg 811w, https://lejonchet.fr/wp-content/uploads/2024/10/Maedi02-300x62.jpg 300w, https://lejonchet.fr/wp-content/uploads/2024/10/Maedi02-768x158.jpg 768w, https://lejonchet.fr/wp-content/uploads/2024/10/Maedi02-690x142.jpg 690w" sizes="auto, (max-width: 811px) 100vw, 811px" /></figure>



<p class="has-small-font-size"></p>



<p class="has-drop-cap">Ce monologue intime et émouvant est un cri intense contre l’immobilisme, le conservatisme et les préjugés de tous bords. Chaque mardi, depuis quelques temps, Marie-Pierre vient s’occuper de son père veuf, dans le quartier où elle a grandi. Elle passe la journée avec lui, fait son ménage et son repassage. Puis ils vont à Monoprix faire les courses pour la semaine. On les connaît ici. Elle est belle, Marie- Pierre. Tous les yeux sont tournés vers elle quand elle fait les courses avec son père. C’est qu’avant d’être<br>Marie-Pierre, son nom était Jean-Pierre…<br>Ce personnage universel victime de l’intolérance a immédiatement touché la sensibilité de Patrice Gélineau. Le comédien a souhaité porter sur scène les émotions de Marie-Pierre, et les interpréter de façon sobre et naturelle, pour défendre la cause féminine plutôt que celle des transgenres, le droit à la différence tout simplement.<br>Sur le ton de la confidence collective, les metteurs en scène Jean-Claude Drouot, puis Nicole Salcedo, l’ont aidé à transmettre le destin bouleversant de Marie-Pierre : sa féminité, sa simplicité, sa générosité, son immense humanité…</p>



<figure class="wp-block-gallery aligncenter has-nested-images columns-3 is-cropped wp-block-gallery-1 is-layout-flex wp-block-gallery-is-layout-flex">
<figure class="wp-block-image size-full"><img loading="lazy" decoding="async" width="300" height="451" data-id="6638" src="https://lejonchet.fr/wp-content/uploads/2024/10/Maedi03.jpg" alt="" class="wp-image-6638" srcset="https://lejonchet.fr/wp-content/uploads/2024/10/Maedi03.jpg 300w, https://lejonchet.fr/wp-content/uploads/2024/10/Maedi03-200x300.jpg 200w" sizes="auto, (max-width: 300px) 100vw, 300px" /></figure>



<figure class="wp-block-image size-full"><img loading="lazy" decoding="async" width="338" height="451" data-id="6639" src="https://lejonchet.fr/wp-content/uploads/2024/10/Maedi04.jpg" alt="" class="wp-image-6639" srcset="https://lejonchet.fr/wp-content/uploads/2024/10/Maedi04.jpg 338w, https://lejonchet.fr/wp-content/uploads/2024/10/Maedi04-225x300.jpg 225w" sizes="auto, (max-width: 338px) 100vw, 338px" /></figure>
</figure>



<figure class="wp-block-embed is-type-video is-provider-youtube wp-block-embed-youtube wp-embed-aspect-16-9 wp-has-aspect-ratio"><div class="wp-block-embed__wrapper">
<iframe loading="lazy" title="TEASER Mardi à Monoprix" width="980" height="551" src="https://www.youtube.com/embed/YbCGDrsSYRQ?feature=oembed" frameborder="0" allow="accelerometer; autoplay; clipboard-write; encrypted-media; gyroscope; picture-in-picture; web-share" referrerpolicy="strict-origin-when-cross-origin" allowfullscreen></iframe>
</div></figure>



<p></p>



<div class="wp-block-buttons is-content-justification-right is-layout-flex wp-container-core-buttons-is-layout-765c4724 wp-block-buttons-is-layout-flex">
<div class="wp-block-button alignright"><a class="wp-block-button__link has-luminous-vivid-amber-background-color has-background has-text-align-left wp-element-button" href="https://lejonchet.fr/?post_type=event&amp;p=6646&amp;preview=true" style="border-radius:39px">Réservation&#8230;</a></div>
</div>

<p>Le mardi à Monoprix RESERVATIONS :Samedi 22 février 2025 à 20h30 De Emmanuel DarleyPar La Cie Telle Quelle Avec Patrice GelineauMise en scène Nicole Salcedo et Jean-Claude Drouot Ce monologue intime et émouvant est un cri intense contre l’immobilisme, le conservatisme et les préjugés de tous bords. Chaque mardi, depuis quelques temps, Marie-Pierre vient s’occuper [&hellip;]</p>
