{"id":6442,"date":"2024-09-11T17:41:58","date_gmt":"2024-09-11T15:41:58","guid":{"rendered":"https:\/\/lejonchet.fr\/?page_id=6442"},"modified":"2024-09-11T17:44:37","modified_gmt":"2024-09-11T15:44:37","slug":"spectacle-familial","status":"publish","type":"page","link":"https:\/\/lejonchet.fr\/index.php\/spectacle-familial\/","title":{"rendered":"Spectacle familial"},"content":{"rendered":"\n<figure class=\"wp-block-table alignright\"><table class=\"has-background\" style=\"background-color:#e7f5fe\"><tbody><tr><td class=\"has-text-align-right\" data-align=\"right\">RESERVATIONS :<br><a href=\"https:\/\/lejonchet.fr\/index.php\/events\/recup-a-sons\/\"><mark style=\"background-color:rgba(0, 0, 0, 0)\" class=\"has-inline-color has-vivid-cyan-blue-color\"><strong>Samedi 21 d\u00e9cembre 2024 \u00e0<\/strong> <strong>15h30<\/strong><\/mark><\/a><\/td><\/tr><\/tbody><\/table><\/figure>\n\n\n\n<p class=\"has-vivid-red-color has-text-color\" style=\"font-size:40px\"><strong><em>R\u00e9cup \u00e0 Sons<\/em><\/strong><\/p>\n\n\n\n<p><em>de et par <strong>Vincent Macias<\/strong><\/em><\/p>\n\n\n\n<figure class=\"wp-block-image size-large\"><img loading=\"lazy\" decoding=\"async\" width=\"1024\" height=\"338\" src=\"https:\/\/lejonchet.fr\/wp-content\/uploads\/2024\/09\/Recup08-1024x338.jpg\" alt=\"\" class=\"wp-image-6444\" srcset=\"https:\/\/lejonchet.fr\/wp-content\/uploads\/2024\/09\/Recup08-1024x338.jpg 1024w, https:\/\/lejonchet.fr\/wp-content\/uploads\/2024\/09\/Recup08-300x99.jpg 300w, https:\/\/lejonchet.fr\/wp-content\/uploads\/2024\/09\/Recup08-768x253.jpg 768w, https:\/\/lejonchet.fr\/wp-content\/uploads\/2024\/09\/Recup08-690x228.jpg 690w, https:\/\/lejonchet.fr\/wp-content\/uploads\/2024\/09\/Recup08-980x323.jpg 980w, https:\/\/lejonchet.fr\/wp-content\/uploads\/2024\/09\/Recup08.jpg 1382w\" sizes=\"auto, (max-width: 1024px) 100vw, 1024px\" \/><\/figure>\n\n\n\n<p><\/p>\n\n\n\n<p class=\"has-drop-cap\">Vincent Macias pr\u00e9sente un spectacle musical d\u2019objets recycl\u00e9s. <br>Avec magie et la participation active du public Vincent Macias sort des instruments de musique, imagin\u00e9s et fabriqu\u00e9s avec des objets de r\u00e9cup\u00e9ration : des bo\u00eetes de lait maternis\u00e9, des gants en latex, des po\u00eales \u00e0 frire, des bouteilles de gaz\u2026<br>R\u00e9cup \u00e0 sons est une invitation au voyage et \u00e0 la d\u00e9couverte au travers de sonorit\u00e9s venant d\u2019objets musicaux non identifi\u00e9s.<\/p>\n\n\n\n<p class=\"has-small-font-size\"><em>Dur\u00e9e : 48mn<\/em><\/p>\n\n\n\n<figure class=\"wp-block-gallery aligncenter has-nested-images columns-3 is-cropped wp-block-gallery-1 is-layout-flex wp-block-gallery-is-layout-flex\">\n<figure class=\"wp-block-image size-full\"><img loading=\"lazy\" decoding=\"async\" width=\"500\" height=\"500\" data-id=\"6120\" src=\"https:\/\/lejonchet.fr\/wp-content\/uploads\/2024\/05\/Recup03.jpg\" alt=\"\" class=\"wp-image-6120\" srcset=\"https:\/\/lejonchet.fr\/wp-content\/uploads\/2024\/05\/Recup03.jpg 500w, https:\/\/lejonchet.fr\/wp-content\/uploads\/2024\/05\/Recup03-300x300.jpg 300w, https:\/\/lejonchet.fr\/wp-content\/uploads\/2024\/05\/Recup03-150x150.jpg 150w\" sizes=\"auto, (max-width: 500px) 100vw, 500px\" \/><\/figure>\n\n\n\n<figure class=\"wp-block-image size-full\"><img loading=\"lazy\" decoding=\"async\" width=\"600\" height=\"600\" data-id=\"6443\" src=\"https:\/\/lejonchet.fr\/wp-content\/uploads\/2024\/09\/Recup07.jpg\" alt=\"\" class=\"wp-image-6443\" srcset=\"https:\/\/lejonchet.fr\/wp-content\/uploads\/2024\/09\/Recup07.jpg 600w, https:\/\/lejonchet.fr\/wp-content\/uploads\/2024\/09\/Recup07-300x300.jpg 300w, https:\/\/lejonchet.fr\/wp-content\/uploads\/2024\/09\/Recup07-150x150.jpg 150w\" sizes=\"auto, (max-width: 600px) 100vw, 600px\" \/><\/figure>\n\n\n\n<figure class=\"wp-block-image size-full\"><img loading=\"lazy\" decoding=\"async\" width=\"500\" height=\"500\" data-id=\"6118\" src=\"https:\/\/lejonchet.fr\/wp-content\/uploads\/2024\/05\/Recup04.jpg\" alt=\"\" class=\"wp-image-6118\" srcset=\"https:\/\/lejonchet.fr\/wp-content\/uploads\/2024\/05\/Recup04.jpg 500w, https:\/\/lejonchet.fr\/wp-content\/uploads\/2024\/05\/Recup04-300x300.jpg 300w, https:\/\/lejonchet.fr\/wp-content\/uploads\/2024\/05\/Recup04-150x150.jpg 150w\" sizes=\"auto, (max-width: 500px) 100vw, 500px\" \/><\/figure>\n<\/figure>\n\n\n\n<div class=\"wp-block-buttons is-content-justification-right is-layout-flex wp-container-core-buttons-is-layout-765c4724 wp-block-buttons-is-layout-flex\">\n<div class=\"wp-block-button alignright\"><a class=\"wp-block-button__link has-luminous-vivid-amber-background-color has-background has-text-align-left wp-element-button\" href=\"https:\/\/lejonchet.fr\/index.php\/events\/recup-a-sons\/\" style=\"border-radius:39px\">R\u00e9servation&#8230;<\/a><\/div>\n<\/div>\n\n\n\n<figure class=\"wp-block-embed is-type-video is-provider-vimeo wp-block-embed-vimeo wp-embed-aspect-16-9 wp-has-aspect-ratio\"><div class=\"wp-block-embed__wrapper\">\n<iframe loading=\"lazy\" title=\"r\u00e9cup \u00e0 Sons teaser\" src=\"https:\/\/player.vimeo.com\/video\/914817380?dnt=1&amp;app_id=122963\" width=\"980\" height=\"551\" frameborder=\"0\" allow=\"autoplay; fullscreen; picture-in-picture; clipboard-write\"><\/iframe>\n<\/div><\/figure>\n","protected":false},"excerpt":{"rendered":"<p>RESERVATIONS :Samedi 21 d\u00e9cembre 2024 \u00e0 15h30 R\u00e9cup \u00e0 Sons de et par Vincent Macias Vincent Macias pr\u00e9sente un spectacle musical d\u2019objets recycl\u00e9s. Avec magie et la participation active du public Vincent Macias sort des instruments de musique, imagin\u00e9s et fabriqu\u00e9s avec des objets de r\u00e9cup\u00e9ration : des bo\u00eetes de lait maternis\u00e9, des gants en [&hellip;]<\/p>\n","protected":false},"author":1,"featured_media":0,"parent":0,"menu_order":0,"comment_status":"closed","ping_status":"closed","template":"","meta":{"footnotes":""},"class_list":["post-6442","page","type-page","status-publish","hentry"],"_links":{"self":[{"href":"https:\/\/lejonchet.fr\/index.php\/wp-json\/wp\/v2\/pages\/6442","targetHints":{"allow":["GET"]}}],"collection":[{"href":"https:\/\/lejonchet.fr\/index.php\/wp-json\/wp\/v2\/pages"}],"about":[{"href":"https:\/\/lejonchet.fr\/index.php\/wp-json\/wp\/v2\/types\/page"}],"author":[{"embeddable":true,"href":"https:\/\/lejonchet.fr\/index.php\/wp-json\/wp\/v2\/users\/1"}],"replies":[{"embeddable":true,"href":"https:\/\/lejonchet.fr\/index.php\/wp-json\/wp\/v2\/comments?post=6442"}],"version-history":[{"count":3,"href":"https:\/\/lejonchet.fr\/index.php\/wp-json\/wp\/v2\/pages\/6442\/revisions"}],"predecessor-version":[{"id":6447,"href":"https:\/\/lejonchet.fr\/index.php\/wp-json\/wp\/v2\/pages\/6442\/revisions\/6447"}],"wp:attachment":[{"href":"https:\/\/lejonchet.fr\/index.php\/wp-json\/wp\/v2\/media?parent=6442"}],"curies":[{"name":"wp","href":"https:\/\/api.w.org\/{rel}","templated":true}]}}