{"id":5703,"date":"2024-04-20T21:24:33","date_gmt":"2024-04-20T19:24:33","guid":{"rendered":"https:\/\/lejonchet.fr\/?page_id=5703"},"modified":"2024-04-20T21:38:21","modified_gmt":"2024-04-20T19:38:21","slug":"musique-12","status":"publish","type":"page","link":"https:\/\/lejonchet.fr\/index.php\/musique-12\/","title":{"rendered":"Musique"},"content":{"rendered":"\n<figure class=\"wp-block-table alignright\"><table class=\"has-background\" style=\"background-color:#e7f5fe\"><tbody><tr><td class=\"has-text-align-right\" data-align=\"right\">RESERVATIONS :<br><strong><mark style=\"background-color:rgba(0, 0, 0, 0)\" class=\"has-inline-color has-vivid-cyan-blue-color\"><a href=\"https:\/\/lejonchet.fr\/index.php\/events\/sakre\/\">Dimanche 29 septembre 2024 \u00e0 15h30<\/a><\/mark><\/strong><\/td><\/tr><\/tbody><\/table><\/figure>\n\n\n\n<p class=\"has-vivid-red-color has-text-color\" style=\"font-size:40px\"><strong><em>S\u00e3Kr\u00eb<\/em><\/strong><\/p>\n\n\n\n<p>avec <em><strong>Roland Bourbon <\/strong>(batterie, clavier, compositions)<strong>, <br>Arnaud Fr\u00e9mont <\/strong>(voix, guitares, claviers, compositions)<strong>, <br>Serge Korjanevski <\/strong>(voix, clavier, guitare, accord\u00e9on, compositions)<\/em>.<em> <\/em><\/p>\n\n\n\n<blockquote class=\"wp-block-quote is-layout-flow wp-block-quote-is-layout-flow\">\n<blockquote class=\"wp-block-quote is-layout-flow wp-block-quote-is-layout-flow\">\n<blockquote class=\"wp-block-quote is-layout-flow wp-block-quote-is-layout-flow\">\n<blockquote class=\"wp-block-quote is-layout-flow wp-block-quote-is-layout-flow\">\n<blockquote class=\"wp-block-quote is-layout-flow wp-block-quote-is-layout-flow\">\n<blockquote class=\"wp-block-quote is-layout-flow wp-block-quote-is-layout-flow\">\n<p><\/p>\n<\/blockquote>\n<\/blockquote>\n<\/blockquote>\n<\/blockquote>\n<\/blockquote>\n<\/blockquote>\n\n\n\n<figure class=\"wp-block-image size-large\"><img loading=\"lazy\" decoding=\"async\" width=\"1024\" height=\"320\" src=\"https:\/\/lejonchet.fr\/wp-content\/uploads\/2024\/04\/Im02-5-1024x320.jpg\" alt=\"\" class=\"wp-image-5704\" srcset=\"https:\/\/lejonchet.fr\/wp-content\/uploads\/2024\/04\/Im02-5-1024x320.jpg 1024w, https:\/\/lejonchet.fr\/wp-content\/uploads\/2024\/04\/Im02-5-300x94.jpg 300w, https:\/\/lejonchet.fr\/wp-content\/uploads\/2024\/04\/Im02-5-768x240.jpg 768w, https:\/\/lejonchet.fr\/wp-content\/uploads\/2024\/04\/Im02-5-1536x480.jpg 1536w, https:\/\/lejonchet.fr\/wp-content\/uploads\/2024\/04\/Im02-5-690x216.jpg 690w, https:\/\/lejonchet.fr\/wp-content\/uploads\/2024\/04\/Im02-5-980x306.jpg 980w, https:\/\/lejonchet.fr\/wp-content\/uploads\/2024\/04\/Im02-5.jpg 1600w\" sizes=\"auto, (max-width: 1024px) 100vw, 1024px\" \/><\/figure>\n\n\n\n<p class=\"has-small-font-size\"><\/p>\n\n\n\n<p class=\"has-drop-cap\">Apr\u00e8s \u00ab Sacr\u00e9 \u00bb (Roland Bourbon &amp; Serge Korjanevski), album essentiellement instrumental paru en 2022, l\u2019envie a pouss\u00e9 de lui donner un petit fr\u00e8re, d\u2019agrandir la famille.<br>Sur cet enregistrement l\u2019ami Arnaud Fr\u00e9mont, com\u00e9dien et musicien de son \u00e9tat g\u00e9n\u00e9ral, disait certains textes. Il nous a rejoint : nous sommes devenus le trio S\u00e3Kr\u00eb.<br>Dans la foul\u00e9e un nouvel opus, \u00ab Energo Dura Land \u00bb, est donc n\u00e9, que l\u2019on peut entendre comme une collection de moments propos\u00e9s au pot commun par l\u2019un ou l\u2019autre, dans une mise en forme collective optant pour la simplicit\u00e9.<br>Nos parcours crois\u00e9s couvrant un large \u00e9ventail &#8211; de la chanson au rock progressif, des performances aux musiques pour le th\u00e9\u00e2tre, la danse ou l\u2019image, du post-rock \u00e0 l\u2019exp\u00e9rimentation &#8211; le r\u00e9pertoire, enti\u00e8rement original, refl\u00e8te cette diversit\u00e9 entre chansons (en fran\u00e7ais et en anglais) instrumentaux et textes po\u00e9tiques.<\/p>\n\n\n\n<figure class=\"wp-block-gallery aligncenter has-nested-images columns-2 is-cropped wp-block-gallery-1 is-layout-flex wp-block-gallery-is-layout-flex\">\n<figure class=\"wp-block-image size-full\"><img loading=\"lazy\" decoding=\"async\" width=\"1600\" height=\"512\" data-id=\"5707\" src=\"https:\/\/lejonchet.fr\/wp-content\/uploads\/2024\/04\/Im03-5.jpg\" alt=\"\" class=\"wp-image-5707\" srcset=\"https:\/\/lejonchet.fr\/wp-content\/uploads\/2024\/04\/Im03-5.jpg 1600w, https:\/\/lejonchet.fr\/wp-content\/uploads\/2024\/04\/Im03-5-300x96.jpg 300w, https:\/\/lejonchet.fr\/wp-content\/uploads\/2024\/04\/Im03-5-1024x328.jpg 1024w, https:\/\/lejonchet.fr\/wp-content\/uploads\/2024\/04\/Im03-5-768x246.jpg 768w, https:\/\/lejonchet.fr\/wp-content\/uploads\/2024\/04\/Im03-5-1536x492.jpg 1536w, https:\/\/lejonchet.fr\/wp-content\/uploads\/2024\/04\/Im03-5-690x221.jpg 690w, https:\/\/lejonchet.fr\/wp-content\/uploads\/2024\/04\/Im03-5-980x314.jpg 980w\" sizes=\"auto, (max-width: 1600px) 100vw, 1600px\" \/><\/figure>\n<\/figure>\n\n\n\n<div class=\"wp-block-buttons is-content-justification-right is-layout-flex wp-container-core-buttons-is-layout-765c4724 wp-block-buttons-is-layout-flex\">\n<div class=\"wp-block-button alignright\"><a class=\"wp-block-button__link has-luminous-vivid-amber-background-color has-background has-text-align-left wp-element-button\" href=\"https:\/\/lejonchet.fr\/index.php\/events\/sakre\/\" style=\"border-radius:39px\">R\u00e9servation&#8230;<\/a><\/div>\n<\/div>\n\n\n\n<figure class=\"wp-block-embed is-type-video is-provider-youtube wp-block-embed-youtube wp-embed-aspect-16-9 wp-has-aspect-ratio\"><div class=\"wp-block-embed__wrapper\">\n<iframe loading=\"lazy\" title=\"The Tempest\" width=\"980\" height=\"551\" src=\"https:\/\/www.youtube.com\/embed\/shhQM2XLmIU?feature=oembed\" frameborder=\"0\" allow=\"accelerometer; autoplay; clipboard-write; encrypted-media; gyroscope; picture-in-picture; web-share\" referrerpolicy=\"strict-origin-when-cross-origin\" allowfullscreen><\/iframe>\n<\/div><\/figure>\n","protected":false},"excerpt":{"rendered":"<p>RESERVATIONS :Dimanche 29 septembre 2024 \u00e0 15h30 S\u00e3Kr\u00eb avec Roland Bourbon (batterie, clavier, compositions), Arnaud Fr\u00e9mont (voix, guitares, claviers, compositions), Serge Korjanevski (voix, clavier, guitare, accord\u00e9on, compositions). Apr\u00e8s \u00ab Sacr\u00e9 \u00bb (Roland Bourbon &amp; Serge Korjanevski), album essentiellement instrumental paru en 2022, l\u2019envie a pouss\u00e9 de lui donner un petit fr\u00e8re, d\u2019agrandir la famille.Sur cet [&hellip;]<\/p>\n","protected":false},"author":1,"featured_media":0,"parent":0,"menu_order":0,"comment_status":"closed","ping_status":"closed","template":"","meta":{"footnotes":""},"class_list":["post-5703","page","type-page","status-publish","hentry"],"_links":{"self":[{"href":"https:\/\/lejonchet.fr\/index.php\/wp-json\/wp\/v2\/pages\/5703","targetHints":{"allow":["GET"]}}],"collection":[{"href":"https:\/\/lejonchet.fr\/index.php\/wp-json\/wp\/v2\/pages"}],"about":[{"href":"https:\/\/lejonchet.fr\/index.php\/wp-json\/wp\/v2\/types\/page"}],"author":[{"embeddable":true,"href":"https:\/\/lejonchet.fr\/index.php\/wp-json\/wp\/v2\/users\/1"}],"replies":[{"embeddable":true,"href":"https:\/\/lejonchet.fr\/index.php\/wp-json\/wp\/v2\/comments?post=5703"}],"version-history":[{"count":3,"href":"https:\/\/lejonchet.fr\/index.php\/wp-json\/wp\/v2\/pages\/5703\/revisions"}],"predecessor-version":[{"id":5714,"href":"https:\/\/lejonchet.fr\/index.php\/wp-json\/wp\/v2\/pages\/5703\/revisions\/5714"}],"wp:attachment":[{"href":"https:\/\/lejonchet.fr\/index.php\/wp-json\/wp\/v2\/media?parent=5703"}],"curies":[{"name":"wp","href":"https:\/\/api.w.org\/{rel}","templated":true}]}}

<figure class="wp-block-table alignright"><table class="has-background" style="background-color:#e7f5fe"><tbody><tr><td class="has-text-align-right" data-align="right">RESERVATIONS :<br><strong><mark style="background-color:rgba(0, 0, 0, 0)" class="has-inline-color has-vivid-cyan-blue-color"><a href="https://lejonchet.fr/index.php/events/sakre/">Dimanche 29 septembre 2024 à 15h30</a></mark></strong></td></tr></tbody></table></figure>



<p class="has-vivid-red-color has-text-color" style="font-size:40px"><strong><em>SãKrë</em></strong></p>



<p>avec <em><strong>Roland Bourbon </strong>(batterie, clavier, compositions)<strong>, <br>Arnaud Frémont </strong>(voix, guitares, claviers, compositions)<strong>, <br>Serge Korjanevski </strong>(voix, clavier, guitare, accordéon, compositions)</em>.<em> </em></p>



<blockquote class="wp-block-quote is-layout-flow wp-block-quote-is-layout-flow">
<blockquote class="wp-block-quote is-layout-flow wp-block-quote-is-layout-flow">
<blockquote class="wp-block-quote is-layout-flow wp-block-quote-is-layout-flow">
<blockquote class="wp-block-quote is-layout-flow wp-block-quote-is-layout-flow">
<blockquote class="wp-block-quote is-layout-flow wp-block-quote-is-layout-flow">
<blockquote class="wp-block-quote is-layout-flow wp-block-quote-is-layout-flow">
<p></p>
</blockquote>
</blockquote>
</blockquote>
</blockquote>
</blockquote>
</blockquote>



<figure class="wp-block-image size-large"><img loading="lazy" decoding="async" width="1024" height="320" src="https://lejonchet.fr/wp-content/uploads/2024/04/Im02-5-1024x320.jpg" alt="" class="wp-image-5704" srcset="https://lejonchet.fr/wp-content/uploads/2024/04/Im02-5-1024x320.jpg 1024w, https://lejonchet.fr/wp-content/uploads/2024/04/Im02-5-300x94.jpg 300w, https://lejonchet.fr/wp-content/uploads/2024/04/Im02-5-768x240.jpg 768w, https://lejonchet.fr/wp-content/uploads/2024/04/Im02-5-1536x480.jpg 1536w, https://lejonchet.fr/wp-content/uploads/2024/04/Im02-5-690x216.jpg 690w, https://lejonchet.fr/wp-content/uploads/2024/04/Im02-5-980x306.jpg 980w, https://lejonchet.fr/wp-content/uploads/2024/04/Im02-5.jpg 1600w" sizes="auto, (max-width: 1024px) 100vw, 1024px" /></figure>



<p class="has-small-font-size"></p>



<p class="has-drop-cap">Après « Sacré » (Roland Bourbon &amp; Serge Korjanevski), album essentiellement instrumental paru en 2022, l’envie a poussé de lui donner un petit frère, d’agrandir la famille.<br>Sur cet enregistrement l’ami Arnaud Frémont, comédien et musicien de son état général, disait certains textes. Il nous a rejoint : nous sommes devenus le trio SãKrë.<br>Dans la foulée un nouvel opus, « Energo Dura Land », est donc né, que l’on peut entendre comme une collection de moments proposés au pot commun par l’un ou l’autre, dans une mise en forme collective optant pour la simplicité.<br>Nos parcours croisés couvrant un large éventail &#8211; de la chanson au rock progressif, des performances aux musiques pour le théâtre, la danse ou l’image, du post-rock à l’expérimentation &#8211; le répertoire, entièrement original, reflète cette diversité entre chansons (en français et en anglais) instrumentaux et textes poétiques.</p>



<figure class="wp-block-gallery aligncenter has-nested-images columns-2 is-cropped wp-block-gallery-1 is-layout-flex wp-block-gallery-is-layout-flex">
<figure class="wp-block-image size-full"><img loading="lazy" decoding="async" width="1600" height="512" data-id="5707" src="https://lejonchet.fr/wp-content/uploads/2024/04/Im03-5.jpg" alt="" class="wp-image-5707" srcset="https://lejonchet.fr/wp-content/uploads/2024/04/Im03-5.jpg 1600w, https://lejonchet.fr/wp-content/uploads/2024/04/Im03-5-300x96.jpg 300w, https://lejonchet.fr/wp-content/uploads/2024/04/Im03-5-1024x328.jpg 1024w, https://lejonchet.fr/wp-content/uploads/2024/04/Im03-5-768x246.jpg 768w, https://lejonchet.fr/wp-content/uploads/2024/04/Im03-5-1536x492.jpg 1536w, https://lejonchet.fr/wp-content/uploads/2024/04/Im03-5-690x221.jpg 690w, https://lejonchet.fr/wp-content/uploads/2024/04/Im03-5-980x314.jpg 980w" sizes="auto, (max-width: 1600px) 100vw, 1600px" /></figure>
</figure>



<div class="wp-block-buttons is-content-justification-right is-layout-flex wp-container-core-buttons-is-layout-765c4724 wp-block-buttons-is-layout-flex">
<div class="wp-block-button alignright"><a class="wp-block-button__link has-luminous-vivid-amber-background-color has-background has-text-align-left wp-element-button" href="https://lejonchet.fr/index.php/events/sakre/" style="border-radius:39px">Réservation&#8230;</a></div>
</div>



<figure class="wp-block-embed is-type-video is-provider-youtube wp-block-embed-youtube wp-embed-aspect-16-9 wp-has-aspect-ratio"><div class="wp-block-embed__wrapper">
<iframe loading="lazy" title="The Tempest" width="980" height="551" src="https://www.youtube.com/embed/shhQM2XLmIU?feature=oembed" frameborder="0" allow="accelerometer; autoplay; clipboard-write; encrypted-media; gyroscope; picture-in-picture; web-share" referrerpolicy="strict-origin-when-cross-origin" allowfullscreen></iframe>
</div></figure>

<p>RESERVATIONS :Dimanche 29 septembre 2024 à 15h30 SãKrë avec Roland Bourbon (batterie, clavier, compositions), Arnaud Frémont (voix, guitares, claviers, compositions), Serge Korjanevski (voix, clavier, guitare, accordéon, compositions). Après « Sacré » (Roland Bourbon &amp; Serge Korjanevski), album essentiellement instrumental paru en 2022, l’envie a poussé de lui donner un petit frère, d’agrandir la famille.Sur cet [&hellip;]</p>
