{"id":5137,"date":"2023-11-17T12:30:20","date_gmt":"2023-11-17T11:30:20","guid":{"rendered":"https:\/\/lejonchet.fr\/?page_id=5137"},"modified":"2024-02-14T11:34:51","modified_gmt":"2024-02-14T10:34:51","slug":"chanson-francaise-6","status":"publish","type":"page","link":"https:\/\/lejonchet.fr\/index.php\/chanson-francaise-6\/","title":{"rendered":"Chanson fran\u00e7aise"},"content":{"rendered":"\n<figure class=\"wp-block-table alignright\"><table class=\"has-background\" style=\"background-color:#e7f5fe\"><tbody><tr><td class=\"has-text-align-right\" data-align=\"right\">RESERVATIONS :<br><a href=\"https:\/\/lejonchet.fr\/index.php\/events\/sesame\/\"><strong><mark style=\"background-color:rgba(0, 0, 0, 0)\" class=\"has-inline-color has-vivid-cyan-blue-color\">Vendredi 29 mars 2024 \u00e0 20h30<\/mark><\/strong><\/a><\/td><\/tr><\/tbody><\/table><\/figure>\n\n\n\n<p class=\"has-vivid-red-color has-text-color\" style=\"font-size:40px\"><strong><em>SESAME [de poche]<\/em><\/strong><\/p>\n\n\n\n<p><em>par <\/em><strong><em>Rapha\u00ebl Raymond<\/em><\/strong><strong><em> <\/em><\/strong><em>(chant, guitare)<\/em><\/p>\n\n\n\n<figure class=\"wp-block-image size-large\"><img loading=\"lazy\" decoding=\"async\" width=\"1024\" height=\"231\" src=\"https:\/\/lejonchet.fr\/wp-content\/uploads\/2023\/11\/Rapha02-1024x231.jpg\" alt=\"\" class=\"wp-image-5138\" srcset=\"https:\/\/lejonchet.fr\/wp-content\/uploads\/2023\/11\/Rapha02-1024x231.jpg 1024w, https:\/\/lejonchet.fr\/wp-content\/uploads\/2023\/11\/Rapha02-300x68.jpg 300w, https:\/\/lejonchet.fr\/wp-content\/uploads\/2023\/11\/Rapha02-768x173.jpg 768w, https:\/\/lejonchet.fr\/wp-content\/uploads\/2023\/11\/Rapha02-690x156.jpg 690w, https:\/\/lejonchet.fr\/wp-content\/uploads\/2023\/11\/Rapha02-980x221.jpg 980w, https:\/\/lejonchet.fr\/wp-content\/uploads\/2023\/11\/Rapha02.jpg 1300w\" sizes=\"auto, (max-width: 1024px) 100vw, 1024px\" \/><\/figure>\n\n\n\n<p class=\"has-small-font-size\"><\/p>\n\n\n\n<p class=\"has-drop-cap\">Autant inspir\u00e9 par le rock que la chanson, S\u00e9same d\u00e9voile un univers riche qui se d\u00e9ploie ici en acoustique. Ses mots jouent avec les sens et les sons, il m\u00eale le r\u00eave au r\u00e9el et sa voix s\u2019exprime dans toutes les nuances, des plus intimes aux plus spectaculaires. Ecoutez sa guitare et laissez-la vous sugg\u00e9rer un groupe ou peut-\u00eatre\u2026 un orchestre ?<\/p>\n\n\n\n<figure class=\"wp-block-gallery aligncenter has-nested-images columns-3 is-cropped wp-block-gallery-1 is-layout-flex wp-block-gallery-is-layout-flex\">\n<figure class=\"wp-block-image size-full\"><img loading=\"lazy\" decoding=\"async\" width=\"374\" height=\"500\" data-id=\"5139\" src=\"https:\/\/lejonchet.fr\/wp-content\/uploads\/2023\/11\/Rapha03.jpg\" alt=\"\" class=\"wp-image-5139\" srcset=\"https:\/\/lejonchet.fr\/wp-content\/uploads\/2023\/11\/Rapha03.jpg 374w, https:\/\/lejonchet.fr\/wp-content\/uploads\/2023\/11\/Rapha03-224x300.jpg 224w\" sizes=\"auto, (max-width: 374px) 100vw, 374px\" \/><\/figure>\n\n\n\n<figure class=\"wp-block-image size-full\"><img loading=\"lazy\" decoding=\"async\" width=\"376\" height=\"500\" data-id=\"5140\" src=\"https:\/\/lejonchet.fr\/wp-content\/uploads\/2023\/11\/Rapha04.jpg\" alt=\"\" class=\"wp-image-5140\" srcset=\"https:\/\/lejonchet.fr\/wp-content\/uploads\/2023\/11\/Rapha04.jpg 376w, https:\/\/lejonchet.fr\/wp-content\/uploads\/2023\/11\/Rapha04-226x300.jpg 226w\" sizes=\"auto, (max-width: 376px) 100vw, 376px\" \/><\/figure>\n\n\n\n<figure class=\"wp-block-image size-full\"><img loading=\"lazy\" decoding=\"async\" width=\"355\" height=\"500\" data-id=\"5141\" src=\"https:\/\/lejonchet.fr\/wp-content\/uploads\/2023\/11\/Rapha05.jpg\" alt=\"\" class=\"wp-image-5141\" srcset=\"https:\/\/lejonchet.fr\/wp-content\/uploads\/2023\/11\/Rapha05.jpg 355w, https:\/\/lejonchet.fr\/wp-content\/uploads\/2023\/11\/Rapha05-213x300.jpg 213w\" sizes=\"auto, (max-width: 355px) 100vw, 355px\" \/><\/figure>\n<\/figure>\n\n\n\n<div class=\"wp-block-buttons is-content-justification-right is-layout-flex wp-container-core-buttons-is-layout-765c4724 wp-block-buttons-is-layout-flex\">\n<div class=\"wp-block-button alignright\"><a class=\"wp-block-button__link has-luminous-vivid-amber-background-color has-background has-text-align-left wp-element-button\" href=\"https:\/\/lejonchet.fr\/index.php\/events\/sesame\/\" style=\"border-radius:39px\">R\u00e9servation&#8230;<\/a><\/div>\n<\/div>\n\n\n\n<figure class=\"wp-block-embed is-type-video is-provider-youtube wp-block-embed-youtube wp-embed-aspect-16-9 wp-has-aspect-ratio\"><div class=\"wp-block-embed__wrapper\">\n<iframe loading=\"lazy\" title=\"S\u00e9same [de poche] - L&#039;Amoureuse\" width=\"980\" height=\"551\" src=\"https:\/\/www.youtube.com\/embed\/Cpesm21nOd4?feature=oembed\" frameborder=\"0\" allow=\"accelerometer; autoplay; clipboard-write; encrypted-media; gyroscope; picture-in-picture; web-share\" allowfullscreen><\/iframe>\n<\/div><\/figure>\n","protected":false},"excerpt":{"rendered":"<p>RESERVATIONS :Vendredi 29 mars 2024 \u00e0 20h30 SESAME [de poche] par Rapha\u00ebl Raymond (chant, guitare) Autant inspir\u00e9 par le rock que la chanson, S\u00e9same d\u00e9voile un univers riche qui se d\u00e9ploie ici en acoustique. Ses mots jouent avec les sens et les sons, il m\u00eale le r\u00eave au r\u00e9el et sa voix s\u2019exprime dans toutes [&hellip;]<\/p>\n","protected":false},"author":1,"featured_media":0,"parent":0,"menu_order":0,"comment_status":"closed","ping_status":"closed","template":"","meta":{"footnotes":""},"class_list":["post-5137","page","type-page","status-publish","hentry"],"_links":{"self":[{"href":"https:\/\/lejonchet.fr\/index.php\/wp-json\/wp\/v2\/pages\/5137","targetHints":{"allow":["GET"]}}],"collection":[{"href":"https:\/\/lejonchet.fr\/index.php\/wp-json\/wp\/v2\/pages"}],"about":[{"href":"https:\/\/lejonchet.fr\/index.php\/wp-json\/wp\/v2\/types\/page"}],"author":[{"embeddable":true,"href":"https:\/\/lejonchet.fr\/index.php\/wp-json\/wp\/v2\/users\/1"}],"replies":[{"embeddable":true,"href":"https:\/\/lejonchet.fr\/index.php\/wp-json\/wp\/v2\/comments?post=5137"}],"version-history":[{"count":3,"href":"https:\/\/lejonchet.fr\/index.php\/wp-json\/wp\/v2\/pages\/5137\/revisions"}],"predecessor-version":[{"id":5447,"href":"https:\/\/lejonchet.fr\/index.php\/wp-json\/wp\/v2\/pages\/5137\/revisions\/5447"}],"wp:attachment":[{"href":"https:\/\/lejonchet.fr\/index.php\/wp-json\/wp\/v2\/media?parent=5137"}],"curies":[{"name":"wp","href":"https:\/\/api.w.org\/{rel}","templated":true}]}}

Chanson française

<figure class="wp-block-table alignright"><table class="has-background" style="background-color:#e7f5fe"><tbody><tr><td class="has-text-align-right" data-align="right">RESERVATIONS :<br><a href="https://lejonchet.fr/index.php/events/sesame/"><strong><mark style="background-color:rgba(0, 0, 0, 0)" class="has-inline-color has-vivid-cyan-blue-color">Vendredi 29 mars 2024 à 20h30</mark></strong></a></td></tr></tbody></table></figure>



<p class="has-vivid-red-color has-text-color" style="font-size:40px"><strong><em>SESAME [de poche]</em></strong></p>



<p><em>par </em><strong><em>Raphaël Raymond</em></strong><strong><em> </em></strong><em>(chant, guitare)</em></p>



<figure class="wp-block-image size-large"><img loading="lazy" decoding="async" width="1024" height="231" src="https://lejonchet.fr/wp-content/uploads/2023/11/Rapha02-1024x231.jpg" alt="" class="wp-image-5138" srcset="https://lejonchet.fr/wp-content/uploads/2023/11/Rapha02-1024x231.jpg 1024w, https://lejonchet.fr/wp-content/uploads/2023/11/Rapha02-300x68.jpg 300w, https://lejonchet.fr/wp-content/uploads/2023/11/Rapha02-768x173.jpg 768w, https://lejonchet.fr/wp-content/uploads/2023/11/Rapha02-690x156.jpg 690w, https://lejonchet.fr/wp-content/uploads/2023/11/Rapha02-980x221.jpg 980w, https://lejonchet.fr/wp-content/uploads/2023/11/Rapha02.jpg 1300w" sizes="auto, (max-width: 1024px) 100vw, 1024px" /></figure>



<p class="has-small-font-size"></p>



<p class="has-drop-cap">Autant inspiré par le rock que la chanson, Sésame dévoile un univers riche qui se déploie ici en acoustique. Ses mots jouent avec les sens et les sons, il mêle le rêve au réel et sa voix s’exprime dans toutes les nuances, des plus intimes aux plus spectaculaires. Ecoutez sa guitare et laissez-la vous suggérer un groupe ou peut-être… un orchestre ?</p>



<figure class="wp-block-gallery aligncenter has-nested-images columns-3 is-cropped wp-block-gallery-1 is-layout-flex wp-block-gallery-is-layout-flex">
<figure class="wp-block-image size-full"><img loading="lazy" decoding="async" width="374" height="500" data-id="5139" src="https://lejonchet.fr/wp-content/uploads/2023/11/Rapha03.jpg" alt="" class="wp-image-5139" srcset="https://lejonchet.fr/wp-content/uploads/2023/11/Rapha03.jpg 374w, https://lejonchet.fr/wp-content/uploads/2023/11/Rapha03-224x300.jpg 224w" sizes="auto, (max-width: 374px) 100vw, 374px" /></figure>



<figure class="wp-block-image size-full"><img loading="lazy" decoding="async" width="376" height="500" data-id="5140" src="https://lejonchet.fr/wp-content/uploads/2023/11/Rapha04.jpg" alt="" class="wp-image-5140" srcset="https://lejonchet.fr/wp-content/uploads/2023/11/Rapha04.jpg 376w, https://lejonchet.fr/wp-content/uploads/2023/11/Rapha04-226x300.jpg 226w" sizes="auto, (max-width: 376px) 100vw, 376px" /></figure>



<figure class="wp-block-image size-full"><img loading="lazy" decoding="async" width="355" height="500" data-id="5141" src="https://lejonchet.fr/wp-content/uploads/2023/11/Rapha05.jpg" alt="" class="wp-image-5141" srcset="https://lejonchet.fr/wp-content/uploads/2023/11/Rapha05.jpg 355w, https://lejonchet.fr/wp-content/uploads/2023/11/Rapha05-213x300.jpg 213w" sizes="auto, (max-width: 355px) 100vw, 355px" /></figure>
</figure>



<div class="wp-block-buttons is-content-justification-right is-layout-flex wp-container-core-buttons-is-layout-765c4724 wp-block-buttons-is-layout-flex">
<div class="wp-block-button alignright"><a class="wp-block-button__link has-luminous-vivid-amber-background-color has-background has-text-align-left wp-element-button" href="https://lejonchet.fr/index.php/events/sesame/" style="border-radius:39px">Réservation&#8230;</a></div>
</div>



<figure class="wp-block-embed is-type-video is-provider-youtube wp-block-embed-youtube wp-embed-aspect-16-9 wp-has-aspect-ratio"><div class="wp-block-embed__wrapper">
<iframe loading="lazy" title="Sésame [de poche] - L&#039;Amoureuse" width="980" height="551" src="https://www.youtube.com/embed/Cpesm21nOd4?feature=oembed" frameborder="0" allow="accelerometer; autoplay; clipboard-write; encrypted-media; gyroscope; picture-in-picture; web-share" allowfullscreen></iframe>
</div></figure>

<p>RESERVATIONS :Vendredi 29 mars 2024 à 20h30 SESAME [de poche] par Raphaël Raymond (chant, guitare) Autant inspiré par le rock que la chanson, Sésame dévoile un univers riche qui se déploie ici en acoustique. Ses mots jouent avec les sens et les sons, il mêle le rêve au réel et sa voix s’exprime dans toutes [&hellip;]</p>
