{"id":5105,"date":"2023-11-14T10:43:52","date_gmt":"2023-11-14T09:43:52","guid":{"rendered":"https:\/\/lejonchet.fr\/?page_id=5105"},"modified":"2024-04-19T18:04:29","modified_gmt":"2024-04-19T16:04:29","slug":"musique-artisanale","status":"publish","type":"page","link":"https:\/\/lejonchet.fr\/index.php\/musique-artisanale\/","title":{"rendered":"Musique artisanale"},"content":{"rendered":"\n<figure class=\"wp-block-table alignright\"><table class=\"has-background\" style=\"background-color:#e7f5fe\"><tbody><tr><td class=\"has-text-align-right\" data-align=\"right\">RESERVATIONS :<br><a href=\"https:\/\/lejonchet.fr\/index.php\/events\/cabane\/\"><strong><mark style=\"background-color:rgba(0, 0, 0, 0)\" class=\"has-inline-color has-vivid-cyan-blue-color\">Samedi 4 mai 2024 \u00e0 20h30<\/mark><\/strong><\/a><\/td><\/tr><\/tbody><\/table><\/figure>\n\n\n\n<p class=\"has-vivid-red-color has-text-color\" style=\"font-size:40px\"><em><strong>Trio Cabane en concert<\/strong><\/em><\/p>\n\n\n\n<p><em><strong>Jean Charles S\u00e9osse<\/strong>&nbsp;(Saxophone soprano, clarinette basse, percussions)<br><strong>Jean Pascal Despaux<\/strong>&nbsp;(Batterie, percussions)<br><strong>Simon Bernard<\/strong>&nbsp;(Marimba, percussions)<\/em><\/p>\n\n\n\n<figure class=\"wp-block-image size-large\"><img loading=\"lazy\" decoding=\"async\" width=\"1024\" height=\"426\" src=\"https:\/\/lejonchet.fr\/wp-content\/uploads\/2023\/11\/Cabane2-1024x426.jpg\" alt=\"\" class=\"wp-image-5106\" srcset=\"https:\/\/lejonchet.fr\/wp-content\/uploads\/2023\/11\/Cabane2-1024x426.jpg 1024w, https:\/\/lejonchet.fr\/wp-content\/uploads\/2023\/11\/Cabane2-300x125.jpg 300w, https:\/\/lejonchet.fr\/wp-content\/uploads\/2023\/11\/Cabane2-768x320.jpg 768w, https:\/\/lejonchet.fr\/wp-content\/uploads\/2023\/11\/Cabane2-1536x639.jpg 1536w, https:\/\/lejonchet.fr\/wp-content\/uploads\/2023\/11\/Cabane2-690x287.jpg 690w, https:\/\/lejonchet.fr\/wp-content\/uploads\/2023\/11\/Cabane2-980x408.jpg 980w, https:\/\/lejonchet.fr\/wp-content\/uploads\/2023\/11\/Cabane2.jpg 1600w\" sizes=\"auto, (max-width: 1024px) 100vw, 1024px\" \/><\/figure>\n\n\n\n<p><\/p>\n\n\n\n<p class=\"has-drop-cap\">Cabane c&rsquo;est un trio de musique artisanale qui a \u00e9t\u00e9 \u00e9crite collectivement, \u00e0 partir de multiples influences, dans une petite cabane en bois. <br>\u00c7a s&rsquo;\u00e9coute et \u00e7a se danse aussi&#8230;venez d\u00e9couvrir!<br><em><strong>Vid\u00e9o : <a href=\"https:\/\/lesherbesfolles33.wixsite.com\/website\/les-compagnies-partenaires\" target=\"_blank\" rel=\"noreferrer noopener\">TRIO CABANE<\/a><\/strong><\/em><\/p>\n\n\n\n<figure class=\"wp-block-gallery aligncenter has-nested-images columns-3 is-cropped wp-block-gallery-1 is-layout-flex wp-block-gallery-is-layout-flex\">\n<figure class=\"wp-block-image size-full\"><img loading=\"lazy\" decoding=\"async\" width=\"747\" height=\"500\" data-id=\"5107\" src=\"https:\/\/lejonchet.fr\/wp-content\/uploads\/2023\/11\/Cabane3.jpg\" alt=\"\" class=\"wp-image-5107\" srcset=\"https:\/\/lejonchet.fr\/wp-content\/uploads\/2023\/11\/Cabane3.jpg 747w, https:\/\/lejonchet.fr\/wp-content\/uploads\/2023\/11\/Cabane3-300x201.jpg 300w, https:\/\/lejonchet.fr\/wp-content\/uploads\/2023\/11\/Cabane3-690x462.jpg 690w\" sizes=\"auto, (max-width: 747px) 100vw, 747px\" \/><\/figure>\n\n\n\n<figure class=\"wp-block-image size-full\"><img loading=\"lazy\" decoding=\"async\" width=\"799\" height=\"500\" data-id=\"5108\" src=\"https:\/\/lejonchet.fr\/wp-content\/uploads\/2023\/11\/Cabane4.jpg\" alt=\"\" class=\"wp-image-5108\" srcset=\"https:\/\/lejonchet.fr\/wp-content\/uploads\/2023\/11\/Cabane4.jpg 799w, https:\/\/lejonchet.fr\/wp-content\/uploads\/2023\/11\/Cabane4-300x188.jpg 300w, https:\/\/lejonchet.fr\/wp-content\/uploads\/2023\/11\/Cabane4-768x481.jpg 768w, https:\/\/lejonchet.fr\/wp-content\/uploads\/2023\/11\/Cabane4-690x432.jpg 690w\" sizes=\"auto, (max-width: 799px) 100vw, 799px\" \/><\/figure>\n<\/figure>\n\n\n\n<div class=\"wp-block-buttons is-content-justification-right is-layout-flex wp-container-core-buttons-is-layout-765c4724 wp-block-buttons-is-layout-flex\">\n<div class=\"wp-block-button alignright\"><a class=\"wp-block-button__link has-luminous-vivid-amber-background-color has-background has-text-align-left wp-element-button\" href=\"https:\/\/lejonchet.fr\/index.php\/events\/cabane\/\" style=\"border-radius:39px\">R\u00e9servation&#8230;<\/a><\/div>\n<\/div>\n","protected":false},"excerpt":{"rendered":"<p>RESERVATIONS :Samedi 4 mai 2024 \u00e0 20h30 Trio Cabane en concert Jean Charles S\u00e9osse&nbsp;(Saxophone soprano, clarinette basse, percussions)Jean Pascal Despaux&nbsp;(Batterie, percussions)Simon Bernard&nbsp;(Marimba, percussions) Cabane c&rsquo;est un trio de musique artisanale qui a \u00e9t\u00e9 \u00e9crite collectivement, \u00e0 partir de multiples influences, dans une petite cabane en bois. \u00c7a s&rsquo;\u00e9coute et \u00e7a se danse aussi&#8230;venez d\u00e9couvrir!Vid\u00e9o : [&hellip;]<\/p>\n","protected":false},"author":1,"featured_media":0,"parent":0,"menu_order":0,"comment_status":"closed","ping_status":"closed","template":"","meta":{"footnotes":""},"class_list":["post-5105","page","type-page","status-publish","hentry"],"_links":{"self":[{"href":"https:\/\/lejonchet.fr\/index.php\/wp-json\/wp\/v2\/pages\/5105","targetHints":{"allow":["GET"]}}],"collection":[{"href":"https:\/\/lejonchet.fr\/index.php\/wp-json\/wp\/v2\/pages"}],"about":[{"href":"https:\/\/lejonchet.fr\/index.php\/wp-json\/wp\/v2\/types\/page"}],"author":[{"embeddable":true,"href":"https:\/\/lejonchet.fr\/index.php\/wp-json\/wp\/v2\/users\/1"}],"replies":[{"embeddable":true,"href":"https:\/\/lejonchet.fr\/index.php\/wp-json\/wp\/v2\/comments?post=5105"}],"version-history":[{"count":10,"href":"https:\/\/lejonchet.fr\/index.php\/wp-json\/wp\/v2\/pages\/5105\/revisions"}],"predecessor-version":[{"id":5667,"href":"https:\/\/lejonchet.fr\/index.php\/wp-json\/wp\/v2\/pages\/5105\/revisions\/5667"}],"wp:attachment":[{"href":"https:\/\/lejonchet.fr\/index.php\/wp-json\/wp\/v2\/media?parent=5105"}],"curies":[{"name":"wp","href":"https:\/\/api.w.org\/{rel}","templated":true}]}}

<figure class="wp-block-table alignright"><table class="has-background" style="background-color:#e7f5fe"><tbody><tr><td class="has-text-align-right" data-align="right">RESERVATIONS :<br><a href="https://lejonchet.fr/index.php/events/cabane/"><strong><mark style="background-color:rgba(0, 0, 0, 0)" class="has-inline-color has-vivid-cyan-blue-color">Samedi 4 mai 2024 à 20h30</mark></strong></a></td></tr></tbody></table></figure>



<p class="has-vivid-red-color has-text-color" style="font-size:40px"><em><strong>Trio Cabane en concert</strong></em></p>



<p><em><strong>Jean Charles Séosse</strong>&nbsp;(Saxophone soprano, clarinette basse, percussions)<br><strong>Jean Pascal Despaux</strong>&nbsp;(Batterie, percussions)<br><strong>Simon Bernard</strong>&nbsp;(Marimba, percussions)</em></p>



<figure class="wp-block-image size-large"><img loading="lazy" decoding="async" width="1024" height="426" src="https://lejonchet.fr/wp-content/uploads/2023/11/Cabane2-1024x426.jpg" alt="" class="wp-image-5106" srcset="https://lejonchet.fr/wp-content/uploads/2023/11/Cabane2-1024x426.jpg 1024w, https://lejonchet.fr/wp-content/uploads/2023/11/Cabane2-300x125.jpg 300w, https://lejonchet.fr/wp-content/uploads/2023/11/Cabane2-768x320.jpg 768w, https://lejonchet.fr/wp-content/uploads/2023/11/Cabane2-1536x639.jpg 1536w, https://lejonchet.fr/wp-content/uploads/2023/11/Cabane2-690x287.jpg 690w, https://lejonchet.fr/wp-content/uploads/2023/11/Cabane2-980x408.jpg 980w, https://lejonchet.fr/wp-content/uploads/2023/11/Cabane2.jpg 1600w" sizes="auto, (max-width: 1024px) 100vw, 1024px" /></figure>



<p></p>



<p class="has-drop-cap">Cabane c&rsquo;est un trio de musique artisanale qui a été écrite collectivement, à partir de multiples influences, dans une petite cabane en bois. <br>Ça s&rsquo;écoute et ça se danse aussi&#8230;venez découvrir!<br><em><strong>Vidéo : <a href="https://lesherbesfolles33.wixsite.com/website/les-compagnies-partenaires" target="_blank" rel="noreferrer noopener">TRIO CABANE</a></strong></em></p>



<figure class="wp-block-gallery aligncenter has-nested-images columns-3 is-cropped wp-block-gallery-1 is-layout-flex wp-block-gallery-is-layout-flex">
<figure class="wp-block-image size-full"><img loading="lazy" decoding="async" width="747" height="500" data-id="5107" src="https://lejonchet.fr/wp-content/uploads/2023/11/Cabane3.jpg" alt="" class="wp-image-5107" srcset="https://lejonchet.fr/wp-content/uploads/2023/11/Cabane3.jpg 747w, https://lejonchet.fr/wp-content/uploads/2023/11/Cabane3-300x201.jpg 300w, https://lejonchet.fr/wp-content/uploads/2023/11/Cabane3-690x462.jpg 690w" sizes="auto, (max-width: 747px) 100vw, 747px" /></figure>



<figure class="wp-block-image size-full"><img loading="lazy" decoding="async" width="799" height="500" data-id="5108" src="https://lejonchet.fr/wp-content/uploads/2023/11/Cabane4.jpg" alt="" class="wp-image-5108" srcset="https://lejonchet.fr/wp-content/uploads/2023/11/Cabane4.jpg 799w, https://lejonchet.fr/wp-content/uploads/2023/11/Cabane4-300x188.jpg 300w, https://lejonchet.fr/wp-content/uploads/2023/11/Cabane4-768x481.jpg 768w, https://lejonchet.fr/wp-content/uploads/2023/11/Cabane4-690x432.jpg 690w" sizes="auto, (max-width: 799px) 100vw, 799px" /></figure>
</figure>



<div class="wp-block-buttons is-content-justification-right is-layout-flex wp-container-core-buttons-is-layout-765c4724 wp-block-buttons-is-layout-flex">
<div class="wp-block-button alignright"><a class="wp-block-button__link has-luminous-vivid-amber-background-color has-background has-text-align-left wp-element-button" href="https://lejonchet.fr/index.php/events/cabane/" style="border-radius:39px">Réservation&#8230;</a></div>
</div>

<p>RESERVATIONS :Samedi 4 mai 2024 à 20h30 Trio Cabane en concert Jean Charles Séosse&nbsp;(Saxophone soprano, clarinette basse, percussions)Jean Pascal Despaux&nbsp;(Batterie, percussions)Simon Bernard&nbsp;(Marimba, percussions) Cabane c&rsquo;est un trio de musique artisanale qui a été écrite collectivement, à partir de multiples influences, dans une petite cabane en bois. Ça s&rsquo;écoute et ça se danse aussi&#8230;venez découvrir!Vidéo : [&hellip;]</p>
