{"id":5079,"date":"2023-11-13T10:21:21","date_gmt":"2023-11-13T09:21:21","guid":{"rendered":"https:\/\/lejonchet.fr\/?page_id=5079"},"modified":"2025-12-11T13:40:41","modified_gmt":"2025-12-11T12:40:41","slug":"philosofolie","status":"publish","type":"page","link":"https:\/\/lejonchet.fr\/index.php\/philosofolie\/","title":{"rendered":"Th\u00e9\u00e2tre"},"content":{"rendered":"\n<p class=\"has-vivid-red-color has-text-color has-large-font-size\"><strong>\u00ab\u00a0Paquita et la philosofolie\u00a0\u00bb<\/strong> <em>(remasteris\u00e9)<\/em><\/p>\n\n\n\n<figure class=\"wp-block-table alignright\"><table class=\"has-background\" style=\"background-color:#e7f5fe\"><tbody><tr><td class=\"has-text-align-right\" data-align=\"right\">RESERVATIONS :<br><a href=\"https:\/\/lejonchet.fr\/index.php\/events\/philosofolie\/\"><strong>Dimanche 22 mars 2026 \u00e0 15h30<\/strong><\/a><\/td><\/tr><\/tbody><\/table><\/figure>\n\n\n\n<p style=\"font-size:30px\"><strong><em>Conf\u00e9rence philosofolique<\/em><\/strong><\/p>\n\n\n\n<p class=\"has-black-color has-text-color has-small-font-size\"><em>par <\/em><strong><em>Ana Maria V\u00e9n\u00e9gas de la compagnie Th\u00e9\u00e2tre au Vent<\/em><\/strong><\/p>\n\n\n\n<figure class=\"wp-block-image size-large\"><img loading=\"lazy\" decoding=\"async\" width=\"1024\" height=\"266\" src=\"https:\/\/lejonchet.fr\/wp-content\/uploads\/2025\/05\/Philo01-1024x266.jpg\" alt=\"\" class=\"wp-image-8069\" srcset=\"https:\/\/lejonchet.fr\/wp-content\/uploads\/2025\/05\/Philo01-1024x266.jpg 1024w, https:\/\/lejonchet.fr\/wp-content\/uploads\/2025\/05\/Philo01-300x78.jpg 300w, https:\/\/lejonchet.fr\/wp-content\/uploads\/2025\/05\/Philo01-768x199.jpg 768w, https:\/\/lejonchet.fr\/wp-content\/uploads\/2025\/05\/Philo01-690x179.jpg 690w, https:\/\/lejonchet.fr\/wp-content\/uploads\/2025\/05\/Philo01-980x254.jpg 980w, https:\/\/lejonchet.fr\/wp-content\/uploads\/2025\/05\/Philo01.jpg 1248w\" sizes=\"auto, (max-width: 1024px) 100vw, 1024px\" \/><\/figure>\n\n\n\n<p><\/p>\n\n\n\n<p class=\"has-drop-cap\">Le clown Paquita s\u2019est entich\u00e9 de philosophie, et naturellement elle br\u00fble de partager ses d\u00e9couvertes et sa nouvelle passion avec le public. Et pardonnez du peu, cette fois, c\u2019est de la philosopholie de Spinoza dont il s\u2019agit. C\u2019est donc de Dieu, de la condition humaine, des affects, du d\u00e9sir, de la v\u00e9rit\u00e9 et de la libert\u00e9, de la recherche du bonheur qu\u2019elle va nous entretenir.<\/p>\n\n\n\n<p>C\u2019est pendant de longues marches que j&rsquo;ai d\u00e9couvert Spinoza , \u00able grand philosophe du Bonheur\u00bb comme dit Bruno Giuliani en \u00e9coutant l\u2019\u00e9mission de France Culture \u00abChemin de la philosophie\u00bb .<br>Dans l&rsquo;enfermement r\u00e9el du confinement j\u2019ai \u00e9prouv\u00e9 cet immense besoin de \u00ablibert\u00e9\u00bb dont parle si bien Spinoza : \u00ab\u00a0la libert\u00e9 de l\u2019\u00eatre\u00a0\u00bb.<br>Je n\u2019ai jamais eu la pr\u00e9tention, ni l\u2019audace de vouloir traiter la philosophie avec le clown et encore moins de traiter l\u2019\u00e9thique de Spinoza ! Il ne s\u2019agit pas de cela. <br>En \u00e9coutant ses pens\u00e9es sur la vie et sa philosophie une r\u00e9sonnance s&rsquo;est fa\u00eete en moi .<\/p>\n\n\n\n<p class=\"has-text-align-right has-small-font-size\">Spectacle tout public<br> Jeu, mise en sc\u00e8ne, \u00e9criture : <strong>Ana Maria Venegas<\/strong><\/p>\n\n\n\n<figure class=\"wp-block-gallery has-nested-images columns-default is-cropped wp-block-gallery-1 is-layout-flex wp-block-gallery-is-layout-flex\">\n<figure class=\"wp-block-image size-full\"><img loading=\"lazy\" decoding=\"async\" width=\"600\" height=\"600\" data-id=\"8070\" src=\"https:\/\/lejonchet.fr\/wp-content\/uploads\/2025\/05\/Philo02.jpg\" alt=\"\" class=\"wp-image-8070\" srcset=\"https:\/\/lejonchet.fr\/wp-content\/uploads\/2025\/05\/Philo02.jpg 600w, https:\/\/lejonchet.fr\/wp-content\/uploads\/2025\/05\/Philo02-300x300.jpg 300w, https:\/\/lejonchet.fr\/wp-content\/uploads\/2025\/05\/Philo02-150x150.jpg 150w\" sizes=\"auto, (max-width: 600px) 100vw, 600px\" \/><\/figure>\n\n\n\n<figure class=\"wp-block-image size-large\"><img loading=\"lazy\" decoding=\"async\" width=\"600\" height=\"600\" data-id=\"8072\" src=\"https:\/\/lejonchet.fr\/wp-content\/uploads\/2025\/05\/Philo04.jpg\" alt=\"\" class=\"wp-image-8072\" srcset=\"https:\/\/lejonchet.fr\/wp-content\/uploads\/2025\/05\/Philo04.jpg 600w, https:\/\/lejonchet.fr\/wp-content\/uploads\/2025\/05\/Philo04-300x300.jpg 300w, https:\/\/lejonchet.fr\/wp-content\/uploads\/2025\/05\/Philo04-150x150.jpg 150w\" sizes=\"auto, (max-width: 600px) 100vw, 600px\" \/><\/figure>\n\n\n\n<figure class=\"wp-block-image size-full\"><img loading=\"lazy\" decoding=\"async\" width=\"600\" height=\"600\" data-id=\"8071\" src=\"https:\/\/lejonchet.fr\/wp-content\/uploads\/2025\/05\/Philo03.jpg\" alt=\"\" class=\"wp-image-8071\" srcset=\"https:\/\/lejonchet.fr\/wp-content\/uploads\/2025\/05\/Philo03.jpg 600w, https:\/\/lejonchet.fr\/wp-content\/uploads\/2025\/05\/Philo03-300x300.jpg 300w, https:\/\/lejonchet.fr\/wp-content\/uploads\/2025\/05\/Philo03-150x150.jpg 150w\" sizes=\"auto, (max-width: 600px) 100vw, 600px\" \/><\/figure>\n<\/figure>\n\n\n\n<div class=\"wp-block-buttons is-horizontal is-content-justification-right is-layout-flex wp-container-core-buttons-is-layout-ae2fe186 wp-block-buttons-is-layout-flex\">\n<div class=\"wp-block-button\"><a class=\"wp-block-button__link has-white-color has-luminous-vivid-amber-background-color has-text-color has-background wp-element-button\" href=\"https:\/\/lejonchet.fr\/index.php\/events\/philosofolie\/\">R\u00e9servations&#8230;<\/a><\/div>\n<\/div>\n\n\n\n<figure class=\"wp-block-embed is-type-video is-provider-youtube wp-block-embed-youtube wp-embed-aspect-16-9 wp-has-aspect-ratio\"><div class=\"wp-block-embed__wrapper\">\n<iframe loading=\"lazy\" title=\"Teaser Conference Philosofolique\" width=\"980\" height=\"551\" src=\"https:\/\/www.youtube.com\/embed\/fU9y7V1alGk?start=7&#038;feature=oembed\" frameborder=\"0\" allow=\"accelerometer; autoplay; clipboard-write; encrypted-media; gyroscope; picture-in-picture; web-share\" referrerpolicy=\"strict-origin-when-cross-origin\" allowfullscreen><\/iframe>\n<\/div><\/figure>\n","protected":false},"excerpt":{"rendered":"<p>\u00ab\u00a0Paquita et la philosofolie\u00a0\u00bb (remasteris\u00e9) RESERVATIONS :Dimanche 22 mars 2026 \u00e0 15h30 Conf\u00e9rence philosofolique par Ana Maria V\u00e9n\u00e9gas de la compagnie Th\u00e9\u00e2tre au Vent Le clown Paquita s\u2019est entich\u00e9 de philosophie, et naturellement elle br\u00fble de partager ses d\u00e9couvertes et sa nouvelle passion avec le public. Et pardonnez du peu, cette fois, c\u2019est de la [&hellip;]<\/p>\n","protected":false},"author":1,"featured_media":0,"parent":0,"menu_order":0,"comment_status":"closed","ping_status":"closed","template":"","meta":{"footnotes":""},"class_list":["post-5079","page","type-page","status-publish","hentry"],"_links":{"self":[{"href":"https:\/\/lejonchet.fr\/index.php\/wp-json\/wp\/v2\/pages\/5079","targetHints":{"allow":["GET"]}}],"collection":[{"href":"https:\/\/lejonchet.fr\/index.php\/wp-json\/wp\/v2\/pages"}],"about":[{"href":"https:\/\/lejonchet.fr\/index.php\/wp-json\/wp\/v2\/types\/page"}],"author":[{"embeddable":true,"href":"https:\/\/lejonchet.fr\/index.php\/wp-json\/wp\/v2\/users\/1"}],"replies":[{"embeddable":true,"href":"https:\/\/lejonchet.fr\/index.php\/wp-json\/wp\/v2\/comments?post=5079"}],"version-history":[{"count":17,"href":"https:\/\/lejonchet.fr\/index.php\/wp-json\/wp\/v2\/pages\/5079\/revisions"}],"predecessor-version":[{"id":8765,"href":"https:\/\/lejonchet.fr\/index.php\/wp-json\/wp\/v2\/pages\/5079\/revisions\/8765"}],"wp:attachment":[{"href":"https:\/\/lejonchet.fr\/index.php\/wp-json\/wp\/v2\/media?parent=5079"}],"curies":[{"name":"wp","href":"https:\/\/api.w.org\/{rel}","templated":true}]}}

Théâtre

<p class="has-vivid-red-color has-text-color has-large-font-size"><strong>« Paquita et la philosofolie »</strong> <em>(remasterisé)</em></p>



<figure class="wp-block-table alignright"><table class="has-background" style="background-color:#e7f5fe"><tbody><tr><td class="has-text-align-right" data-align="right">RESERVATIONS :<br><a href="https://lejonchet.fr/index.php/events/philosofolie/"><strong>Dimanche 22 mars 2026 à 15h30</strong></a></td></tr></tbody></table></figure>



<p style="font-size:30px"><strong><em>Conférence philosofolique</em></strong></p>



<p class="has-black-color has-text-color has-small-font-size"><em>par </em><strong><em>Ana Maria Vénégas de la compagnie Théâtre au Vent</em></strong></p>



<figure class="wp-block-image size-large"><img loading="lazy" decoding="async" width="1024" height="266" src="https://lejonchet.fr/wp-content/uploads/2025/05/Philo01-1024x266.jpg" alt="" class="wp-image-8069" srcset="https://lejonchet.fr/wp-content/uploads/2025/05/Philo01-1024x266.jpg 1024w, https://lejonchet.fr/wp-content/uploads/2025/05/Philo01-300x78.jpg 300w, https://lejonchet.fr/wp-content/uploads/2025/05/Philo01-768x199.jpg 768w, https://lejonchet.fr/wp-content/uploads/2025/05/Philo01-690x179.jpg 690w, https://lejonchet.fr/wp-content/uploads/2025/05/Philo01-980x254.jpg 980w, https://lejonchet.fr/wp-content/uploads/2025/05/Philo01.jpg 1248w" sizes="auto, (max-width: 1024px) 100vw, 1024px" /></figure>



<p></p>



<p class="has-drop-cap">Le clown Paquita s’est entiché de philosophie, et naturellement elle brûle de partager ses découvertes et sa nouvelle passion avec le public. Et pardonnez du peu, cette fois, c’est de la philosopholie de Spinoza dont il s’agit. C’est donc de Dieu, de la condition humaine, des affects, du désir, de la vérité et de la liberté, de la recherche du bonheur qu’elle va nous entretenir.</p>



<p>C’est pendant de longues marches que j&rsquo;ai découvert Spinoza , «le grand philosophe du Bonheur» comme dit Bruno Giuliani en écoutant l’émission de France Culture «Chemin de la philosophie» .<br>Dans l&rsquo;enfermement réel du confinement j’ai éprouvé cet immense besoin de «liberté» dont parle si bien Spinoza : « la liberté de l’être ».<br>Je n’ai jamais eu la prétention, ni l’audace de vouloir traiter la philosophie avec le clown et encore moins de traiter l’éthique de Spinoza ! Il ne s’agit pas de cela. <br>En écoutant ses pensées sur la vie et sa philosophie une résonnance s&rsquo;est faîte en moi .</p>



<p class="has-text-align-right has-small-font-size">Spectacle tout public<br> Jeu, mise en scène, écriture : <strong>Ana Maria Venegas</strong></p>



<figure class="wp-block-gallery has-nested-images columns-default is-cropped wp-block-gallery-1 is-layout-flex wp-block-gallery-is-layout-flex">
<figure class="wp-block-image size-full"><img loading="lazy" decoding="async" width="600" height="600" data-id="8070" src="https://lejonchet.fr/wp-content/uploads/2025/05/Philo02.jpg" alt="" class="wp-image-8070" srcset="https://lejonchet.fr/wp-content/uploads/2025/05/Philo02.jpg 600w, https://lejonchet.fr/wp-content/uploads/2025/05/Philo02-300x300.jpg 300w, https://lejonchet.fr/wp-content/uploads/2025/05/Philo02-150x150.jpg 150w" sizes="auto, (max-width: 600px) 100vw, 600px" /></figure>



<figure class="wp-block-image size-large"><img loading="lazy" decoding="async" width="600" height="600" data-id="8072" src="https://lejonchet.fr/wp-content/uploads/2025/05/Philo04.jpg" alt="" class="wp-image-8072" srcset="https://lejonchet.fr/wp-content/uploads/2025/05/Philo04.jpg 600w, https://lejonchet.fr/wp-content/uploads/2025/05/Philo04-300x300.jpg 300w, https://lejonchet.fr/wp-content/uploads/2025/05/Philo04-150x150.jpg 150w" sizes="auto, (max-width: 600px) 100vw, 600px" /></figure>



<figure class="wp-block-image size-full"><img loading="lazy" decoding="async" width="600" height="600" data-id="8071" src="https://lejonchet.fr/wp-content/uploads/2025/05/Philo03.jpg" alt="" class="wp-image-8071" srcset="https://lejonchet.fr/wp-content/uploads/2025/05/Philo03.jpg 600w, https://lejonchet.fr/wp-content/uploads/2025/05/Philo03-300x300.jpg 300w, https://lejonchet.fr/wp-content/uploads/2025/05/Philo03-150x150.jpg 150w" sizes="auto, (max-width: 600px) 100vw, 600px" /></figure>
</figure>



<div class="wp-block-buttons is-horizontal is-content-justification-right is-layout-flex wp-container-core-buttons-is-layout-ae2fe186 wp-block-buttons-is-layout-flex">
<div class="wp-block-button"><a class="wp-block-button__link has-white-color has-luminous-vivid-amber-background-color has-text-color has-background wp-element-button" href="https://lejonchet.fr/index.php/events/philosofolie/">Réservations&#8230;</a></div>
</div>



<figure class="wp-block-embed is-type-video is-provider-youtube wp-block-embed-youtube wp-embed-aspect-16-9 wp-has-aspect-ratio"><div class="wp-block-embed__wrapper">
<iframe loading="lazy" title="Teaser Conference Philosofolique" width="980" height="551" src="https://www.youtube.com/embed/fU9y7V1alGk?start=7&#038;feature=oembed" frameborder="0" allow="accelerometer; autoplay; clipboard-write; encrypted-media; gyroscope; picture-in-picture; web-share" referrerpolicy="strict-origin-when-cross-origin" allowfullscreen></iframe>
</div></figure>

<p>« Paquita et la philosofolie » (remasterisé) RESERVATIONS :Dimanche 22 mars 2026 à 15h30 Conférence philosofolique par Ana Maria Vénégas de la compagnie Théâtre au Vent Le clown Paquita s’est entiché de philosophie, et naturellement elle brûle de partager ses découvertes et sa nouvelle passion avec le public. Et pardonnez du peu, cette fois, c’est de la [&hellip;]</p>
