{"id":4937,"date":"2023-11-08T12:23:47","date_gmt":"2023-11-08T11:23:47","guid":{"rendered":"https:\/\/lejonchet.fr\/?page_id=4937"},"modified":"2025-07-23T17:24:24","modified_gmt":"2025-07-23T15:24:24","slug":"expedition-musicale","status":"publish","type":"page","link":"https:\/\/lejonchet.fr\/index.php\/expedition-musicale\/","title":{"rendered":"Epop\u00e9e musicale"},"content":{"rendered":"\n<figure class=\"wp-block-table alignright\"><table class=\"has-background\" style=\"background-color:#e7f5fe\"><tbody><tr><td class=\"has-text-align-right\" data-align=\"right\">RESERVATIONS :<br><a href=\"https:\/\/lejonchet.fr\/index.php\/events\/glokn-en-concert\/\"><mark style=\"background-color:rgba(0, 0, 0, 0)\" class=\"has-inline-color has-vivid-cyan-blue-color\"><strong>Dimanche 21 d\u00e9cembre \u00e0<\/strong> <strong>15h30<\/strong><\/mark><\/a><\/td><\/tr><\/tbody><\/table><\/figure>\n\n\n\n<p class=\"has-vivid-red-color has-text-color\" style=\"font-size:40px\"><strong><em>Gl\u00f6k&rsquo;n en concert<\/em><\/strong><\/p>\n\n\n\n<figure class=\"wp-block-image size-large\"><img loading=\"lazy\" decoding=\"async\" width=\"1024\" height=\"194\" src=\"https:\/\/lejonchet.fr\/wp-content\/uploads\/2023\/11\/Glokn02-1024x194.jpg\" alt=\"\" class=\"wp-image-4938\" srcset=\"https:\/\/lejonchet.fr\/wp-content\/uploads\/2023\/11\/Glokn02-1024x194.jpg 1024w, https:\/\/lejonchet.fr\/wp-content\/uploads\/2023\/11\/Glokn02-300x57.jpg 300w, https:\/\/lejonchet.fr\/wp-content\/uploads\/2023\/11\/Glokn02-768x146.jpg 768w, https:\/\/lejonchet.fr\/wp-content\/uploads\/2023\/11\/Glokn02-690x131.jpg 690w, https:\/\/lejonchet.fr\/wp-content\/uploads\/2023\/11\/Glokn02-980x186.jpg 980w, https:\/\/lejonchet.fr\/wp-content\/uploads\/2023\/11\/Glokn02.jpg 1382w\" sizes=\"auto, (max-width: 1024px) 100vw, 1024px\" \/><\/figure>\n\n\n\n<p><\/p>\n\n\n\n<p class=\"has-drop-cap\">C\u2019est au sein de ce cocktail de musiciens hors normes qu\u2019ils cr\u00e9ent, racontent et inventent leur fa\u00e7on de s\u2019exprimer sur sc\u00e8ne, avec un curieux m\u00e9lange d\u2019individus et d\u2019instruments.<br>\u00c0 travers des compositions originales, ils s\u2019allient pour mettre leurs talents au service d&rsquo;un projet sans limite, sans \u00e9tiquette, avec quelques grammes de folie et beaucoup de passion.<br>Ils nous font virevolter \u00e0 travers les \u00e2ges et les lieux, tout au long d&rsquo;une \u00e9pop\u00e9e acoustique dont personne ne revient jamais intact\u2026<\/p>\n\n\n\n<p><em><strong>Simon BERNARD<\/strong> \/\/ Marimba<br><strong>Julien BRUNETEAU<\/strong> \/\/ Fl\u00fbtes traversi\u00e8res, voix<br><strong>Emmanuel COMMENGES <\/strong>\/\/ Clarinette basse, saxophone t\u00e9nor, voix<br><strong>Simon FILIPPI<\/strong> \/\/ Percussions (cajon, m\u00e9tallophone&#8230;), voix, shruti box<br><strong>Luc GIRARDEAU<\/strong> \/\/ Percussions (zarb, daf&#8230;)<br><strong>William RIEUBLANC<\/strong> \/\/ Contrebasse<br><strong>Eloi TEMBREMANDE<\/strong> \/\/ Basson, voix<br><strong>Kalima YAFIS KOH<\/strong> \/\/ Voix, percussions<br><strong>Bertrand AMABLE <\/strong>\/\/ Son<\/em><\/p>\n\n\n\n<blockquote class=\"wp-block-quote is-layout-flow wp-block-quote-is-layout-flow\">\n<p><\/p>\n<\/blockquote>\n\n\n\n<p><em>\u00a9&nbsp;Photos Solweig Cheron<\/em><\/p>\n\n\n\n<figure class=\"wp-block-gallery aligncenter has-nested-images columns-3 is-cropped wp-block-gallery-1 is-layout-flex wp-block-gallery-is-layout-flex\">\n<figure class=\"wp-block-image size-full\"><img loading=\"lazy\" decoding=\"async\" width=\"500\" height=\"500\" data-id=\"4939\" src=\"https:\/\/lejonchet.fr\/wp-content\/uploads\/2023\/11\/Glokn03.jpg\" alt=\"\" class=\"wp-image-4939\" srcset=\"https:\/\/lejonchet.fr\/wp-content\/uploads\/2023\/11\/Glokn03.jpg 500w, https:\/\/lejonchet.fr\/wp-content\/uploads\/2023\/11\/Glokn03-300x300.jpg 300w, https:\/\/lejonchet.fr\/wp-content\/uploads\/2023\/11\/Glokn03-150x150.jpg 150w\" sizes=\"auto, (max-width: 500px) 100vw, 500px\" \/><\/figure>\n\n\n\n<figure class=\"wp-block-image size-full\"><img loading=\"lazy\" decoding=\"async\" width=\"500\" height=\"500\" data-id=\"4940\" src=\"https:\/\/lejonchet.fr\/wp-content\/uploads\/2023\/11\/Glokn04.jpg\" alt=\"\" class=\"wp-image-4940\" srcset=\"https:\/\/lejonchet.fr\/wp-content\/uploads\/2023\/11\/Glokn04.jpg 500w, https:\/\/lejonchet.fr\/wp-content\/uploads\/2023\/11\/Glokn04-300x300.jpg 300w, https:\/\/lejonchet.fr\/wp-content\/uploads\/2023\/11\/Glokn04-150x150.jpg 150w\" sizes=\"auto, (max-width: 500px) 100vw, 500px\" \/><\/figure>\n\n\n\n<figure class=\"wp-block-image size-full\"><img loading=\"lazy\" decoding=\"async\" width=\"500\" height=\"500\" data-id=\"4942\" src=\"https:\/\/lejonchet.fr\/wp-content\/uploads\/2023\/11\/Glokn05.jpg\" alt=\"\" class=\"wp-image-4942\" srcset=\"https:\/\/lejonchet.fr\/wp-content\/uploads\/2023\/11\/Glokn05.jpg 500w, https:\/\/lejonchet.fr\/wp-content\/uploads\/2023\/11\/Glokn05-300x300.jpg 300w, https:\/\/lejonchet.fr\/wp-content\/uploads\/2023\/11\/Glokn05-150x150.jpg 150w\" sizes=\"auto, (max-width: 500px) 100vw, 500px\" \/><\/figure>\n\n\n\n<figure class=\"wp-block-image size-large\"><img loading=\"lazy\" decoding=\"async\" width=\"500\" height=\"500\" data-id=\"4943\" src=\"https:\/\/lejonchet.fr\/wp-content\/uploads\/2023\/11\/Glokn06.jpg\" alt=\"\" class=\"wp-image-4943\" srcset=\"https:\/\/lejonchet.fr\/wp-content\/uploads\/2023\/11\/Glokn06.jpg 500w, https:\/\/lejonchet.fr\/wp-content\/uploads\/2023\/11\/Glokn06-300x300.jpg 300w, https:\/\/lejonchet.fr\/wp-content\/uploads\/2023\/11\/Glokn06-150x150.jpg 150w\" sizes=\"auto, (max-width: 500px) 100vw, 500px\" \/><\/figure>\n\n\n\n<figure class=\"wp-block-image size-large\"><img loading=\"lazy\" decoding=\"async\" width=\"480\" height=\"720\" data-id=\"4944\" src=\"https:\/\/lejonchet.fr\/wp-content\/uploads\/2023\/11\/Glokn07.jpg\" alt=\"\" class=\"wp-image-4944\" srcset=\"https:\/\/lejonchet.fr\/wp-content\/uploads\/2023\/11\/Glokn07.jpg 480w, https:\/\/lejonchet.fr\/wp-content\/uploads\/2023\/11\/Glokn07-200x300.jpg 200w\" sizes=\"auto, (max-width: 480px) 100vw, 480px\" \/><\/figure>\n\n\n\n<figure class=\"wp-block-image size-large\"><img loading=\"lazy\" decoding=\"async\" width=\"480\" height=\"650\" data-id=\"4945\" src=\"https:\/\/lejonchet.fr\/wp-content\/uploads\/2023\/11\/Glokn08.jpg\" alt=\"\" class=\"wp-image-4945\" srcset=\"https:\/\/lejonchet.fr\/wp-content\/uploads\/2023\/11\/Glokn08.jpg 480w, https:\/\/lejonchet.fr\/wp-content\/uploads\/2023\/11\/Glokn08-222x300.jpg 222w\" sizes=\"auto, (max-width: 480px) 100vw, 480px\" \/><\/figure>\n\n\n\n<figure class=\"wp-block-image size-large\"><img loading=\"lazy\" decoding=\"async\" width=\"480\" height=\"542\" data-id=\"4946\" src=\"https:\/\/lejonchet.fr\/wp-content\/uploads\/2023\/11\/Glokn09.jpg\" alt=\"\" class=\"wp-image-4946\" srcset=\"https:\/\/lejonchet.fr\/wp-content\/uploads\/2023\/11\/Glokn09.jpg 480w, https:\/\/lejonchet.fr\/wp-content\/uploads\/2023\/11\/Glokn09-266x300.jpg 266w\" sizes=\"auto, (max-width: 480px) 100vw, 480px\" \/><\/figure>\n\n\n\n<figure class=\"wp-block-image size-large\"><img loading=\"lazy\" decoding=\"async\" width=\"500\" height=\"500\" data-id=\"4947\" src=\"https:\/\/lejonchet.fr\/wp-content\/uploads\/2023\/11\/Glokn10.jpg\" alt=\"\" class=\"wp-image-4947\" srcset=\"https:\/\/lejonchet.fr\/wp-content\/uploads\/2023\/11\/Glokn10.jpg 500w, https:\/\/lejonchet.fr\/wp-content\/uploads\/2023\/11\/Glokn10-300x300.jpg 300w, https:\/\/lejonchet.fr\/wp-content\/uploads\/2023\/11\/Glokn10-150x150.jpg 150w\" sizes=\"auto, (max-width: 500px) 100vw, 500px\" \/><\/figure>\n\n\n\n<figure class=\"wp-block-image size-large\"><img loading=\"lazy\" decoding=\"async\" width=\"500\" height=\"500\" data-id=\"4948\" src=\"https:\/\/lejonchet.fr\/wp-content\/uploads\/2023\/11\/Glokn11.jpg\" alt=\"\" class=\"wp-image-4948\" srcset=\"https:\/\/lejonchet.fr\/wp-content\/uploads\/2023\/11\/Glokn11.jpg 500w, https:\/\/lejonchet.fr\/wp-content\/uploads\/2023\/11\/Glokn11-300x300.jpg 300w, https:\/\/lejonchet.fr\/wp-content\/uploads\/2023\/11\/Glokn11-150x150.jpg 150w\" sizes=\"auto, (max-width: 500px) 100vw, 500px\" \/><\/figure>\n<\/figure>\n\n\n\n<div class=\"wp-block-buttons is-content-justification-right is-layout-flex wp-container-core-buttons-is-layout-765c4724 wp-block-buttons-is-layout-flex\">\n<div class=\"wp-block-button alignright\"><a class=\"wp-block-button__link has-luminous-vivid-amber-background-color has-background has-text-align-left wp-element-button\" href=\"https:\/\/lejonchet.fr\/index.php\/events\/glokn-en-concert\/\" style=\"border-radius:39px\">R\u00e9servation&#8230;<\/a><\/div>\n<\/div>\n\n\n\n<figure class=\"wp-block-embed is-type-video is-provider-youtube wp-block-embed-youtube wp-embed-aspect-16-9 wp-has-aspect-ratio\"><div class=\"wp-block-embed__wrapper\">\n<iframe loading=\"lazy\" title=\"Gl\u00f6k&#039;n - Teaser\" width=\"980\" height=\"551\" src=\"https:\/\/www.youtube.com\/embed\/PGewYlZGloM?feature=oembed\" frameborder=\"0\" allow=\"accelerometer; autoplay; clipboard-write; encrypted-media; gyroscope; picture-in-picture; web-share\" allowfullscreen><\/iframe>\n<\/div><\/figure>\n","protected":false},"excerpt":{"rendered":"<p>RESERVATIONS :Dimanche 21 d\u00e9cembre \u00e0 15h30 Gl\u00f6k&rsquo;n en concert C\u2019est au sein de ce cocktail de musiciens hors normes qu\u2019ils cr\u00e9ent, racontent et inventent leur fa\u00e7on de s\u2019exprimer sur sc\u00e8ne, avec un curieux m\u00e9lange d\u2019individus et d\u2019instruments.\u00c0 travers des compositions originales, ils s\u2019allient pour mettre leurs talents au service d&rsquo;un projet sans limite, sans \u00e9tiquette, [&hellip;]<\/p>\n","protected":false},"author":1,"featured_media":0,"parent":0,"menu_order":0,"comment_status":"closed","ping_status":"closed","template":"","meta":{"footnotes":""},"class_list":["post-4937","page","type-page","status-publish","hentry"],"_links":{"self":[{"href":"https:\/\/lejonchet.fr\/index.php\/wp-json\/wp\/v2\/pages\/4937","targetHints":{"allow":["GET"]}}],"collection":[{"href":"https:\/\/lejonchet.fr\/index.php\/wp-json\/wp\/v2\/pages"}],"about":[{"href":"https:\/\/lejonchet.fr\/index.php\/wp-json\/wp\/v2\/types\/page"}],"author":[{"embeddable":true,"href":"https:\/\/lejonchet.fr\/index.php\/wp-json\/wp\/v2\/users\/1"}],"replies":[{"embeddable":true,"href":"https:\/\/lejonchet.fr\/index.php\/wp-json\/wp\/v2\/comments?post=4937"}],"version-history":[{"count":17,"href":"https:\/\/lejonchet.fr\/index.php\/wp-json\/wp\/v2\/pages\/4937\/revisions"}],"predecessor-version":[{"id":8259,"href":"https:\/\/lejonchet.fr\/index.php\/wp-json\/wp\/v2\/pages\/4937\/revisions\/8259"}],"wp:attachment":[{"href":"https:\/\/lejonchet.fr\/index.php\/wp-json\/wp\/v2\/media?parent=4937"}],"curies":[{"name":"wp","href":"https:\/\/api.w.org\/{rel}","templated":true}]}}