{"id":4708,"date":"2023-10-25T20:40:54","date_gmt":"2023-10-25T18:40:54","guid":{"rendered":"https:\/\/lejonchet.fr\/?page_id=4708"},"modified":"2023-12-06T18:02:20","modified_gmt":"2023-12-06T17:02:20","slug":"solo-clownesque","status":"publish","type":"page","link":"https:\/\/lejonchet.fr\/index.php\/solo-clownesque\/","title":{"rendered":"Solo clownesque"},"content":{"rendered":"\n<figure class=\"wp-block-table alignright\"><table class=\"has-background\" style=\"background-color:#e7f5fe\"><tbody><tr><td class=\"has-text-align-right\" data-align=\"right\">RESERVATIONS :<br><strong><mark style=\"background-color:rgba(0, 0, 0, 0)\" class=\"has-inline-color has-vivid-cyan-blue-color\"><a href=\"https:\/\/lejonchet.fr\/index.php\/events\/ours1\/\">Samedi 20 janvier 2024 \u00e0 20h30<\/a><\/mark><\/strong> <br><strong><a href=\"https:\/\/lejonchet.fr\/index.php\/events\/ours2\/\">Dimanche 21 janvier \u00e0 2024 \u00e0 15H30<\/a><\/strong><\/td><\/tr><\/tbody><\/table><\/figure>\n\n\n\n<p class=\"has-vivid-red-color has-text-color\" style=\"font-size:40px\"><strong>Une petite ourse<\/strong><\/p>\n\n\n\n<p class=\"has-vivid-red-color has-text-color\"><strong>Solo clownesque et album jeunesse<br>pour dire le tabou sur les abus sexuels intrafamiliaux<\/strong><\/p>\n\n\n\n<p><em>par <\/em><strong><em>La Cie des Chim\u00e8res <br><\/em><\/strong><em>Ecriture et jeu<\/em><strong><em> M\u00e9lanie Limouzin<\/em><\/strong><\/p>\n\n\n\n<figure class=\"wp-block-image size-large\"><img loading=\"lazy\" decoding=\"async\" width=\"1024\" height=\"276\" src=\"https:\/\/lejonchet.fr\/wp-content\/uploads\/2023\/10\/Ours02-1024x276.jpg\" alt=\"\" class=\"wp-image-4709\" srcset=\"https:\/\/lejonchet.fr\/wp-content\/uploads\/2023\/10\/Ours02-1024x276.jpg 1024w, https:\/\/lejonchet.fr\/wp-content\/uploads\/2023\/10\/Ours02-300x81.jpg 300w, https:\/\/lejonchet.fr\/wp-content\/uploads\/2023\/10\/Ours02-768x207.jpg 768w, https:\/\/lejonchet.fr\/wp-content\/uploads\/2023\/10\/Ours02-690x186.jpg 690w, https:\/\/lejonchet.fr\/wp-content\/uploads\/2023\/10\/Ours02-980x264.jpg 980w, https:\/\/lejonchet.fr\/wp-content\/uploads\/2023\/10\/Ours02.jpg 1200w\" sizes=\"auto, (max-width: 1024px) 100vw, 1024px\" \/><\/figure>\n\n\n\n<p class=\"has-small-font-size\"><\/p>\n\n\n\n<p class=\"has-drop-cap\">Arm\u00e9e de sa multitude de cubes et au prix de nombreux efforts burlesques, elle nous pr\u00e9sente son univers, entour\u00e9e de sa grande famille \u00ab\u00a0normale\u00a0\u00bb et aimante. L\u2019harmonie est rompue par le geste de trop de Papi Ours.<br><br>Petite Ourse s&rsquo;exprime avec ses mots bien s\u00fbr, tant\u00f4t na\u00effs, tant\u00f4t acides, toujours po\u00e9tiques, mais surtout avec son corps et les objets qui l\u2019entourent. La clowne prend la parole pour rire de l\u2019indicible, se reconstruire et s\u2019indigner contre le silence de nos soci\u00e9t\u00e9s.<br><br>Pas de demi-mesure pour donner \u00e0 r\u00e9fl\u00e9chir sur les abus intrafamiliaux et plus largement sur le respect de l\u2019int\u00e9grit\u00e9 physique de l\u2019enfant et sur l\u2019importance d\u2019une \u00e9coute attentive et bienveillante \u00e0 son \u00e9gard. Pas de culpabilisation ni de moralisme, mais du rire, de l\u2019amour et du cirque : une mise en lumi\u00e8re du silence par la douceur et l\u2019esth\u00e9tisme.<\/p>\n\n\n\n<p class=\"has-small-font-size\"><strong><em>Tout public (d\u00e8s 6 ans) &#8211; Dur\u00e9e : 50 min<\/em><\/strong><\/p>\n\n\n\n<figure class=\"wp-block-gallery aligncenter has-nested-images columns-4 is-cropped wp-block-gallery-1 is-layout-flex wp-block-gallery-is-layout-flex\">\n<figure class=\"wp-block-image size-full\"><img loading=\"lazy\" decoding=\"async\" width=\"600\" height=\"600\" data-id=\"4710\" src=\"https:\/\/lejonchet.fr\/wp-content\/uploads\/2023\/10\/Ours03.jpg\" alt=\"\" class=\"wp-image-4710\" srcset=\"https:\/\/lejonchet.fr\/wp-content\/uploads\/2023\/10\/Ours03.jpg 600w, https:\/\/lejonchet.fr\/wp-content\/uploads\/2023\/10\/Ours03-300x300.jpg 300w, https:\/\/lejonchet.fr\/wp-content\/uploads\/2023\/10\/Ours03-150x150.jpg 150w\" sizes=\"auto, (max-width: 600px) 100vw, 600px\" \/><\/figure>\n\n\n\n<figure class=\"wp-block-image size-full\"><img loading=\"lazy\" decoding=\"async\" width=\"600\" height=\"600\" data-id=\"4712\" src=\"https:\/\/lejonchet.fr\/wp-content\/uploads\/2023\/10\/Ours06.jpg\" alt=\"\" class=\"wp-image-4712\" srcset=\"https:\/\/lejonchet.fr\/wp-content\/uploads\/2023\/10\/Ours06.jpg 600w, https:\/\/lejonchet.fr\/wp-content\/uploads\/2023\/10\/Ours06-300x300.jpg 300w, https:\/\/lejonchet.fr\/wp-content\/uploads\/2023\/10\/Ours06-150x150.jpg 150w\" sizes=\"auto, (max-width: 600px) 100vw, 600px\" \/><\/figure>\n\n\n\n<figure class=\"wp-block-image size-full\"><img loading=\"lazy\" decoding=\"async\" width=\"600\" height=\"600\" data-id=\"4711\" src=\"https:\/\/lejonchet.fr\/wp-content\/uploads\/2023\/10\/Ours04.jpg\" alt=\"\" class=\"wp-image-4711\" srcset=\"https:\/\/lejonchet.fr\/wp-content\/uploads\/2023\/10\/Ours04.jpg 600w, https:\/\/lejonchet.fr\/wp-content\/uploads\/2023\/10\/Ours04-300x300.jpg 300w, https:\/\/lejonchet.fr\/wp-content\/uploads\/2023\/10\/Ours04-150x150.jpg 150w\" sizes=\"auto, (max-width: 600px) 100vw, 600px\" \/><\/figure>\n\n\n\n<figure class=\"wp-block-image size-large\"><img loading=\"lazy\" decoding=\"async\" width=\"600\" height=\"600\" data-id=\"4713\" src=\"https:\/\/lejonchet.fr\/wp-content\/uploads\/2023\/10\/Ours05.jpg\" alt=\"\" class=\"wp-image-4713\" srcset=\"https:\/\/lejonchet.fr\/wp-content\/uploads\/2023\/10\/Ours05.jpg 600w, https:\/\/lejonchet.fr\/wp-content\/uploads\/2023\/10\/Ours05-300x300.jpg 300w, https:\/\/lejonchet.fr\/wp-content\/uploads\/2023\/10\/Ours05-150x150.jpg 150w\" sizes=\"auto, (max-width: 600px) 100vw, 600px\" \/><\/figure>\n<\/figure>\n\n\n\n<div class=\"wp-block-buttons is-content-justification-right is-layout-flex wp-container-core-buttons-is-layout-765c4724 wp-block-buttons-is-layout-flex\">\n<div class=\"wp-block-button alignright\"><a class=\"wp-block-button__link has-luminous-vivid-amber-background-color has-background has-text-align-left wp-element-button\" href=\"https:\/\/lejonchet.fr\/index.php\/agenda\/\" style=\"border-radius:39px\">R\u00e9servation&#8230;<\/a><\/div>\n<\/div>\n\n\n\n<figure class=\"wp-block-embed is-type-video is-provider-youtube wp-block-embed-youtube wp-embed-aspect-16-9 wp-has-aspect-ratio\"><div class=\"wp-block-embed__wrapper\">\n<iframe loading=\"lazy\" title=\"&quot;Une Petite Ourse&quot; ou &quot;Trop c&#039;est trop !&quot; | TEASER | La Cie des Chim\u00e8res\" width=\"980\" height=\"551\" src=\"https:\/\/www.youtube.com\/embed\/26EPhNafchU?start=4&#038;feature=oembed\" frameborder=\"0\" allow=\"accelerometer; autoplay; clipboard-write; encrypted-media; gyroscope; picture-in-picture; web-share\" allowfullscreen><\/iframe>\n<\/div><\/figure>\n","protected":false},"excerpt":{"rendered":"<p>RESERVATIONS :Samedi 20 janvier 2024 \u00e0 20h30 Dimanche 21 janvier \u00e0 2024 \u00e0 15H30 Une petite ourse Solo clownesque et album jeunessepour dire le tabou sur les abus sexuels intrafamiliaux par La Cie des Chim\u00e8res Ecriture et jeu M\u00e9lanie Limouzin Arm\u00e9e de sa multitude de cubes et au prix de nombreux efforts burlesques, elle nous [&hellip;]<\/p>\n","protected":false},"author":1,"featured_media":0,"parent":0,"menu_order":0,"comment_status":"closed","ping_status":"closed","template":"","meta":{"footnotes":""},"class_list":["post-4708","page","type-page","status-publish","hentry"],"_links":{"self":[{"href":"https:\/\/lejonchet.fr\/index.php\/wp-json\/wp\/v2\/pages\/4708","targetHints":{"allow":["GET"]}}],"collection":[{"href":"https:\/\/lejonchet.fr\/index.php\/wp-json\/wp\/v2\/pages"}],"about":[{"href":"https:\/\/lejonchet.fr\/index.php\/wp-json\/wp\/v2\/types\/page"}],"author":[{"embeddable":true,"href":"https:\/\/lejonchet.fr\/index.php\/wp-json\/wp\/v2\/users\/1"}],"replies":[{"embeddable":true,"href":"https:\/\/lejonchet.fr\/index.php\/wp-json\/wp\/v2\/comments?post=4708"}],"version-history":[{"count":6,"href":"https:\/\/lejonchet.fr\/index.php\/wp-json\/wp\/v2\/pages\/4708\/revisions"}],"predecessor-version":[{"id":5263,"href":"https:\/\/lejonchet.fr\/index.php\/wp-json\/wp\/v2\/pages\/4708\/revisions\/5263"}],"wp:attachment":[{"href":"https:\/\/lejonchet.fr\/index.php\/wp-json\/wp\/v2\/media?parent=4708"}],"curies":[{"name":"wp","href":"https:\/\/api.w.org\/{rel}","templated":true}]}}