{"id":4221,"date":"2023-06-11T20:47:25","date_gmt":"2023-06-11T18:47:25","guid":{"rendered":"https:\/\/lejonchet.fr\/?page_id=4221"},"modified":"2023-06-11T20:55:30","modified_gmt":"2023-06-11T18:55:30","slug":"adamee","status":"publish","type":"page","link":"https:\/\/lejonchet.fr\/index.php\/adamee\/","title":{"rendered":"Musique"},"content":{"rendered":"\n<figure class=\"wp-block-table alignright\"><table class=\"has-background\" style=\"background-color:#e7f5fe\"><tbody><tr><td class=\"has-text-align-right\" data-align=\"right\">RESERVATIONS :<br><strong><mark style=\"background-color:rgba(0, 0, 0, 0)\" class=\"has-inline-color has-vivid-cyan-blue-color\"><a href=\"https:\/\/lejonchet.fr\/index.php\/events\/adamee\/\">Vendredi 8 septembre 2023 \u00e0 20h30<\/a><\/mark><\/strong><\/td><\/tr><\/tbody><\/table><\/figure>\n\n\n\n<p class=\"has-vivid-red-color has-text-color\" style=\"font-size:40px\"><strong>Adam\u00e9e<\/strong><\/p>\n\n\n\n<p><em>de et par <strong>Myl\u00e8ne, Lisa et Margot<\/strong><\/em><\/p>\n\n\n\n<figure class=\"wp-block-image size-large\"><img loading=\"lazy\" decoding=\"async\" width=\"1024\" height=\"248\" src=\"https:\/\/lejonchet.fr\/wp-content\/uploads\/2023\/06\/Adamee04-1024x248.jpg\" alt=\"\" class=\"wp-image-4224\" srcset=\"https:\/\/lejonchet.fr\/wp-content\/uploads\/2023\/06\/Adamee04-1024x248.jpg 1024w, https:\/\/lejonchet.fr\/wp-content\/uploads\/2023\/06\/Adamee04-300x73.jpg 300w, https:\/\/lejonchet.fr\/wp-content\/uploads\/2023\/06\/Adamee04-768x186.jpg 768w, https:\/\/lejonchet.fr\/wp-content\/uploads\/2023\/06\/Adamee04-690x167.jpg 690w, https:\/\/lejonchet.fr\/wp-content\/uploads\/2023\/06\/Adamee04-980x237.jpg 980w, https:\/\/lejonchet.fr\/wp-content\/uploads\/2023\/06\/Adamee04.jpg 1536w\" sizes=\"auto, (max-width: 1024px) 100vw, 1024px\" \/><\/figure>\n\n\n\n<p class=\"has-small-font-size\"><\/p>\n\n\n\n<p class=\"has-drop-cap\">Associez des s\u0153urci\u00e8res percussives \u00e0 des cam\u00e9l\u00e9ones polyphoniques, saupoudrez d\u2019une cuiller\u00e9e de f\u00e9minisme et vous obtiendrez Adam\u00e9e.<br>Le trio vous embarque dans une \u00e9pop\u00e9e aux mille visages teint\u00e9e d\u2019humour, d\u2019\u00e9motions et de l\u00e9g\u00e8ret\u00e9 par les diff\u00e9rents tableaux propos\u00e9s tout au long du concert.<br>Le groupe fa\u00e7onne son univers artistique et engag\u00e9 en alliant arrangements et compositions originales.<br>Myl\u00e8ne, Lisa et Margot, chanteuses instrumentistes, fusionnent leurs diff\u00e9rentes personnalit\u00e9s et voix pour ne construire qu\u2019un seul son : celui d\u2019Adam\u00e9e<\/p>\n\n\n\n<figure class=\"wp-block-gallery aligncenter has-nested-images columns-3 is-cropped wp-block-gallery-1 is-layout-flex wp-block-gallery-is-layout-flex\">\n<figure class=\"wp-block-image size-full\"><img loading=\"lazy\" decoding=\"async\" width=\"515\" height=\"380\" data-id=\"4225\" src=\"https:\/\/lejonchet.fr\/wp-content\/uploads\/2023\/06\/Adamee02-1.jpg\" alt=\"\" class=\"wp-image-4225\" srcset=\"https:\/\/lejonchet.fr\/wp-content\/uploads\/2023\/06\/Adamee02-1.jpg 515w, https:\/\/lejonchet.fr\/wp-content\/uploads\/2023\/06\/Adamee02-1-300x221.jpg 300w\" sizes=\"auto, (max-width: 515px) 100vw, 515px\" \/><\/figure>\n\n\n\n<figure class=\"wp-block-image size-full\"><img loading=\"lazy\" decoding=\"async\" width=\"600\" height=\"402\" data-id=\"4228\" src=\"https:\/\/lejonchet.fr\/wp-content\/uploads\/2023\/06\/Adamee03-1.jpg\" alt=\"\" class=\"wp-image-4228\" srcset=\"https:\/\/lejonchet.fr\/wp-content\/uploads\/2023\/06\/Adamee03-1.jpg 600w, https:\/\/lejonchet.fr\/wp-content\/uploads\/2023\/06\/Adamee03-1-300x201.jpg 300w\" sizes=\"auto, (max-width: 600px) 100vw, 600px\" \/><\/figure>\n\n\n\n<figure class=\"wp-block-image size-full\"><img loading=\"lazy\" decoding=\"async\" width=\"600\" height=\"400\" data-id=\"4229\" src=\"https:\/\/lejonchet.fr\/wp-content\/uploads\/2023\/06\/Adamee05.jpg\" alt=\"\" class=\"wp-image-4229\" srcset=\"https:\/\/lejonchet.fr\/wp-content\/uploads\/2023\/06\/Adamee05.jpg 600w, https:\/\/lejonchet.fr\/wp-content\/uploads\/2023\/06\/Adamee05-300x200.jpg 300w\" sizes=\"auto, (max-width: 600px) 100vw, 600px\" \/><\/figure>\n<\/figure>\n\n\n\n<div class=\"wp-block-buttons is-content-justification-right is-layout-flex wp-container-core-buttons-is-layout-765c4724 wp-block-buttons-is-layout-flex\">\n<div class=\"wp-block-button alignright\"><a class=\"wp-block-button__link has-luminous-vivid-amber-background-color has-background has-text-align-left wp-element-button\" href=\"https:\/\/lejonchet.fr\/index.php\/events\/adamee\/\" style=\"border-radius:39px\">R\u00e9servation&#8230;<\/a><\/div>\n<\/div>\n\n\n\n<figure class=\"wp-block-embed is-type-video is-provider-youtube wp-block-embed-youtube wp-embed-aspect-16-9 wp-has-aspect-ratio\"><div class=\"wp-block-embed__wrapper\">\n<iframe loading=\"lazy\" title=\"No Me Toques Mal - Adam\u00e9e (Cover La Muchacha Ft Santiago Navas)\" width=\"980\" height=\"551\" src=\"https:\/\/www.youtube.com\/embed\/mmOqcFhFm_s?feature=oembed\" frameborder=\"0\" allow=\"accelerometer; autoplay; clipboard-write; encrypted-media; gyroscope; picture-in-picture; web-share\" allowfullscreen><\/iframe>\n<\/div><\/figure>\n","protected":false},"excerpt":{"rendered":"<p>RESERVATIONS :Vendredi 8 septembre 2023 \u00e0 20h30 Adam\u00e9e de et par Myl\u00e8ne, Lisa et Margot Associez des s\u0153urci\u00e8res percussives \u00e0 des cam\u00e9l\u00e9ones polyphoniques, saupoudrez d\u2019une cuiller\u00e9e de f\u00e9minisme et vous obtiendrez Adam\u00e9e.Le trio vous embarque dans une \u00e9pop\u00e9e aux mille visages teint\u00e9e d\u2019humour, d\u2019\u00e9motions et de l\u00e9g\u00e8ret\u00e9 par les diff\u00e9rents tableaux propos\u00e9s tout au long [&hellip;]<\/p>\n","protected":false},"author":1,"featured_media":0,"parent":0,"menu_order":0,"comment_status":"closed","ping_status":"closed","template":"","meta":{"footnotes":""},"class_list":["post-4221","page","type-page","status-publish","hentry"],"_links":{"self":[{"href":"https:\/\/lejonchet.fr\/index.php\/wp-json\/wp\/v2\/pages\/4221","targetHints":{"allow":["GET"]}}],"collection":[{"href":"https:\/\/lejonchet.fr\/index.php\/wp-json\/wp\/v2\/pages"}],"about":[{"href":"https:\/\/lejonchet.fr\/index.php\/wp-json\/wp\/v2\/types\/page"}],"author":[{"embeddable":true,"href":"https:\/\/lejonchet.fr\/index.php\/wp-json\/wp\/v2\/users\/1"}],"replies":[{"embeddable":true,"href":"https:\/\/lejonchet.fr\/index.php\/wp-json\/wp\/v2\/comments?post=4221"}],"version-history":[{"count":2,"href":"https:\/\/lejonchet.fr\/index.php\/wp-json\/wp\/v2\/pages\/4221\/revisions"}],"predecessor-version":[{"id":4236,"href":"https:\/\/lejonchet.fr\/index.php\/wp-json\/wp\/v2\/pages\/4221\/revisions\/4236"}],"wp:attachment":[{"href":"https:\/\/lejonchet.fr\/index.php\/wp-json\/wp\/v2\/media?parent=4221"}],"curies":[{"name":"wp","href":"https:\/\/api.w.org\/{rel}","templated":true}]}}

<figure class="wp-block-table alignright"><table class="has-background" style="background-color:#e7f5fe"><tbody><tr><td class="has-text-align-right" data-align="right">RESERVATIONS :<br><strong><mark style="background-color:rgba(0, 0, 0, 0)" class="has-inline-color has-vivid-cyan-blue-color"><a href="https://lejonchet.fr/index.php/events/adamee/">Vendredi 8 septembre 2023 à 20h30</a></mark></strong></td></tr></tbody></table></figure>



<p class="has-vivid-red-color has-text-color" style="font-size:40px"><strong>Adamée</strong></p>



<p><em>de et par <strong>Mylène, Lisa et Margot</strong></em></p>



<figure class="wp-block-image size-large"><img loading="lazy" decoding="async" width="1024" height="248" src="https://lejonchet.fr/wp-content/uploads/2023/06/Adamee04-1024x248.jpg" alt="" class="wp-image-4224" srcset="https://lejonchet.fr/wp-content/uploads/2023/06/Adamee04-1024x248.jpg 1024w, https://lejonchet.fr/wp-content/uploads/2023/06/Adamee04-300x73.jpg 300w, https://lejonchet.fr/wp-content/uploads/2023/06/Adamee04-768x186.jpg 768w, https://lejonchet.fr/wp-content/uploads/2023/06/Adamee04-690x167.jpg 690w, https://lejonchet.fr/wp-content/uploads/2023/06/Adamee04-980x237.jpg 980w, https://lejonchet.fr/wp-content/uploads/2023/06/Adamee04.jpg 1536w" sizes="auto, (max-width: 1024px) 100vw, 1024px" /></figure>



<p class="has-small-font-size"></p>



<p class="has-drop-cap">Associez des sœurcières percussives à des caméléones polyphoniques, saupoudrez d’une cuillerée de féminisme et vous obtiendrez Adamée.<br>Le trio vous embarque dans une épopée aux mille visages teintée d’humour, d’émotions et de légèreté par les différents tableaux proposés tout au long du concert.<br>Le groupe façonne son univers artistique et engagé en alliant arrangements et compositions originales.<br>Mylène, Lisa et Margot, chanteuses instrumentistes, fusionnent leurs différentes personnalités et voix pour ne construire qu’un seul son : celui d’Adamée</p>



<figure class="wp-block-gallery aligncenter has-nested-images columns-3 is-cropped wp-block-gallery-1 is-layout-flex wp-block-gallery-is-layout-flex">
<figure class="wp-block-image size-full"><img loading="lazy" decoding="async" width="515" height="380" data-id="4225" src="https://lejonchet.fr/wp-content/uploads/2023/06/Adamee02-1.jpg" alt="" class="wp-image-4225" srcset="https://lejonchet.fr/wp-content/uploads/2023/06/Adamee02-1.jpg 515w, https://lejonchet.fr/wp-content/uploads/2023/06/Adamee02-1-300x221.jpg 300w" sizes="auto, (max-width: 515px) 100vw, 515px" /></figure>



<figure class="wp-block-image size-full"><img loading="lazy" decoding="async" width="600" height="402" data-id="4228" src="https://lejonchet.fr/wp-content/uploads/2023/06/Adamee03-1.jpg" alt="" class="wp-image-4228" srcset="https://lejonchet.fr/wp-content/uploads/2023/06/Adamee03-1.jpg 600w, https://lejonchet.fr/wp-content/uploads/2023/06/Adamee03-1-300x201.jpg 300w" sizes="auto, (max-width: 600px) 100vw, 600px" /></figure>



<figure class="wp-block-image size-full"><img loading="lazy" decoding="async" width="600" height="400" data-id="4229" src="https://lejonchet.fr/wp-content/uploads/2023/06/Adamee05.jpg" alt="" class="wp-image-4229" srcset="https://lejonchet.fr/wp-content/uploads/2023/06/Adamee05.jpg 600w, https://lejonchet.fr/wp-content/uploads/2023/06/Adamee05-300x200.jpg 300w" sizes="auto, (max-width: 600px) 100vw, 600px" /></figure>
</figure>



<div class="wp-block-buttons is-content-justification-right is-layout-flex wp-container-core-buttons-is-layout-765c4724 wp-block-buttons-is-layout-flex">
<div class="wp-block-button alignright"><a class="wp-block-button__link has-luminous-vivid-amber-background-color has-background has-text-align-left wp-element-button" href="https://lejonchet.fr/index.php/events/adamee/" style="border-radius:39px">Réservation&#8230;</a></div>
</div>



<figure class="wp-block-embed is-type-video is-provider-youtube wp-block-embed-youtube wp-embed-aspect-16-9 wp-has-aspect-ratio"><div class="wp-block-embed__wrapper">
<iframe loading="lazy" title="No Me Toques Mal - Adamée (Cover La Muchacha Ft Santiago Navas)" width="980" height="551" src="https://www.youtube.com/embed/mmOqcFhFm_s?feature=oembed" frameborder="0" allow="accelerometer; autoplay; clipboard-write; encrypted-media; gyroscope; picture-in-picture; web-share" allowfullscreen></iframe>
</div></figure>

<p>RESERVATIONS :Vendredi 8 septembre 2023 à 20h30 Adamée de et par Mylène, Lisa et Margot Associez des sœurcières percussives à des caméléones polyphoniques, saupoudrez d’une cuillerée de féminisme et vous obtiendrez Adamée.Le trio vous embarque dans une épopée aux mille visages teintée d’humour, d’émotions et de légèreté par les différents tableaux proposés tout au long [&hellip;]</p>
