{"id":3956,"date":"2023-05-10T21:22:58","date_gmt":"2023-05-10T19:22:58","guid":{"rendered":"https:\/\/lejonchet.fr\/?page_id=3956"},"modified":"2023-05-10T21:42:27","modified_gmt":"2023-05-10T19:42:27","slug":"le-monte-plats","status":"publish","type":"page","link":"https:\/\/lejonchet.fr\/index.php\/le-monte-plats\/","title":{"rendered":"Th\u00e9\u00e2tre"},"content":{"rendered":"\n<p class=\"has-vivid-red-color has-text-color\" style=\"font-size:40px\"><strong><em>Le monte-plats<\/em><\/strong> <\/p>\n\n\n\n<figure class=\"wp-block-table alignright\"><table class=\"has-background\" style=\"background-color:#e7f5fe\"><tbody><tr><td class=\"has-text-align-right\" data-align=\"right\">RESERVATIONS :<br> <strong><mark style=\"background-color:rgba(0, 0, 0, 0)\" class=\"has-inline-color has-vivid-cyan-blue-color\"><a href=\"https:\/\/lejonchet.fr\/index.php\/events\/le-monte-plats\/\">Dimanche 8 octobre \u00e0 15h30<\/a><\/mark><\/strong><\/td><\/tr><\/tbody><\/table><\/figure>\n\n\n\n<p>de <strong>Harold Pinter <\/strong><br>par la <strong>Compagnie Hitoire de Jouer <\/strong><br>avec <strong>Pascal Destal<\/strong> et<strong> Fabien Mairey<\/strong><br>Mise en sc\u00e8ne <strong>Pascal Destal<\/strong><\/p>\n\n\n\n<figure class=\"wp-block-image size-large\"><img loading=\"lazy\" decoding=\"async\" width=\"1024\" height=\"224\" src=\"https:\/\/lejonchet.fr\/wp-content\/uploads\/2023\/05\/Im03-1024x224.jpg\" alt=\"\" class=\"wp-image-3957\" srcset=\"https:\/\/lejonchet.fr\/wp-content\/uploads\/2023\/05\/Im03-1024x224.jpg 1024w, https:\/\/lejonchet.fr\/wp-content\/uploads\/2023\/05\/Im03-300x66.jpg 300w, https:\/\/lejonchet.fr\/wp-content\/uploads\/2023\/05\/Im03-768x168.jpg 768w, https:\/\/lejonchet.fr\/wp-content\/uploads\/2023\/05\/Im03-690x151.jpg 690w, https:\/\/lejonchet.fr\/wp-content\/uploads\/2023\/05\/Im03-980x214.jpg 980w, https:\/\/lejonchet.fr\/wp-content\/uploads\/2023\/05\/Im03.jpg 1200w\" sizes=\"auto, (max-width: 1024px) 100vw, 1024px\" \/><\/figure>\n\n\n\n<p class=\"has-small-font-size\"><\/p>\n\n\n\n<blockquote class=\"wp-block-quote is-layout-flow wp-block-quote-is-layout-flow\">\n<p class=\"has-drop-cap\">Pour tuer le temps, les deux personnages discutent, mais dans une impossibilit\u00e9 \u00e0 se comprendre. Comme dans un duo de trag\u00e9die ou de clowns, on retrouve le dominant et le domin\u00e9, tous deux en proie \u00e0 une certaine souffrance. Le tragique n\u2019en demeure pas moins comique par l\u2019absurdit\u00e9 de la situation et de l\u2019\u00e9criture.<\/p>\n\n\n\n<p>Obs\u00e9d\u00e9 depuis toujours par la lutte contre l\u2019oppression et la torture, Pinter nous livre ici une m\u00e9taphore sur la hi\u00e9rarchie et l\u2019ob\u00e9issance aveugle.&nbsp;<\/p>\n\n\n\n<p>Cette pi\u00e8ce de Harold Pinter, prix Nobel de litt\u00e9rature en 2005, a \u00e9t\u00e9 \u00e9crite en 1957.<\/p>\n<\/blockquote>\n\n\n\n<div class=\"wp-block-button alignright\"><a class=\"wp-block-button__link has-luminous-vivid-amber-background-color has-background wp-element-button\" href=\"https:\/\/lejonchet.fr\/index.php\/events\/le-monte-plats\/\" style=\"border-radius:39px\">R\u00e9servation&#8230;<\/a><\/div>\n\n\n\n<figure class=\"wp-block-gallery aligncenter has-nested-images columns-3 is-cropped wp-block-gallery-1 is-layout-flex wp-block-gallery-is-layout-flex\">\n<figure class=\"wp-block-image size-full\"><img loading=\"lazy\" decoding=\"async\" width=\"562\" height=\"562\" data-id=\"3958\" src=\"https:\/\/lejonchet.fr\/wp-content\/uploads\/2023\/05\/Im04.jpg\" alt=\"\" class=\"wp-image-3958\" srcset=\"https:\/\/lejonchet.fr\/wp-content\/uploads\/2023\/05\/Im04.jpg 562w, https:\/\/lejonchet.fr\/wp-content\/uploads\/2023\/05\/Im04-300x300.jpg 300w, https:\/\/lejonchet.fr\/wp-content\/uploads\/2023\/05\/Im04-150x150.jpg 150w\" sizes=\"auto, (max-width: 562px) 100vw, 562px\" \/><\/figure>\n\n\n\n<figure class=\"wp-block-image size-full\"><img loading=\"lazy\" decoding=\"async\" width=\"809\" height=\"809\" data-id=\"3959\" src=\"https:\/\/lejonchet.fr\/wp-content\/uploads\/2023\/05\/Im06.jpg\" alt=\"\" class=\"wp-image-3959\" srcset=\"https:\/\/lejonchet.fr\/wp-content\/uploads\/2023\/05\/Im06.jpg 809w, https:\/\/lejonchet.fr\/wp-content\/uploads\/2023\/05\/Im06-300x300.jpg 300w, https:\/\/lejonchet.fr\/wp-content\/uploads\/2023\/05\/Im06-150x150.jpg 150w, https:\/\/lejonchet.fr\/wp-content\/uploads\/2023\/05\/Im06-768x768.jpg 768w, https:\/\/lejonchet.fr\/wp-content\/uploads\/2023\/05\/Im06-690x690.jpg 690w\" sizes=\"auto, (max-width: 809px) 100vw, 809px\" \/><\/figure>\n\n\n\n<figure class=\"wp-block-image size-full\"><img loading=\"lazy\" decoding=\"async\" width=\"600\" height=\"600\" data-id=\"3960\" src=\"https:\/\/lejonchet.fr\/wp-content\/uploads\/2023\/05\/Im05.jpg\" alt=\"\" class=\"wp-image-3960\" srcset=\"https:\/\/lejonchet.fr\/wp-content\/uploads\/2023\/05\/Im05.jpg 600w, https:\/\/lejonchet.fr\/wp-content\/uploads\/2023\/05\/Im05-300x300.jpg 300w, https:\/\/lejonchet.fr\/wp-content\/uploads\/2023\/05\/Im05-150x150.jpg 150w\" sizes=\"auto, (max-width: 600px) 100vw, 600px\" \/><\/figure>\n<\/figure>\n\n\n\n<figure class=\"wp-block-embed is-type-video is-provider-youtube wp-block-embed-youtube wp-embed-aspect-16-9 wp-has-aspect-ratio\"><div class=\"wp-block-embed__wrapper\">\n<iframe loading=\"lazy\" title=\"Le Monte-Plats de Harold Pinter par la Compagnie Histoire de Jouer\" width=\"980\" height=\"551\" src=\"https:\/\/www.youtube.com\/embed\/U6oBQK4Qh2o?start=3&#038;feature=oembed\" frameborder=\"0\" allow=\"accelerometer; autoplay; clipboard-write; encrypted-media; gyroscope; picture-in-picture; web-share\" allowfullscreen><\/iframe>\n<\/div><\/figure>\n","protected":false},"excerpt":{"rendered":"<p>Le monte-plats RESERVATIONS : Dimanche 8 octobre \u00e0 15h30 de Harold Pinter par la Compagnie Hitoire de Jouer avec Pascal Destal et Fabien MaireyMise en sc\u00e8ne Pascal Destal Pour tuer le temps, les deux personnages discutent, mais dans une impossibilit\u00e9 \u00e0 se comprendre. Comme dans un duo de trag\u00e9die ou de clowns, on retrouve le [&hellip;]<\/p>\n","protected":false},"author":1,"featured_media":0,"parent":0,"menu_order":0,"comment_status":"closed","ping_status":"closed","template":"","meta":{"footnotes":""},"class_list":["post-3956","page","type-page","status-publish","hentry"],"_links":{"self":[{"href":"https:\/\/lejonchet.fr\/index.php\/wp-json\/wp\/v2\/pages\/3956","targetHints":{"allow":["GET"]}}],"collection":[{"href":"https:\/\/lejonchet.fr\/index.php\/wp-json\/wp\/v2\/pages"}],"about":[{"href":"https:\/\/lejonchet.fr\/index.php\/wp-json\/wp\/v2\/types\/page"}],"author":[{"embeddable":true,"href":"https:\/\/lejonchet.fr\/index.php\/wp-json\/wp\/v2\/users\/1"}],"replies":[{"embeddable":true,"href":"https:\/\/lejonchet.fr\/index.php\/wp-json\/wp\/v2\/comments?post=3956"}],"version-history":[{"count":2,"href":"https:\/\/lejonchet.fr\/index.php\/wp-json\/wp\/v2\/pages\/3956\/revisions"}],"predecessor-version":[{"id":3969,"href":"https:\/\/lejonchet.fr\/index.php\/wp-json\/wp\/v2\/pages\/3956\/revisions\/3969"}],"wp:attachment":[{"href":"https:\/\/lejonchet.fr\/index.php\/wp-json\/wp\/v2\/media?parent=3956"}],"curies":[{"name":"wp","href":"https:\/\/api.w.org\/{rel}","templated":true}]}}