{"id":3906,"date":"2023-05-09T15:49:19","date_gmt":"2023-05-09T13:49:19","guid":{"rendered":"https:\/\/lejonchet.fr\/?page_id=3906"},"modified":"2023-10-08T21:13:26","modified_gmt":"2023-10-08T19:13:26","slug":"theatre-19","status":"publish","type":"page","link":"https:\/\/lejonchet.fr\/index.php\/theatre-19\/","title":{"rendered":"Th\u00e9\u00e2tre"},"content":{"rendered":"\n<p class=\"has-vivid-red-color has-text-color\" style=\"font-size:40px\"><strong>\u00c7a va mieux en le disant<\/strong> <\/p>\n\n\n\n<p class=\"has-medium-font-size\"><strong>Confidences absurdissantes<\/strong><\/p>\n\n\n\n<figure class=\"wp-block-table alignright\"><table class=\"has-background\" style=\"background-color:#e7f5fe\"><tbody><tr><td class=\"has-text-align-right\" data-align=\"right\">RESERVATIONS :<br><strong><mark style=\"background-color:rgba(0, 0, 0, 0)\" class=\"has-inline-color has-vivid-cyan-blue-color\"><a href=\"https:\/\/lejonchet.fr\/index.php\/events\/ca-va-mieux-en-le-disant-2\/\">Dimanche 22 octobre \u00e0 15h30<\/a><\/mark><\/strong><\/td><\/tr><\/tbody><\/table><\/figure>\n\n\n\n<p><\/p>\n\n\n\n<p>de la <strong>Compagnie Le Chien Perch\u00e9<\/strong> <br>par <strong>Nicolas Edant <\/strong><br>Mise en sc\u00e8ne Lalao Pham Van Xua<\/p>\n\n\n\n<figure class=\"wp-block-image size-large\"><img loading=\"lazy\" decoding=\"async\" width=\"1024\" height=\"245\" src=\"https:\/\/lejonchet.fr\/wp-content\/uploads\/2023\/05\/Edant02-1024x245.jpg\" alt=\"\" class=\"wp-image-3911\" srcset=\"https:\/\/lejonchet.fr\/wp-content\/uploads\/2023\/05\/Edant02-1024x245.jpg 1024w, https:\/\/lejonchet.fr\/wp-content\/uploads\/2023\/05\/Edant02-300x72.jpg 300w, https:\/\/lejonchet.fr\/wp-content\/uploads\/2023\/05\/Edant02-768x183.jpg 768w, https:\/\/lejonchet.fr\/wp-content\/uploads\/2023\/05\/Edant02-690x165.jpg 690w, https:\/\/lejonchet.fr\/wp-content\/uploads\/2023\/05\/Edant02-980x234.jpg 980w, https:\/\/lejonchet.fr\/wp-content\/uploads\/2023\/05\/Edant02.jpg 1440w\" sizes=\"auto, (max-width: 1024px) 100vw, 1024px\" \/><\/figure>\n\n\n\n<p class=\"has-small-font-size\"><\/p>\n\n\n\n<blockquote class=\"wp-block-quote is-layout-flow wp-block-quote-is-layout-flow\">\n<p class=\"has-drop-cap\">Pourquoi parler simple quand on peut penser compliqu\u00e9 ?<br>En nous offrant ses confidences avec autant de retenue que de plaisir, Daniel Caston nous ouvre les portes d&rsquo;un monde fac\u00e9tieux et sensible o\u00f9 l&rsquo;absurde se cache \u00e0 l&rsquo;or\u00e9e de chaque phrase. <br>Teint\u00e9es d&rsquo;un doux parfum de Raymond Devos, ses histoires aux textes cisel\u00e9s fourmillent de doubles sens et de tiroirs cach\u00e9s : autant de br\u00e8ches dans le r\u00e9el qui nous entra\u00eenent vers un univers d\u00e9licat et na\u00eff dans lequel humour et amour jouent des coudes pour finir main dans la main.<\/p>\n\n\n\n<p><\/p>\n<\/blockquote>\n\n\n\n<div class=\"wp-block-button alignright\"><a class=\"wp-block-button__link has-luminous-vivid-amber-background-color has-background wp-element-button\" href=\"https:\/\/lejonchet.fr\/index.php\/events\/ca-va-mieux-en-le-disant-2\/\" style=\"border-radius:39px\">R\u00e9servation&#8230;<\/a><\/div>\n\n\n\n<p class=\"has-small-font-size\">Tout public \u00e0 partir de 7 ans<br>Dur\u00e9e du spectacle : 50mn<\/p>\n\n\n\n<figure class=\"wp-block-gallery aligncenter has-nested-images columns-3 is-cropped wp-block-gallery-1 is-layout-flex wp-block-gallery-is-layout-flex\">\n<figure class=\"wp-block-image size-full\"><img loading=\"lazy\" decoding=\"async\" width=\"375\" height=\"375\" data-id=\"3913\" src=\"https:\/\/lejonchet.fr\/wp-content\/uploads\/2023\/05\/Edant03.jpg\" alt=\"\" class=\"wp-image-3913\" srcset=\"https:\/\/lejonchet.fr\/wp-content\/uploads\/2023\/05\/Edant03.jpg 375w, https:\/\/lejonchet.fr\/wp-content\/uploads\/2023\/05\/Edant03-300x300.jpg 300w, https:\/\/lejonchet.fr\/wp-content\/uploads\/2023\/05\/Edant03-150x150.jpg 150w\" sizes=\"auto, (max-width: 375px) 100vw, 375px\" \/><\/figure>\n\n\n\n<figure class=\"wp-block-image size-full\"><img loading=\"lazy\" decoding=\"async\" width=\"586\" height=\"586\" data-id=\"3914\" src=\"https:\/\/lejonchet.fr\/wp-content\/uploads\/2023\/05\/Edant04.jpg\" alt=\"\" class=\"wp-image-3914\" srcset=\"https:\/\/lejonchet.fr\/wp-content\/uploads\/2023\/05\/Edant04.jpg 586w, https:\/\/lejonchet.fr\/wp-content\/uploads\/2023\/05\/Edant04-300x300.jpg 300w, https:\/\/lejonchet.fr\/wp-content\/uploads\/2023\/05\/Edant04-150x150.jpg 150w\" sizes=\"auto, (max-width: 586px) 100vw, 586px\" \/><\/figure>\n\n\n\n<figure class=\"wp-block-image size-full\"><img loading=\"lazy\" decoding=\"async\" width=\"655\" height=\"655\" data-id=\"3915\" src=\"https:\/\/lejonchet.fr\/wp-content\/uploads\/2023\/05\/Edant05.jpg\" alt=\"\" class=\"wp-image-3915\" srcset=\"https:\/\/lejonchet.fr\/wp-content\/uploads\/2023\/05\/Edant05.jpg 655w, https:\/\/lejonchet.fr\/wp-content\/uploads\/2023\/05\/Edant05-300x300.jpg 300w, https:\/\/lejonchet.fr\/wp-content\/uploads\/2023\/05\/Edant05-150x150.jpg 150w\" sizes=\"auto, (max-width: 655px) 100vw, 655px\" \/><\/figure>\n<\/figure>\n\n\n\n<figure class=\"wp-block-embed is-type-video is-provider-youtube wp-block-embed-youtube wp-embed-aspect-16-9 wp-has-aspect-ratio\"><div class=\"wp-block-embed__wrapper\">\n<iframe loading=\"lazy\" title=\"\u00c7a va mieux en le disant\" width=\"980\" height=\"551\" src=\"https:\/\/www.youtube.com\/embed\/j_hmOXWrwv4?feature=oembed\" frameborder=\"0\" allow=\"accelerometer; autoplay; clipboard-write; encrypted-media; gyroscope; picture-in-picture; web-share\" allowfullscreen><\/iframe>\n<\/div><\/figure>\n","protected":false},"excerpt":{"rendered":"<p>\u00c7a va mieux en le disant Confidences absurdissantes RESERVATIONS :Dimanche 22 octobre \u00e0 15h30 de la Compagnie Le Chien Perch\u00e9 par Nicolas Edant Mise en sc\u00e8ne Lalao Pham Van Xua Pourquoi parler simple quand on peut penser compliqu\u00e9 ?En nous offrant ses confidences avec autant de retenue que de plaisir, Daniel Caston nous ouvre les [&hellip;]<\/p>\n","protected":false},"author":1,"featured_media":0,"parent":0,"menu_order":0,"comment_status":"closed","ping_status":"closed","template":"","meta":{"footnotes":""},"class_list":["post-3906","page","type-page","status-publish","hentry"],"_links":{"self":[{"href":"https:\/\/lejonchet.fr\/index.php\/wp-json\/wp\/v2\/pages\/3906","targetHints":{"allow":["GET"]}}],"collection":[{"href":"https:\/\/lejonchet.fr\/index.php\/wp-json\/wp\/v2\/pages"}],"about":[{"href":"https:\/\/lejonchet.fr\/index.php\/wp-json\/wp\/v2\/types\/page"}],"author":[{"embeddable":true,"href":"https:\/\/lejonchet.fr\/index.php\/wp-json\/wp\/v2\/users\/1"}],"replies":[{"embeddable":true,"href":"https:\/\/lejonchet.fr\/index.php\/wp-json\/wp\/v2\/comments?post=3906"}],"version-history":[{"count":13,"href":"https:\/\/lejonchet.fr\/index.php\/wp-json\/wp\/v2\/pages\/3906\/revisions"}],"predecessor-version":[{"id":4623,"href":"https:\/\/lejonchet.fr\/index.php\/wp-json\/wp\/v2\/pages\/3906\/revisions\/4623"}],"wp:attachment":[{"href":"https:\/\/lejonchet.fr\/index.php\/wp-json\/wp\/v2\/media?parent=3906"}],"curies":[{"name":"wp","href":"https:\/\/api.w.org\/{rel}","templated":true}]}}