{"id":3838,"date":"2023-05-04T11:53:50","date_gmt":"2023-05-04T09:53:50","guid":{"rendered":"https:\/\/lejonchet.fr\/?page_id=3838"},"modified":"2023-05-04T12:12:06","modified_gmt":"2023-05-04T10:12:06","slug":"chanson-urbaine","status":"publish","type":"page","link":"https:\/\/lejonchet.fr\/index.php\/chanson-urbaine\/","title":{"rendered":"Chanson urbaine"},"content":{"rendered":"\n<figure class=\"wp-block-table alignright\"><table class=\"has-background\" style=\"background-color:#e7f5fe\"><tbody><tr><td class=\"has-text-align-right\" data-align=\"right\">RESERVATIONS :<br><strong><mark style=\"background-color:rgba(0, 0, 0, 0)\" class=\"has-inline-color has-vivid-cyan-blue-color\"><a href=\"https:\/\/lejonchet.fr\/index.php\/events\/tiou\/\">Vendredi 3 novembre 2023 \u00e0 20h30<\/a><\/mark><\/strong><\/td><\/tr><\/tbody><\/table><\/figure>\n\n\n\n<p class=\"has-vivid-red-color has-text-color\" style=\"font-size:40px\"><strong>Tiou en concert<\/strong><\/p>\n\n\n\n<p><em>accompagn\u00e9 au piano par <strong>Xavier Duprat<\/strong><\/em><\/p>\n\n\n\n<figure class=\"wp-block-image size-full\"><img loading=\"lazy\" decoding=\"async\" width=\"810\" height=\"214\" src=\"https:\/\/lejonchet.fr\/wp-content\/uploads\/2023\/05\/Tiou02.jpg\" alt=\"\" class=\"wp-image-3839\" srcset=\"https:\/\/lejonchet.fr\/wp-content\/uploads\/2023\/05\/Tiou02.jpg 810w, https:\/\/lejonchet.fr\/wp-content\/uploads\/2023\/05\/Tiou02-300x79.jpg 300w, https:\/\/lejonchet.fr\/wp-content\/uploads\/2023\/05\/Tiou02-768x203.jpg 768w, https:\/\/lejonchet.fr\/wp-content\/uploads\/2023\/05\/Tiou02-690x182.jpg 690w\" sizes=\"auto, (max-width: 810px) 100vw, 810px\" \/><\/figure>\n\n\n\n<p class=\"has-small-font-size\"><\/p>\n\n\n\n<p class=\"has-drop-cap\">Bordelais d\u2019origine, Mathieu Andreau alias Tiou d\u00e9bute sa carri\u00e8re solo en 2010. Tr\u00e8s vite soutenu par plusieurs dispositifs r\u00e9gionaux (IDDAC, OARA), c\u2019est apr\u00e8s plus de 150 concerts et un album intitul\u00e9 \u00ab\u00a0<strong>Paradoxes<\/strong>\u00a0\u00bb qu\u2019il s\u2019entoure de musiciens. Rapidement, des portes s\u2019ouvrent, en particulier lorsqu\u2019il remporte les bravos du festival <strong>Alors\u2026 Chante<\/strong>.<br>Il enregistre alors &#8211; avec l\u2019aide de \u201cl\u2019autoproduction de la SACEM\u201d &#8211; son premier EP <strong>\u00ab\u00a0On est des gosses\u00a0\u00bb<\/strong> en 2013 et entame une tourn\u00e9e nationale avec de nombreux festivals (Musicalarue, Festival Darc, D\u00e9tour de chant) et premi\u00e8res parties (Arno, CarmenMaria Vega, Tryo, Julien Dor\u00e9\u2026). <\/p>\n\n\n\n<p>Renouant avec la sc\u00e8ne nationale \u201cchanson\u201d en 2018 (2\u00e8me prix \u201cMans Pop festival\u201d, laur\u00e9at \u201cFestiv\u2019en marche\u201d, article \u00e9logieux dans le magazine sp\u00e9cialis\u00e9 chanson Hexagone) et parrain\u00e9 par Dany Lapointe, il obtient une labellisation par le R\u00e9seau Chanson Occitanie pour l\u2019ann\u00e9e 2020 (report\u00e9 sur 2021) ainsi qu\u2019un soutien de la part de la R\u00e9gion Occitanie et du D\u00e9partement de l\u2019H\u00e9rault. Gr\u00e2ce \u00e0 ces collaborations, il sort en f\u00e9vrier 2022, son nouvel EP 3615 #Hashtag.<br>Deux clips ont accompagn\u00e9s cette sortie.<\/p>\n\n\n\n<figure class=\"wp-block-gallery aligncenter has-nested-images columns-3 is-cropped wp-block-gallery-1 is-layout-flex wp-block-gallery-is-layout-flex\">\n<figure class=\"wp-block-image size-full\"><img loading=\"lazy\" decoding=\"async\" width=\"600\" height=\"600\" data-id=\"3840\" src=\"https:\/\/lejonchet.fr\/wp-content\/uploads\/2023\/05\/Tiou05.jpg\" alt=\"\" class=\"wp-image-3840\" srcset=\"https:\/\/lejonchet.fr\/wp-content\/uploads\/2023\/05\/Tiou05.jpg 600w, https:\/\/lejonchet.fr\/wp-content\/uploads\/2023\/05\/Tiou05-300x300.jpg 300w, https:\/\/lejonchet.fr\/wp-content\/uploads\/2023\/05\/Tiou05-150x150.jpg 150w\" sizes=\"auto, (max-width: 600px) 100vw, 600px\" \/><\/figure>\n\n\n\n<figure class=\"wp-block-image size-full\"><img loading=\"lazy\" decoding=\"async\" width=\"600\" height=\"516\" data-id=\"3841\" src=\"https:\/\/lejonchet.fr\/wp-content\/uploads\/2023\/05\/Tiou03.jpg\" alt=\"\" class=\"wp-image-3841\" srcset=\"https:\/\/lejonchet.fr\/wp-content\/uploads\/2023\/05\/Tiou03.jpg 600w, https:\/\/lejonchet.fr\/wp-content\/uploads\/2023\/05\/Tiou03-300x258.jpg 300w\" sizes=\"auto, (max-width: 600px) 100vw, 600px\" \/><\/figure>\n\n\n\n<figure class=\"wp-block-image size-full\"><img loading=\"lazy\" decoding=\"async\" width=\"600\" height=\"750\" data-id=\"3843\" src=\"https:\/\/lejonchet.fr\/wp-content\/uploads\/2023\/05\/Tiou.jpg\" alt=\"\" class=\"wp-image-3843\" srcset=\"https:\/\/lejonchet.fr\/wp-content\/uploads\/2023\/05\/Tiou.jpg 600w, https:\/\/lejonchet.fr\/wp-content\/uploads\/2023\/05\/Tiou-240x300.jpg 240w\" sizes=\"auto, (max-width: 600px) 100vw, 600px\" \/><\/figure>\n<\/figure>\n\n\n\n<p class=\"has-small-font-size\"><em><strong>Cr\u00e9dits photos : Lilian Ginet, Michel Joubert, Douglas Guillot.<\/strong><\/em><\/p>\n\n\n\n<div class=\"wp-block-buttons is-content-justification-right is-layout-flex wp-container-core-buttons-is-layout-765c4724 wp-block-buttons-is-layout-flex\">\n<div class=\"wp-block-button alignright\"><a class=\"wp-block-button__link has-luminous-vivid-amber-background-color has-background has-text-align-left wp-element-button\" href=\"https:\/\/lejonchet.fr\/index.php\/events\/tiou\/\" style=\"border-radius:39px\">R\u00e9servation&#8230;<\/a><\/div>\n<\/div>\n\n\n\n<figure class=\"wp-block-embed is-type-video is-provider-youtube wp-block-embed-youtube wp-embed-aspect-16-9 wp-has-aspect-ratio\"><div class=\"wp-block-embed__wrapper\">\n<iframe loading=\"lazy\" title=\"TIOU - Jeux de mains (Live Session)\" width=\"980\" height=\"551\" src=\"https:\/\/www.youtube.com\/embed\/IX5PoBee5Cs?feature=oembed\" frameborder=\"0\" allow=\"accelerometer; autoplay; clipboard-write; encrypted-media; gyroscope; picture-in-picture; web-share\" allowfullscreen><\/iframe>\n<\/div><\/figure>\n","protected":false},"excerpt":{"rendered":"<p>RESERVATIONS :Vendredi 3 novembre 2023 \u00e0 20h30 Tiou en concert accompagn\u00e9 au piano par Xavier Duprat Bordelais d\u2019origine, Mathieu Andreau alias Tiou d\u00e9bute sa carri\u00e8re solo en 2010. Tr\u00e8s vite soutenu par plusieurs dispositifs r\u00e9gionaux (IDDAC, OARA), c\u2019est apr\u00e8s plus de 150 concerts et un album intitul\u00e9 \u00ab\u00a0Paradoxes\u00a0\u00bb qu\u2019il s\u2019entoure de musiciens. Rapidement, des portes [&hellip;]<\/p>\n","protected":false},"author":1,"featured_media":0,"parent":0,"menu_order":0,"comment_status":"closed","ping_status":"closed","template":"","meta":{"footnotes":""},"class_list":["post-3838","page","type-page","status-publish","hentry"],"_links":{"self":[{"href":"https:\/\/lejonchet.fr\/index.php\/wp-json\/wp\/v2\/pages\/3838","targetHints":{"allow":["GET"]}}],"collection":[{"href":"https:\/\/lejonchet.fr\/index.php\/wp-json\/wp\/v2\/pages"}],"about":[{"href":"https:\/\/lejonchet.fr\/index.php\/wp-json\/wp\/v2\/types\/page"}],"author":[{"embeddable":true,"href":"https:\/\/lejonchet.fr\/index.php\/wp-json\/wp\/v2\/users\/1"}],"replies":[{"embeddable":true,"href":"https:\/\/lejonchet.fr\/index.php\/wp-json\/wp\/v2\/comments?post=3838"}],"version-history":[{"count":5,"href":"https:\/\/lejonchet.fr\/index.php\/wp-json\/wp\/v2\/pages\/3838\/revisions"}],"predecessor-version":[{"id":3854,"href":"https:\/\/lejonchet.fr\/index.php\/wp-json\/wp\/v2\/pages\/3838\/revisions\/3854"}],"wp:attachment":[{"href":"https:\/\/lejonchet.fr\/index.php\/wp-json\/wp\/v2\/media?parent=3838"}],"curies":[{"name":"wp","href":"https:\/\/api.w.org\/{rel}","templated":true}]}}

<figure class="wp-block-table alignright"><table class="has-background" style="background-color:#e7f5fe"><tbody><tr><td class="has-text-align-right" data-align="right">RESERVATIONS :<br><strong><mark style="background-color:rgba(0, 0, 0, 0)" class="has-inline-color has-vivid-cyan-blue-color"><a href="https://lejonchet.fr/index.php/events/tiou/">Vendredi 3 novembre 2023 à 20h30</a></mark></strong></td></tr></tbody></table></figure>



<p class="has-vivid-red-color has-text-color" style="font-size:40px"><strong>Tiou en concert</strong></p>



<p><em>accompagné au piano par <strong>Xavier Duprat</strong></em></p>



<figure class="wp-block-image size-full"><img loading="lazy" decoding="async" width="810" height="214" src="https://lejonchet.fr/wp-content/uploads/2023/05/Tiou02.jpg" alt="" class="wp-image-3839" srcset="https://lejonchet.fr/wp-content/uploads/2023/05/Tiou02.jpg 810w, https://lejonchet.fr/wp-content/uploads/2023/05/Tiou02-300x79.jpg 300w, https://lejonchet.fr/wp-content/uploads/2023/05/Tiou02-768x203.jpg 768w, https://lejonchet.fr/wp-content/uploads/2023/05/Tiou02-690x182.jpg 690w" sizes="auto, (max-width: 810px) 100vw, 810px" /></figure>



<p class="has-small-font-size"></p>



<p class="has-drop-cap">Bordelais d’origine, Mathieu Andreau alias Tiou débute sa carrière solo en 2010. Très vite soutenu par plusieurs dispositifs régionaux (IDDAC, OARA), c’est après plus de 150 concerts et un album intitulé « <strong>Paradoxes</strong> » qu’il s’entoure de musiciens. Rapidement, des portes s’ouvrent, en particulier lorsqu’il remporte les bravos du festival <strong>Alors… Chante</strong>.<br>Il enregistre alors &#8211; avec l’aide de “l’autoproduction de la SACEM” &#8211; son premier EP <strong>« On est des gosses »</strong> en 2013 et entame une tournée nationale avec de nombreux festivals (Musicalarue, Festival Darc, Détour de chant) et premières parties (Arno, CarmenMaria Vega, Tryo, Julien Doré…). </p>



<p>Renouant avec la scène nationale “chanson” en 2018 (2ème prix “Mans Pop festival”, lauréat “Festiv’en marche”, article élogieux dans le magazine spécialisé chanson Hexagone) et parrainé par Dany Lapointe, il obtient une labellisation par le Réseau Chanson Occitanie pour l’année 2020 (reporté sur 2021) ainsi qu’un soutien de la part de la Région Occitanie et du Département de l’Hérault. Grâce à ces collaborations, il sort en février 2022, son nouvel EP 3615 #Hashtag.<br>Deux clips ont accompagnés cette sortie.</p>



<figure class="wp-block-gallery aligncenter has-nested-images columns-3 is-cropped wp-block-gallery-1 is-layout-flex wp-block-gallery-is-layout-flex">
<figure class="wp-block-image size-full"><img loading="lazy" decoding="async" width="600" height="600" data-id="3840" src="https://lejonchet.fr/wp-content/uploads/2023/05/Tiou05.jpg" alt="" class="wp-image-3840" srcset="https://lejonchet.fr/wp-content/uploads/2023/05/Tiou05.jpg 600w, https://lejonchet.fr/wp-content/uploads/2023/05/Tiou05-300x300.jpg 300w, https://lejonchet.fr/wp-content/uploads/2023/05/Tiou05-150x150.jpg 150w" sizes="auto, (max-width: 600px) 100vw, 600px" /></figure>



<figure class="wp-block-image size-full"><img loading="lazy" decoding="async" width="600" height="516" data-id="3841" src="https://lejonchet.fr/wp-content/uploads/2023/05/Tiou03.jpg" alt="" class="wp-image-3841" srcset="https://lejonchet.fr/wp-content/uploads/2023/05/Tiou03.jpg 600w, https://lejonchet.fr/wp-content/uploads/2023/05/Tiou03-300x258.jpg 300w" sizes="auto, (max-width: 600px) 100vw, 600px" /></figure>



<figure class="wp-block-image size-full"><img loading="lazy" decoding="async" width="600" height="750" data-id="3843" src="https://lejonchet.fr/wp-content/uploads/2023/05/Tiou.jpg" alt="" class="wp-image-3843" srcset="https://lejonchet.fr/wp-content/uploads/2023/05/Tiou.jpg 600w, https://lejonchet.fr/wp-content/uploads/2023/05/Tiou-240x300.jpg 240w" sizes="auto, (max-width: 600px) 100vw, 600px" /></figure>
</figure>



<p class="has-small-font-size"><em><strong>Crédits photos : Lilian Ginet, Michel Joubert, Douglas Guillot.</strong></em></p>



<div class="wp-block-buttons is-content-justification-right is-layout-flex wp-container-core-buttons-is-layout-765c4724 wp-block-buttons-is-layout-flex">
<div class="wp-block-button alignright"><a class="wp-block-button__link has-luminous-vivid-amber-background-color has-background has-text-align-left wp-element-button" href="https://lejonchet.fr/index.php/events/tiou/" style="border-radius:39px">Réservation&#8230;</a></div>
</div>



<figure class="wp-block-embed is-type-video is-provider-youtube wp-block-embed-youtube wp-embed-aspect-16-9 wp-has-aspect-ratio"><div class="wp-block-embed__wrapper">
<iframe loading="lazy" title="TIOU - Jeux de mains (Live Session)" width="980" height="551" src="https://www.youtube.com/embed/IX5PoBee5Cs?feature=oembed" frameborder="0" allow="accelerometer; autoplay; clipboard-write; encrypted-media; gyroscope; picture-in-picture; web-share" allowfullscreen></iframe>
</div></figure>

<p>RESERVATIONS :Vendredi 3 novembre 2023 à 20h30 Tiou en concert accompagné au piano par Xavier Duprat Bordelais d’origine, Mathieu Andreau alias Tiou débute sa carrière solo en 2010. Très vite soutenu par plusieurs dispositifs régionaux (IDDAC, OARA), c’est après plus de 150 concerts et un album intitulé « Paradoxes » qu’il s’entoure de musiciens. Rapidement, des portes [&hellip;]</p>
