{"id":3726,"date":"2023-03-30T19:00:10","date_gmt":"2023-03-30T17:00:10","guid":{"rendered":"https:\/\/lejonchet.fr\/?page_id=3726"},"modified":"2023-03-30T19:48:00","modified_gmt":"2023-03-30T17:48:00","slug":"chanson-francaise-3","status":"publish","type":"page","link":"https:\/\/lejonchet.fr\/index.php\/chanson-francaise-3\/","title":{"rendered":"Chanson fran\u00e7aise"},"content":{"rendered":"\n<figure class=\"wp-block-table alignright\"><table class=\"has-background\" style=\"background-color:#e7f5fe\"><tbody><tr><td class=\"has-text-align-right\" data-align=\"right\">RESERVATIONS :<br><a href=\"https:\/\/lejonchet.fr\/index.php\/events\/adlt\/\"><strong><mark style=\"background-color:rgba(0, 0, 0, 0)\" class=\"has-inline-color has-vivid-cyan-blue-color\">Samedi 22 avril 2023 \u00e0 20h30<\/mark><\/strong><\/a><\/td><\/tr><\/tbody><\/table><\/figure>\n\n\n\n<p class=\"has-vivid-red-color has-text-color\" style=\"font-size:40px\"><strong>Arthur De La Taille <br>en concert<\/strong><\/p>\n\n\n\n<p><em>chante son dernier album <strong>\u00ab\u00a0Transe paradis\u00a0\u00bb<\/strong><\/em><\/p>\n\n\n\n<figure class=\"wp-block-image size-large\"><img loading=\"lazy\" decoding=\"async\" width=\"1024\" height=\"225\" src=\"https:\/\/lejonchet.fr\/wp-content\/uploads\/2023\/03\/Im09-1024x225.jpg\" alt=\"\" class=\"wp-image-3727\" srcset=\"https:\/\/lejonchet.fr\/wp-content\/uploads\/2023\/03\/Im09-1024x225.jpg 1024w, https:\/\/lejonchet.fr\/wp-content\/uploads\/2023\/03\/Im09-300x66.jpg 300w, https:\/\/lejonchet.fr\/wp-content\/uploads\/2023\/03\/Im09-768x169.jpg 768w, https:\/\/lejonchet.fr\/wp-content\/uploads\/2023\/03\/Im09-1536x338.jpg 1536w, https:\/\/lejonchet.fr\/wp-content\/uploads\/2023\/03\/Im09-690x152.jpg 690w, https:\/\/lejonchet.fr\/wp-content\/uploads\/2023\/03\/Im09-980x216.jpg 980w, https:\/\/lejonchet.fr\/wp-content\/uploads\/2023\/03\/Im09.jpg 1600w\" sizes=\"auto, (max-width: 1024px) 100vw, 1024px\" \/><\/figure>\n\n\n\n<p class=\"has-small-font-size\"><\/p>\n\n\n\n<p class=\"has-drop-cap\">Son \u00e9criture a \u00e9t\u00e9 r\u00e9compens\u00e9e lors du premier album par un <strong>\u00abCoup de coeur de l&rsquo;acad\u00e9mie Charles Cros\u00bb<\/strong>.&nbsp;<br>Invitation \u00e0 venir d\u00e9couvrir le deuxi\u00e8me opus \u00ab&nbsp;Transe paradis&nbsp;\u00bb dans son format le plus intimiste et po\u00e9tique :&nbsp; <strong>solo guitare \/ chant<\/strong>.<br>Pour Arthur \u00absongwriter\u00bb accompli : <em>le coeur d&rsquo;une chanson commence \u00e0 battre d\u00e9s l&rsquo;instant ou r\u00e9sonnent une guitare et une voix<\/em> !<\/p>\n\n\n\n<figure class=\"wp-block-gallery aligncenter has-nested-images columns-3 is-cropped wp-block-gallery-1 is-layout-flex wp-block-gallery-is-layout-flex\">\n<figure class=\"wp-block-image size-full\"><img loading=\"lazy\" decoding=\"async\" width=\"668\" height=\"668\" data-id=\"3733\" src=\"https:\/\/lejonchet.fr\/wp-content\/uploads\/2023\/03\/Im02-3.jpg\" alt=\"\" class=\"wp-image-3733\" srcset=\"https:\/\/lejonchet.fr\/wp-content\/uploads\/2023\/03\/Im02-3.jpg 668w, https:\/\/lejonchet.fr\/wp-content\/uploads\/2023\/03\/Im02-3-300x300.jpg 300w, https:\/\/lejonchet.fr\/wp-content\/uploads\/2023\/03\/Im02-3-150x150.jpg 150w\" sizes=\"auto, (max-width: 668px) 100vw, 668px\" \/><\/figure>\n\n\n\n<figure class=\"wp-block-image size-full\"><img loading=\"lazy\" decoding=\"async\" width=\"642\" height=\"482\" data-id=\"3734\" src=\"https:\/\/lejonchet.fr\/wp-content\/uploads\/2023\/03\/Im03-3.jpg\" alt=\"\" class=\"wp-image-3734\" srcset=\"https:\/\/lejonchet.fr\/wp-content\/uploads\/2023\/03\/Im03-3.jpg 642w, https:\/\/lejonchet.fr\/wp-content\/uploads\/2023\/03\/Im03-3-300x225.jpg 300w\" sizes=\"auto, (max-width: 642px) 100vw, 642px\" \/><\/figure>\n\n\n\n<figure class=\"wp-block-image size-full\"><img loading=\"lazy\" decoding=\"async\" width=\"566\" height=\"431\" data-id=\"3735\" src=\"https:\/\/lejonchet.fr\/wp-content\/uploads\/2023\/03\/Im05-3.jpg\" alt=\"\" class=\"wp-image-3735\" srcset=\"https:\/\/lejonchet.fr\/wp-content\/uploads\/2023\/03\/Im05-3.jpg 566w, https:\/\/lejonchet.fr\/wp-content\/uploads\/2023\/03\/Im05-3-300x228.jpg 300w\" sizes=\"auto, (max-width: 566px) 100vw, 566px\" \/><\/figure>\n\n\n\n<figure class=\"wp-block-image size-full\"><img loading=\"lazy\" decoding=\"async\" width=\"860\" height=\"460\" data-id=\"3736\" src=\"https:\/\/lejonchet.fr\/wp-content\/uploads\/2023\/03\/Im06-3.jpg\" alt=\"\" class=\"wp-image-3736\" srcset=\"https:\/\/lejonchet.fr\/wp-content\/uploads\/2023\/03\/Im06-3.jpg 860w, https:\/\/lejonchet.fr\/wp-content\/uploads\/2023\/03\/Im06-3-300x160.jpg 300w, https:\/\/lejonchet.fr\/wp-content\/uploads\/2023\/03\/Im06-3-768x411.jpg 768w, https:\/\/lejonchet.fr\/wp-content\/uploads\/2023\/03\/Im06-3-690x369.jpg 690w\" sizes=\"auto, (max-width: 860px) 100vw, 860px\" \/><\/figure>\n\n\n\n<figure class=\"wp-block-image size-large\"><img loading=\"lazy\" decoding=\"async\" width=\"404\" height=\"404\" data-id=\"3737\" src=\"https:\/\/lejonchet.fr\/wp-content\/uploads\/2023\/03\/Im04-3.jpg\" alt=\"\" class=\"wp-image-3737\" srcset=\"https:\/\/lejonchet.fr\/wp-content\/uploads\/2023\/03\/Im04-3.jpg 404w, https:\/\/lejonchet.fr\/wp-content\/uploads\/2023\/03\/Im04-3-300x300.jpg 300w, https:\/\/lejonchet.fr\/wp-content\/uploads\/2023\/03\/Im04-3-150x150.jpg 150w\" sizes=\"auto, (max-width: 404px) 100vw, 404px\" \/><\/figure>\n<\/figure>\n\n\n\n<div class=\"wp-block-buttons is-content-justification-right is-layout-flex wp-container-core-buttons-is-layout-765c4724 wp-block-buttons-is-layout-flex\">\n<div class=\"wp-block-button alignright\"><a class=\"wp-block-button__link has-luminous-vivid-amber-background-color has-background has-text-align-left wp-element-button\" href=\"https:\/\/lejonchet.fr\/index.php\/events\/adlt\/\" style=\"border-radius:39px\">R\u00e9servation&#8230;<\/a><\/div>\n<\/div>\n\n\n\n<figure class=\"wp-block-embed is-type-video is-provider-youtube wp-block-embed-youtube wp-embed-aspect-16-9 wp-has-aspect-ratio\"><div class=\"wp-block-embed__wrapper\">\n<iframe loading=\"lazy\" title=\"Arthur de la Taille - Changer d&#039;air (Clip Officiel)\" width=\"980\" height=\"551\" src=\"https:\/\/www.youtube.com\/embed\/UJaM0YEB3b4?feature=oembed\" frameborder=\"0\" allow=\"accelerometer; autoplay; clipboard-write; encrypted-media; gyroscope; picture-in-picture; web-share\" allowfullscreen><\/iframe>\n<\/div><\/figure>\n","protected":false},"excerpt":{"rendered":"<p>RESERVATIONS :Samedi 22 avril 2023 \u00e0 20h30 Arthur De La Taille en concert chante son dernier album \u00ab\u00a0Transe paradis\u00a0\u00bb Son \u00e9criture a \u00e9t\u00e9 r\u00e9compens\u00e9e lors du premier album par un \u00abCoup de coeur de l&rsquo;acad\u00e9mie Charles Cros\u00bb.&nbsp;Invitation \u00e0 venir d\u00e9couvrir le deuxi\u00e8me opus \u00ab&nbsp;Transe paradis&nbsp;\u00bb dans son format le plus intimiste et po\u00e9tique :&nbsp; solo [&hellip;]<\/p>\n","protected":false},"author":1,"featured_media":0,"parent":0,"menu_order":0,"comment_status":"closed","ping_status":"closed","template":"","meta":{"footnotes":""},"class_list":["post-3726","page","type-page","status-publish","hentry"],"_links":{"self":[{"href":"https:\/\/lejonchet.fr\/index.php\/wp-json\/wp\/v2\/pages\/3726","targetHints":{"allow":["GET"]}}],"collection":[{"href":"https:\/\/lejonchet.fr\/index.php\/wp-json\/wp\/v2\/pages"}],"about":[{"href":"https:\/\/lejonchet.fr\/index.php\/wp-json\/wp\/v2\/types\/page"}],"author":[{"embeddable":true,"href":"https:\/\/lejonchet.fr\/index.php\/wp-json\/wp\/v2\/users\/1"}],"replies":[{"embeddable":true,"href":"https:\/\/lejonchet.fr\/index.php\/wp-json\/wp\/v2\/comments?post=3726"}],"version-history":[{"count":13,"href":"https:\/\/lejonchet.fr\/index.php\/wp-json\/wp\/v2\/pages\/3726\/revisions"}],"predecessor-version":[{"id":3757,"href":"https:\/\/lejonchet.fr\/index.php\/wp-json\/wp\/v2\/pages\/3726\/revisions\/3757"}],"wp:attachment":[{"href":"https:\/\/lejonchet.fr\/index.php\/wp-json\/wp\/v2\/media?parent=3726"}],"curies":[{"name":"wp","href":"https:\/\/api.w.org\/{rel}","templated":true}]}}

Chanson française

<figure class="wp-block-table alignright"><table class="has-background" style="background-color:#e7f5fe"><tbody><tr><td class="has-text-align-right" data-align="right">RESERVATIONS :<br><a href="https://lejonchet.fr/index.php/events/adlt/"><strong><mark style="background-color:rgba(0, 0, 0, 0)" class="has-inline-color has-vivid-cyan-blue-color">Samedi 22 avril 2023 à 20h30</mark></strong></a></td></tr></tbody></table></figure>



<p class="has-vivid-red-color has-text-color" style="font-size:40px"><strong>Arthur De La Taille <br>en concert</strong></p>



<p><em>chante son dernier album <strong>« Transe paradis »</strong></em></p>



<figure class="wp-block-image size-large"><img loading="lazy" decoding="async" width="1024" height="225" src="https://lejonchet.fr/wp-content/uploads/2023/03/Im09-1024x225.jpg" alt="" class="wp-image-3727" srcset="https://lejonchet.fr/wp-content/uploads/2023/03/Im09-1024x225.jpg 1024w, https://lejonchet.fr/wp-content/uploads/2023/03/Im09-300x66.jpg 300w, https://lejonchet.fr/wp-content/uploads/2023/03/Im09-768x169.jpg 768w, https://lejonchet.fr/wp-content/uploads/2023/03/Im09-1536x338.jpg 1536w, https://lejonchet.fr/wp-content/uploads/2023/03/Im09-690x152.jpg 690w, https://lejonchet.fr/wp-content/uploads/2023/03/Im09-980x216.jpg 980w, https://lejonchet.fr/wp-content/uploads/2023/03/Im09.jpg 1600w" sizes="auto, (max-width: 1024px) 100vw, 1024px" /></figure>



<p class="has-small-font-size"></p>



<p class="has-drop-cap">Son écriture a été récompensée lors du premier album par un <strong>«Coup de coeur de l&rsquo;académie Charles Cros»</strong>.&nbsp;<br>Invitation à venir découvrir le deuxième opus «&nbsp;Transe paradis&nbsp;» dans son format le plus intimiste et poétique :&nbsp; <strong>solo guitare / chant</strong>.<br>Pour Arthur «songwriter» accompli : <em>le coeur d&rsquo;une chanson commence à battre dés l&rsquo;instant ou résonnent une guitare et une voix</em> !</p>



<figure class="wp-block-gallery aligncenter has-nested-images columns-3 is-cropped wp-block-gallery-1 is-layout-flex wp-block-gallery-is-layout-flex">
<figure class="wp-block-image size-full"><img loading="lazy" decoding="async" width="668" height="668" data-id="3733" src="https://lejonchet.fr/wp-content/uploads/2023/03/Im02-3.jpg" alt="" class="wp-image-3733" srcset="https://lejonchet.fr/wp-content/uploads/2023/03/Im02-3.jpg 668w, https://lejonchet.fr/wp-content/uploads/2023/03/Im02-3-300x300.jpg 300w, https://lejonchet.fr/wp-content/uploads/2023/03/Im02-3-150x150.jpg 150w" sizes="auto, (max-width: 668px) 100vw, 668px" /></figure>



<figure class="wp-block-image size-full"><img loading="lazy" decoding="async" width="642" height="482" data-id="3734" src="https://lejonchet.fr/wp-content/uploads/2023/03/Im03-3.jpg" alt="" class="wp-image-3734" srcset="https://lejonchet.fr/wp-content/uploads/2023/03/Im03-3.jpg 642w, https://lejonchet.fr/wp-content/uploads/2023/03/Im03-3-300x225.jpg 300w" sizes="auto, (max-width: 642px) 100vw, 642px" /></figure>



<figure class="wp-block-image size-full"><img loading="lazy" decoding="async" width="566" height="431" data-id="3735" src="https://lejonchet.fr/wp-content/uploads/2023/03/Im05-3.jpg" alt="" class="wp-image-3735" srcset="https://lejonchet.fr/wp-content/uploads/2023/03/Im05-3.jpg 566w, https://lejonchet.fr/wp-content/uploads/2023/03/Im05-3-300x228.jpg 300w" sizes="auto, (max-width: 566px) 100vw, 566px" /></figure>



<figure class="wp-block-image size-full"><img loading="lazy" decoding="async" width="860" height="460" data-id="3736" src="https://lejonchet.fr/wp-content/uploads/2023/03/Im06-3.jpg" alt="" class="wp-image-3736" srcset="https://lejonchet.fr/wp-content/uploads/2023/03/Im06-3.jpg 860w, https://lejonchet.fr/wp-content/uploads/2023/03/Im06-3-300x160.jpg 300w, https://lejonchet.fr/wp-content/uploads/2023/03/Im06-3-768x411.jpg 768w, https://lejonchet.fr/wp-content/uploads/2023/03/Im06-3-690x369.jpg 690w" sizes="auto, (max-width: 860px) 100vw, 860px" /></figure>



<figure class="wp-block-image size-large"><img loading="lazy" decoding="async" width="404" height="404" data-id="3737" src="https://lejonchet.fr/wp-content/uploads/2023/03/Im04-3.jpg" alt="" class="wp-image-3737" srcset="https://lejonchet.fr/wp-content/uploads/2023/03/Im04-3.jpg 404w, https://lejonchet.fr/wp-content/uploads/2023/03/Im04-3-300x300.jpg 300w, https://lejonchet.fr/wp-content/uploads/2023/03/Im04-3-150x150.jpg 150w" sizes="auto, (max-width: 404px) 100vw, 404px" /></figure>
</figure>



<div class="wp-block-buttons is-content-justification-right is-layout-flex wp-container-core-buttons-is-layout-765c4724 wp-block-buttons-is-layout-flex">
<div class="wp-block-button alignright"><a class="wp-block-button__link has-luminous-vivid-amber-background-color has-background has-text-align-left wp-element-button" href="https://lejonchet.fr/index.php/events/adlt/" style="border-radius:39px">Réservation&#8230;</a></div>
</div>



<figure class="wp-block-embed is-type-video is-provider-youtube wp-block-embed-youtube wp-embed-aspect-16-9 wp-has-aspect-ratio"><div class="wp-block-embed__wrapper">
<iframe loading="lazy" title="Arthur de la Taille - Changer d&#039;air (Clip Officiel)" width="980" height="551" src="https://www.youtube.com/embed/UJaM0YEB3b4?feature=oembed" frameborder="0" allow="accelerometer; autoplay; clipboard-write; encrypted-media; gyroscope; picture-in-picture; web-share" allowfullscreen></iframe>
</div></figure>

<p>RESERVATIONS :Samedi 22 avril 2023 à 20h30 Arthur De La Taille en concert chante son dernier album « Transe paradis » Son écriture a été récompensée lors du premier album par un «Coup de coeur de l&rsquo;académie Charles Cros».&nbsp;Invitation à venir découvrir le deuxième opus «&nbsp;Transe paradis&nbsp;» dans son format le plus intimiste et poétique :&nbsp; solo [&hellip;]</p>
