{"id":3488,"date":"2023-02-10T22:39:07","date_gmt":"2023-02-10T21:39:07","guid":{"rendered":"https:\/\/lejonchet.fr\/?page_id=3488"},"modified":"2025-12-03T16:01:00","modified_gmt":"2025-12-03T15:01:00","slug":"blue-note-quintet","status":"publish","type":"page","link":"https:\/\/lejonchet.fr\/index.php\/blue-note-quintet\/","title":{"rendered":"Musique Jazz"},"content":{"rendered":"\n<figure class=\"wp-block-table alignright\"><table class=\"has-background\" style=\"background-color:#e7f5fe\"><tbody><tr><td class=\"has-text-align-right\" data-align=\"right\">RESERVATIONS :<br> <strong><mark style=\"background-color:rgba(0, 0, 0, 0)\" class=\"has-inline-color has-vivid-cyan-blue-color\"><a href=\"https:\/\/lejonchet.fr\/index.php\/events\/blue-note-quintet\/\">Samedi 28 f\u00e9vrier 2026 \u00e0 20h30<\/a><\/mark><\/strong><\/td><\/tr><\/tbody><\/table><\/figure>\n\n\n\n<p class=\"has-vivid-red-color has-text-color\" style=\"font-size:40px\"><strong>Blue Note Quintet<\/strong><\/p>\n\n\n\n<p>par <strong><em>avec Antoine Faure <\/em><\/strong><em>(guitare)<\/em><strong><em>, Nicolas Grenier <\/em><\/strong><em>(batterie)<\/em><strong><em>, Francis Fontes <\/em><\/strong><em>(piano)<\/em><strong><em>, Ludovic Ferreti <\/em><\/strong><em>(trompette)<\/em><strong><em>, Herv\u00e9 Fourticq <\/em><\/strong><em>(saxophone)<\/em>.<\/p>\n\n\n\n<figure class=\"wp-block-image size-full\"><img loading=\"lazy\" decoding=\"async\" width=\"878\" height=\"246\" src=\"https:\/\/lejonchet.fr\/wp-content\/uploads\/2023\/02\/BN02.jpg\" alt=\"\" class=\"wp-image-3490\" srcset=\"https:\/\/lejonchet.fr\/wp-content\/uploads\/2023\/02\/BN02.jpg 878w, https:\/\/lejonchet.fr\/wp-content\/uploads\/2023\/02\/BN02-300x84.jpg 300w, https:\/\/lejonchet.fr\/wp-content\/uploads\/2023\/02\/BN02-768x215.jpg 768w, https:\/\/lejonchet.fr\/wp-content\/uploads\/2023\/02\/BN02-690x193.jpg 690w\" sizes=\"auto, (max-width: 878px) 100vw, 878px\" \/><\/figure>\n\n\n\n<p class=\"has-small-font-size\"><\/p>\n\n\n\n<p class=\"has-drop-cap\">Le groupe Blue Note a vu le jour il y a plus de 10 ans sous l&rsquo;impulsion de Jean-Didier Lange, pianiste et compositeur passionn\u00e9 de jazz, aujourd&rsquo;hui disparu, avec Antoine Faure \u00e0 la guitare basse et Nicolas Grenier \u00e0 la batterie, sous la houlette de Francis Fontes, pianiste que l&rsquo;on ne pr\u00e9sente plus. Apr\u00e8s un premier album du Blue Note Trio, intitul\u00e9 Jazz ou Bossa, le groupe a \u00e9t\u00e9 rejoint par Ludovic Ferretti \u00e0 la trompette et Herv\u00e9 Fourticq au&nbsp;saxophone, Francis Fontes reprenant la place au clavier, donnant naissance au Blue Note Sextet. Ce dernier a enregistr\u00e9 un deuxi\u00e8me album intitul\u00e9 Herb&rsquo; Ballade. Aujourd&rsquo;hui, le Blue Note Quintet reprend des compositions de JD Lange et des standards de jazz (Georges Coleman, Cole Porter, Wayne&nbsp;Shorter, John Coltrane, Herbie Hancock&#8230;).&nbsp;<\/p>\n\n\n\n<div class=\"wp-block-button alignright\"><a class=\"wp-block-button__link has-luminous-vivid-amber-background-color has-background wp-element-button\" href=\"https:\/\/lejonchet.fr\/index.php\/events\/blue-note-quintet\/\" style=\"border-radius:39px\">R\u00e9servation&#8230;<\/a><\/div>\n\n\n\n<figure class=\"wp-block-gallery aligncenter has-nested-images columns-2 is-cropped wp-block-gallery-1 is-layout-flex wp-block-gallery-is-layout-flex\">\n<figure class=\"wp-block-image size-full\"><img loading=\"lazy\" decoding=\"async\" width=\"706\" height=\"500\" data-id=\"8564\" src=\"https:\/\/lejonchet.fr\/wp-content\/uploads\/2025\/12\/Blue01.jpg\" alt=\"\" class=\"wp-image-8564\" srcset=\"https:\/\/lejonchet.fr\/wp-content\/uploads\/2025\/12\/Blue01.jpg 706w, https:\/\/lejonchet.fr\/wp-content\/uploads\/2025\/12\/Blue01-300x212.jpg 300w, https:\/\/lejonchet.fr\/wp-content\/uploads\/2025\/12\/Blue01-690x489.jpg 690w\" sizes=\"auto, (max-width: 706px) 100vw, 706px\" \/><\/figure>\n\n\n\n<figure class=\"wp-block-image size-full\"><img loading=\"lazy\" decoding=\"async\" width=\"708\" height=\"500\" data-id=\"8565\" src=\"https:\/\/lejonchet.fr\/wp-content\/uploads\/2025\/12\/Blue02.jpg\" alt=\"\" class=\"wp-image-8565\" srcset=\"https:\/\/lejonchet.fr\/wp-content\/uploads\/2025\/12\/Blue02.jpg 708w, https:\/\/lejonchet.fr\/wp-content\/uploads\/2025\/12\/Blue02-300x212.jpg 300w, https:\/\/lejonchet.fr\/wp-content\/uploads\/2025\/12\/Blue02-690x487.jpg 690w\" sizes=\"auto, (max-width: 708px) 100vw, 708px\" \/><\/figure>\n\n\n\n<figure class=\"wp-block-image size-large\"><img loading=\"lazy\" decoding=\"async\" width=\"485\" height=\"500\" data-id=\"8567\" src=\"https:\/\/lejonchet.fr\/wp-content\/uploads\/2025\/12\/Blue03.jpg\" alt=\"\" class=\"wp-image-8567\" srcset=\"https:\/\/lejonchet.fr\/wp-content\/uploads\/2025\/12\/Blue03.jpg 485w, https:\/\/lejonchet.fr\/wp-content\/uploads\/2025\/12\/Blue03-291x300.jpg 291w\" sizes=\"auto, (max-width: 485px) 100vw, 485px\" \/><\/figure>\n\n\n\n<figure class=\"wp-block-image size-large\"><img loading=\"lazy\" decoding=\"async\" width=\"500\" height=\"500\" data-id=\"8568\" src=\"https:\/\/lejonchet.fr\/wp-content\/uploads\/2025\/12\/Blue04.jpg\" alt=\"\" class=\"wp-image-8568\" srcset=\"https:\/\/lejonchet.fr\/wp-content\/uploads\/2025\/12\/Blue04.jpg 500w, https:\/\/lejonchet.fr\/wp-content\/uploads\/2025\/12\/Blue04-300x300.jpg 300w, https:\/\/lejonchet.fr\/wp-content\/uploads\/2025\/12\/Blue04-150x150.jpg 150w\" sizes=\"auto, (max-width: 500px) 100vw, 500px\" \/><\/figure>\n<\/figure>\n","protected":false},"excerpt":{"rendered":"<p>RESERVATIONS : Samedi 28 f\u00e9vrier 2026 \u00e0 20h30 Blue Note Quintet par avec Antoine Faure (guitare), Nicolas Grenier (batterie), Francis Fontes (piano), Ludovic Ferreti (trompette), Herv\u00e9 Fourticq (saxophone). Le groupe Blue Note a vu le jour il y a plus de 10 ans sous l&rsquo;impulsion de Jean-Didier Lange, pianiste et compositeur passionn\u00e9 de jazz, aujourd&rsquo;hui [&hellip;]<\/p>\n","protected":false},"author":1,"featured_media":0,"parent":0,"menu_order":0,"comment_status":"closed","ping_status":"closed","template":"","meta":{"footnotes":""},"class_list":["post-3488","page","type-page","status-publish","hentry"],"_links":{"self":[{"href":"https:\/\/lejonchet.fr\/index.php\/wp-json\/wp\/v2\/pages\/3488","targetHints":{"allow":["GET"]}}],"collection":[{"href":"https:\/\/lejonchet.fr\/index.php\/wp-json\/wp\/v2\/pages"}],"about":[{"href":"https:\/\/lejonchet.fr\/index.php\/wp-json\/wp\/v2\/types\/page"}],"author":[{"embeddable":true,"href":"https:\/\/lejonchet.fr\/index.php\/wp-json\/wp\/v2\/users\/1"}],"replies":[{"embeddable":true,"href":"https:\/\/lejonchet.fr\/index.php\/wp-json\/wp\/v2\/comments?post=3488"}],"version-history":[{"count":10,"href":"https:\/\/lejonchet.fr\/index.php\/wp-json\/wp\/v2\/pages\/3488\/revisions"}],"predecessor-version":[{"id":8582,"href":"https:\/\/lejonchet.fr\/index.php\/wp-json\/wp\/v2\/pages\/3488\/revisions\/8582"}],"wp:attachment":[{"href":"https:\/\/lejonchet.fr\/index.php\/wp-json\/wp\/v2\/media?parent=3488"}],"curies":[{"name":"wp","href":"https:\/\/api.w.org\/{rel}","templated":true}]}}

<figure class="wp-block-table alignright"><table class="has-background" style="background-color:#e7f5fe"><tbody><tr><td class="has-text-align-right" data-align="right">RESERVATIONS :<br> <strong><mark style="background-color:rgba(0, 0, 0, 0)" class="has-inline-color has-vivid-cyan-blue-color"><a href="https://lejonchet.fr/index.php/events/blue-note-quintet/">Samedi 28 février 2026 à 20h30</a></mark></strong></td></tr></tbody></table></figure>



<p class="has-vivid-red-color has-text-color" style="font-size:40px"><strong>Blue Note Quintet</strong></p>



<p>par <strong><em>avec Antoine Faure </em></strong><em>(guitare)</em><strong><em>, Nicolas Grenier </em></strong><em>(batterie)</em><strong><em>, Francis Fontes </em></strong><em>(piano)</em><strong><em>, Ludovic Ferreti </em></strong><em>(trompette)</em><strong><em>, Hervé Fourticq </em></strong><em>(saxophone)</em>.</p>



<figure class="wp-block-image size-full"><img loading="lazy" decoding="async" width="878" height="246" src="https://lejonchet.fr/wp-content/uploads/2023/02/BN02.jpg" alt="" class="wp-image-3490" srcset="https://lejonchet.fr/wp-content/uploads/2023/02/BN02.jpg 878w, https://lejonchet.fr/wp-content/uploads/2023/02/BN02-300x84.jpg 300w, https://lejonchet.fr/wp-content/uploads/2023/02/BN02-768x215.jpg 768w, https://lejonchet.fr/wp-content/uploads/2023/02/BN02-690x193.jpg 690w" sizes="auto, (max-width: 878px) 100vw, 878px" /></figure>



<p class="has-small-font-size"></p>



<p class="has-drop-cap">Le groupe Blue Note a vu le jour il y a plus de 10 ans sous l&rsquo;impulsion de Jean-Didier Lange, pianiste et compositeur passionné de jazz, aujourd&rsquo;hui disparu, avec Antoine Faure à la guitare basse et Nicolas Grenier à la batterie, sous la houlette de Francis Fontes, pianiste que l&rsquo;on ne présente plus. Après un premier album du Blue Note Trio, intitulé Jazz ou Bossa, le groupe a été rejoint par Ludovic Ferretti à la trompette et Hervé Fourticq au&nbsp;saxophone, Francis Fontes reprenant la place au clavier, donnant naissance au Blue Note Sextet. Ce dernier a enregistré un deuxième album intitulé Herb&rsquo; Ballade. Aujourd&rsquo;hui, le Blue Note Quintet reprend des compositions de JD Lange et des standards de jazz (Georges Coleman, Cole Porter, Wayne&nbsp;Shorter, John Coltrane, Herbie Hancock&#8230;).&nbsp;</p>



<div class="wp-block-button alignright"><a class="wp-block-button__link has-luminous-vivid-amber-background-color has-background wp-element-button" href="https://lejonchet.fr/index.php/events/blue-note-quintet/" style="border-radius:39px">Réservation&#8230;</a></div>



<figure class="wp-block-gallery aligncenter has-nested-images columns-2 is-cropped wp-block-gallery-1 is-layout-flex wp-block-gallery-is-layout-flex">
<figure class="wp-block-image size-full"><img loading="lazy" decoding="async" width="706" height="500" data-id="8564" src="https://lejonchet.fr/wp-content/uploads/2025/12/Blue01.jpg" alt="" class="wp-image-8564" srcset="https://lejonchet.fr/wp-content/uploads/2025/12/Blue01.jpg 706w, https://lejonchet.fr/wp-content/uploads/2025/12/Blue01-300x212.jpg 300w, https://lejonchet.fr/wp-content/uploads/2025/12/Blue01-690x489.jpg 690w" sizes="auto, (max-width: 706px) 100vw, 706px" /></figure>



<figure class="wp-block-image size-full"><img loading="lazy" decoding="async" width="708" height="500" data-id="8565" src="https://lejonchet.fr/wp-content/uploads/2025/12/Blue02.jpg" alt="" class="wp-image-8565" srcset="https://lejonchet.fr/wp-content/uploads/2025/12/Blue02.jpg 708w, https://lejonchet.fr/wp-content/uploads/2025/12/Blue02-300x212.jpg 300w, https://lejonchet.fr/wp-content/uploads/2025/12/Blue02-690x487.jpg 690w" sizes="auto, (max-width: 708px) 100vw, 708px" /></figure>



<figure class="wp-block-image size-large"><img loading="lazy" decoding="async" width="485" height="500" data-id="8567" src="https://lejonchet.fr/wp-content/uploads/2025/12/Blue03.jpg" alt="" class="wp-image-8567" srcset="https://lejonchet.fr/wp-content/uploads/2025/12/Blue03.jpg 485w, https://lejonchet.fr/wp-content/uploads/2025/12/Blue03-291x300.jpg 291w" sizes="auto, (max-width: 485px) 100vw, 485px" /></figure>



<figure class="wp-block-image size-large"><img loading="lazy" decoding="async" width="500" height="500" data-id="8568" src="https://lejonchet.fr/wp-content/uploads/2025/12/Blue04.jpg" alt="" class="wp-image-8568" srcset="https://lejonchet.fr/wp-content/uploads/2025/12/Blue04.jpg 500w, https://lejonchet.fr/wp-content/uploads/2025/12/Blue04-300x300.jpg 300w, https://lejonchet.fr/wp-content/uploads/2025/12/Blue04-150x150.jpg 150w" sizes="auto, (max-width: 500px) 100vw, 500px" /></figure>
</figure>

<p>RESERVATIONS : Samedi 28 février 2026 à 20h30 Blue Note Quintet par avec Antoine Faure (guitare), Nicolas Grenier (batterie), Francis Fontes (piano), Ludovic Ferreti (trompette), Hervé Fourticq (saxophone). Le groupe Blue Note a vu le jour il y a plus de 10 ans sous l&rsquo;impulsion de Jean-Didier Lange, pianiste et compositeur passionné de jazz, aujourd&rsquo;hui [&hellip;]</p>
