{"id":3426,"date":"2023-01-23T20:15:49","date_gmt":"2023-01-23T19:15:49","guid":{"rendered":"https:\/\/lejonchet.fr\/?page_id=3426"},"modified":"2023-01-23T20:15:49","modified_gmt":"2023-01-23T19:15:49","slug":"chanson-francaise-et-poesie","status":"publish","type":"page","link":"https:\/\/lejonchet.fr\/index.php\/chanson-francaise-et-poesie\/","title":{"rendered":"Chanson fran\u00e7aise et po\u00e9sie"},"content":{"rendered":"\n<figure class=\"wp-block-table alignright\"><table class=\"has-background\" style=\"background-color:#e7f5fe\"><tbody><tr><td class=\"has-text-align-right\" data-align=\"right\">RESERVATIONS :<br> <strong><mark style=\"background-color:rgba(0, 0, 0, 0)\" class=\"has-inline-color has-vivid-cyan-blue-color\"><a href=\"https:\/\/lejonchet.fr\/index.php\/events\/ivresses\/\">Samedi 6 mai 2023 \u00e0 20h30<\/a><\/mark><\/strong><\/td><\/tr><\/tbody><\/table><\/figure>\n\n\n\n<p class=\"has-vivid-red-color has-text-color\" style=\"font-size:40px\"><strong>Ivresses<\/strong><\/p>\n\n\n\n<p>avec<strong>&nbsp;Mathilde Maumont<\/strong> (chant) <br>et <strong>Lo\u00efc le Guillanton<\/strong> (guitare acoustique)<\/p>\n\n\n\n<figure class=\"wp-block-image size-large\"><img loading=\"lazy\" decoding=\"async\" width=\"1024\" height=\"275\" src=\"https:\/\/lejonchet.fr\/wp-content\/uploads\/2023\/01\/Ivr02-1024x275.jpg\" alt=\"\" class=\"wp-image-3427\" srcset=\"https:\/\/lejonchet.fr\/wp-content\/uploads\/2023\/01\/Ivr02-1024x275.jpg 1024w, https:\/\/lejonchet.fr\/wp-content\/uploads\/2023\/01\/Ivr02-300x81.jpg 300w, https:\/\/lejonchet.fr\/wp-content\/uploads\/2023\/01\/Ivr02-768x206.jpg 768w, https:\/\/lejonchet.fr\/wp-content\/uploads\/2023\/01\/Ivr02-690x185.jpg 690w, https:\/\/lejonchet.fr\/wp-content\/uploads\/2023\/01\/Ivr02-980x263.jpg 980w, https:\/\/lejonchet.fr\/wp-content\/uploads\/2023\/01\/Ivr02.jpg 1125w\" sizes=\"auto, (max-width: 1024px) 100vw, 1024px\" \/><\/figure>\n\n\n\n<p class=\"has-small-font-size\"><\/p>\n\n\n\n<p class=\"has-drop-cap\">A l&rsquo;heure o\u00f9 le monde nous prie d&rsquo;\u00eatre lisses, homologu\u00e9s et sans d\u00e9bordement, les deux artistes enjambent joyeusement les bordures de nos conventions et profitent de la sc\u00e8ne pour distiller une parole chant\u00e9e intime, libre et passionn\u00e9e.<\/p>\n\n\n\n<p>Ils chantent les ivresses, la griserie sous toutes ses formes : la fureur de vivre, le tourbillon amoureux, la fr\u00e9n\u00e9sie de po\u00e9sie, les vertiges de l&rsquo;alcool\u2026<\/p>\n\n\n\n<p><strong>Mathilde Maumont<\/strong>&nbsp;au chant offre la puissance des mots des grands auteurs de la chanson fran\u00e7aise et de la po\u00e9sie.&nbsp;<strong>Lo\u00efc Le Guillanton<\/strong>&nbsp;\u00e0 la guitare nous \u00e9tourdit par ces musiques intemporelles et g\u00e9niales.<\/p>\n\n\n\n<p>Ici, pas de multiplication des effets mais de l&rsquo;interpr\u00e9tation pure, sans esbroufe. La guitare acoustique et la voix sont leurs seuls instruments au service d&rsquo;une \u00e9motion un peu sauvage, \u00e0 fleur de peau. Ils se prom\u00e8nent \u00e0 la lisi\u00e8re d&rsquo;un monde que l&rsquo;on dirait r\u00e9volu, le monde de ceux qui jouissent de la vie, qui s&rsquo;arrogent le droit de boire, de chanter, d&rsquo;aimer, de danser sous les \u00e9toiles et qui se moquent du qu&rsquo;en dira-t-on. Les chansons de Nougaro, Barbara, Higelin, Reggiani, Leprest, Jean Yanne, Lubat&#8230; m\u00eal\u00e9es \u00e0 la po\u00e9sie de Pr\u00e9vert, Baudelaire, Desnos&#8230; en passant par les petits bijoux de dr\u00f4lerie des ann\u00e9es 30 de Suzy Delair, nous offrent un voyage \u00e9motionnel : de la rage au d\u00e9sopilant, du d\u00e9sespoir \u00e0 la jouissance.<\/p>\n\n\n\n<div class=\"wp-block-button alignright\"><a class=\"wp-block-button__link has-luminous-vivid-amber-background-color has-background wp-element-button\" href=\"https:\/\/lejonchet.fr\/index.php\/events\/ivresses\/\" style=\"border-radius:39px\">R\u00e9servation&#8230;<\/a><\/div>\n\n\n\n<figure class=\"wp-block-gallery aligncenter has-nested-images columns-3 is-cropped wp-block-gallery-1 is-layout-flex wp-block-gallery-is-layout-flex\">\n<figure class=\"wp-block-image size-full\"><img loading=\"lazy\" decoding=\"async\" width=\"390\" height=\"400\" data-id=\"3428\" src=\"https:\/\/lejonchet.fr\/wp-content\/uploads\/2023\/01\/Ivr03.jpg\" alt=\"\" class=\"wp-image-3428\" srcset=\"https:\/\/lejonchet.fr\/wp-content\/uploads\/2023\/01\/Ivr03.jpg 390w, https:\/\/lejonchet.fr\/wp-content\/uploads\/2023\/01\/Ivr03-293x300.jpg 293w\" sizes=\"auto, (max-width: 390px) 100vw, 390px\" \/><\/figure>\n\n\n\n<figure class=\"wp-block-image size-full\"><img loading=\"lazy\" decoding=\"async\" width=\"311\" height=\"400\" data-id=\"3429\" src=\"https:\/\/lejonchet.fr\/wp-content\/uploads\/2023\/01\/Ivr04.jpg\" alt=\"\" class=\"wp-image-3429\" srcset=\"https:\/\/lejonchet.fr\/wp-content\/uploads\/2023\/01\/Ivr04.jpg 311w, https:\/\/lejonchet.fr\/wp-content\/uploads\/2023\/01\/Ivr04-233x300.jpg 233w\" sizes=\"auto, (max-width: 311px) 100vw, 311px\" \/><\/figure>\n<\/figure>\n","protected":false},"excerpt":{"rendered":"<p>RESERVATIONS : Samedi 6 mai 2023 \u00e0 20h30 Ivresses avec&nbsp;Mathilde Maumont (chant) et Lo\u00efc le Guillanton (guitare acoustique) A l&rsquo;heure o\u00f9 le monde nous prie d&rsquo;\u00eatre lisses, homologu\u00e9s et sans d\u00e9bordement, les deux artistes enjambent joyeusement les bordures de nos conventions et profitent de la sc\u00e8ne pour distiller une parole chant\u00e9e intime, libre et passionn\u00e9e. [&hellip;]<\/p>\n","protected":false},"author":1,"featured_media":0,"parent":0,"menu_order":0,"comment_status":"closed","ping_status":"closed","template":"","meta":{"footnotes":""},"class_list":["post-3426","page","type-page","status-publish","hentry"],"_links":{"self":[{"href":"https:\/\/lejonchet.fr\/index.php\/wp-json\/wp\/v2\/pages\/3426","targetHints":{"allow":["GET"]}}],"collection":[{"href":"https:\/\/lejonchet.fr\/index.php\/wp-json\/wp\/v2\/pages"}],"about":[{"href":"https:\/\/lejonchet.fr\/index.php\/wp-json\/wp\/v2\/types\/page"}],"author":[{"embeddable":true,"href":"https:\/\/lejonchet.fr\/index.php\/wp-json\/wp\/v2\/users\/1"}],"replies":[{"embeddable":true,"href":"https:\/\/lejonchet.fr\/index.php\/wp-json\/wp\/v2\/comments?post=3426"}],"version-history":[{"count":2,"href":"https:\/\/lejonchet.fr\/index.php\/wp-json\/wp\/v2\/pages\/3426\/revisions"}],"predecessor-version":[{"id":3431,"href":"https:\/\/lejonchet.fr\/index.php\/wp-json\/wp\/v2\/pages\/3426\/revisions\/3431"}],"wp:attachment":[{"href":"https:\/\/lejonchet.fr\/index.php\/wp-json\/wp\/v2\/media?parent=3426"}],"curies":[{"name":"wp","href":"https:\/\/api.w.org\/{rel}","templated":true}]}}

Chanson française et poésie

<figure class="wp-block-table alignright"><table class="has-background" style="background-color:#e7f5fe"><tbody><tr><td class="has-text-align-right" data-align="right">RESERVATIONS :<br> <strong><mark style="background-color:rgba(0, 0, 0, 0)" class="has-inline-color has-vivid-cyan-blue-color"><a href="https://lejonchet.fr/index.php/events/ivresses/">Samedi 6 mai 2023 à 20h30</a></mark></strong></td></tr></tbody></table></figure>



<p class="has-vivid-red-color has-text-color" style="font-size:40px"><strong>Ivresses</strong></p>



<p>avec<strong>&nbsp;Mathilde Maumont</strong> (chant) <br>et <strong>Loïc le Guillanton</strong> (guitare acoustique)</p>



<figure class="wp-block-image size-large"><img loading="lazy" decoding="async" width="1024" height="275" src="https://lejonchet.fr/wp-content/uploads/2023/01/Ivr02-1024x275.jpg" alt="" class="wp-image-3427" srcset="https://lejonchet.fr/wp-content/uploads/2023/01/Ivr02-1024x275.jpg 1024w, https://lejonchet.fr/wp-content/uploads/2023/01/Ivr02-300x81.jpg 300w, https://lejonchet.fr/wp-content/uploads/2023/01/Ivr02-768x206.jpg 768w, https://lejonchet.fr/wp-content/uploads/2023/01/Ivr02-690x185.jpg 690w, https://lejonchet.fr/wp-content/uploads/2023/01/Ivr02-980x263.jpg 980w, https://lejonchet.fr/wp-content/uploads/2023/01/Ivr02.jpg 1125w" sizes="auto, (max-width: 1024px) 100vw, 1024px" /></figure>



<p class="has-small-font-size"></p>



<p class="has-drop-cap">A l&rsquo;heure où le monde nous prie d&rsquo;être lisses, homologués et sans débordement, les deux artistes enjambent joyeusement les bordures de nos conventions et profitent de la scène pour distiller une parole chantée intime, libre et passionnée.</p>



<p>Ils chantent les ivresses, la griserie sous toutes ses formes : la fureur de vivre, le tourbillon amoureux, la frénésie de poésie, les vertiges de l&rsquo;alcool…</p>



<p><strong>Mathilde Maumont</strong>&nbsp;au chant offre la puissance des mots des grands auteurs de la chanson française et de la poésie.&nbsp;<strong>Loïc Le Guillanton</strong>&nbsp;à la guitare nous étourdit par ces musiques intemporelles et géniales.</p>



<p>Ici, pas de multiplication des effets mais de l&rsquo;interprétation pure, sans esbroufe. La guitare acoustique et la voix sont leurs seuls instruments au service d&rsquo;une émotion un peu sauvage, à fleur de peau. Ils se promènent à la lisière d&rsquo;un monde que l&rsquo;on dirait révolu, le monde de ceux qui jouissent de la vie, qui s&rsquo;arrogent le droit de boire, de chanter, d&rsquo;aimer, de danser sous les étoiles et qui se moquent du qu&rsquo;en dira-t-on. Les chansons de Nougaro, Barbara, Higelin, Reggiani, Leprest, Jean Yanne, Lubat&#8230; mêlées à la poésie de Prévert, Baudelaire, Desnos&#8230; en passant par les petits bijoux de drôlerie des années 30 de Suzy Delair, nous offrent un voyage émotionnel : de la rage au désopilant, du désespoir à la jouissance.</p>



<div class="wp-block-button alignright"><a class="wp-block-button__link has-luminous-vivid-amber-background-color has-background wp-element-button" href="https://lejonchet.fr/index.php/events/ivresses/" style="border-radius:39px">Réservation&#8230;</a></div>



<figure class="wp-block-gallery aligncenter has-nested-images columns-3 is-cropped wp-block-gallery-1 is-layout-flex wp-block-gallery-is-layout-flex">
<figure class="wp-block-image size-full"><img loading="lazy" decoding="async" width="390" height="400" data-id="3428" src="https://lejonchet.fr/wp-content/uploads/2023/01/Ivr03.jpg" alt="" class="wp-image-3428" srcset="https://lejonchet.fr/wp-content/uploads/2023/01/Ivr03.jpg 390w, https://lejonchet.fr/wp-content/uploads/2023/01/Ivr03-293x300.jpg 293w" sizes="auto, (max-width: 390px) 100vw, 390px" /></figure>



<figure class="wp-block-image size-full"><img loading="lazy" decoding="async" width="311" height="400" data-id="3429" src="https://lejonchet.fr/wp-content/uploads/2023/01/Ivr04.jpg" alt="" class="wp-image-3429" srcset="https://lejonchet.fr/wp-content/uploads/2023/01/Ivr04.jpg 311w, https://lejonchet.fr/wp-content/uploads/2023/01/Ivr04-233x300.jpg 233w" sizes="auto, (max-width: 311px) 100vw, 311px" /></figure>
</figure>

<p>RESERVATIONS : Samedi 6 mai 2023 à 20h30 Ivresses avec&nbsp;Mathilde Maumont (chant) et Loïc le Guillanton (guitare acoustique) A l&rsquo;heure où le monde nous prie d&rsquo;être lisses, homologués et sans débordement, les deux artistes enjambent joyeusement les bordures de nos conventions et profitent de la scène pour distiller une parole chantée intime, libre et passionnée. [&hellip;]</p>
