{"id":3240,"date":"2022-12-13T20:27:59","date_gmt":"2022-12-13T19:27:59","guid":{"rendered":"https:\/\/lejonchet.fr\/?page_id=3240"},"modified":"2022-12-15T14:11:47","modified_gmt":"2022-12-15T13:11:47","slug":"lecture-musicale-2","status":"publish","type":"page","link":"https:\/\/lejonchet.fr\/index.php\/lecture-musicale-2\/","title":{"rendered":"Lecture musicale"},"content":{"rendered":"\n<figure class=\"wp-block-table alignright\"><table class=\"has-background\" style=\"background-color:#e7f5fe\"><tbody><tr><td class=\"has-text-align-right\" data-align=\"right\">RESERVATIONS :<br> <strong><mark style=\"background-color:rgba(0, 0, 0, 0)\" class=\"has-inline-color has-vivid-cyan-blue-color\"><a href=\"https:\/\/lejonchet.fr\/index.php\/events\/tocah\/\">Samedi 21 janvier 2023 \u00e0 20h30<\/a><\/mark><\/strong><\/td><\/tr><\/tbody><\/table><\/figure>\n\n\n\n<p class=\"has-vivid-red-color has-text-color\" style=\"font-size:40px\"><strong>\u00ab\u00a0Vaciller, rena\u00eetre\u00a0\u00bb<\/strong><\/p>\n\n\n\n<p>par <strong>Carole SimonTocah<\/strong> (voix) et <strong>Jack Tocah<\/strong> (basse) <br><em>Lecture du livre \u00ab\u00a0Il est mort celui que j&rsquo;aime\u00a0\u00bb de <strong>Nicole Fabre<\/strong> (Ed. L&rsquo;Esprit du Temps)<\/em><\/p>\n\n\n\n<figure class=\"wp-block-image size-large\"><img loading=\"lazy\" decoding=\"async\" width=\"1024\" height=\"274\" src=\"https:\/\/lejonchet.fr\/wp-content\/uploads\/2022\/12\/Tocah01-1024x274.jpg\" alt=\"\" class=\"wp-image-3243\" srcset=\"https:\/\/lejonchet.fr\/wp-content\/uploads\/2022\/12\/Tocah01-1024x274.jpg 1024w, https:\/\/lejonchet.fr\/wp-content\/uploads\/2022\/12\/Tocah01-300x80.jpg 300w, https:\/\/lejonchet.fr\/wp-content\/uploads\/2022\/12\/Tocah01-768x205.jpg 768w, https:\/\/lejonchet.fr\/wp-content\/uploads\/2022\/12\/Tocah01-690x185.jpg 690w, https:\/\/lejonchet.fr\/wp-content\/uploads\/2022\/12\/Tocah01-980x262.jpg 980w, https:\/\/lejonchet.fr\/wp-content\/uploads\/2022\/12\/Tocah01.jpg 1200w\" sizes=\"auto, (max-width: 1024px) 100vw, 1024px\" \/><\/figure>\n\n\n\n<p class=\"has-small-font-size\"><\/p>\n\n\n\n<p class=\"has-drop-cap\">Tout ce que nous prenons pour l&rsquo;ordre immuable des choses peut dispara\u00eetre. Et l&rsquo;on est d\u00e9muni pour aborder la suite. Nous sommes faits de ce qui dispara\u00eet.<br>Ce qui nous tient debout s\u2019\u00e9clipsant, comment se relever?<br>On pleure l&rsquo;ancien et on fuit le lendemain. C&rsquo;est l&rsquo;angoisse et la douleur qui d&rsquo;abord nous br\u00fblent.<br>Pas question de se laisser un espace pour d\u00e9sirer retrouver la l\u00e9g\u00e8ret\u00e9 ou la douceur de vivre.<br>Et puis, entre ces feux, quelques gouttes, en nous, d&rsquo;une source ignor\u00e9e jusque l\u00e0, s&rsquo;\u00e9coulent.<br>Elles annoncent un orage de souvenir, de grosses et lourdes gouttes de joie et de beaut\u00e9 vivaces,<br>charg\u00e9es d&rsquo;une raison de vivre in\u00e9dite: nous voici gardiens et gardiennes de nos m\u00e9moires<br>d&rsquo;amour. Car la peine est bien la preuve que nous avons aim\u00e9.<br>Nous avons aim\u00e9 et cela \u00e9tait bon. Nous avons aim\u00e9 et perdu des \u00eatres et des mondes qui \u00e9taient<br>comme nos maisons. Nous les habitions et ils nous habitaient.<br>Leur mort nous apprend quelque chose. Notre amour pour eux est vivant pour toujours.<br>Alors, de la transmission de la joie et la beaut\u00e9 que nous avons connues, perdues, et reconnues<br>en les nommant, peuvent resurgir de nouveaux possibles.<br>C&rsquo;est la Vie.<\/p>\n\n\n<div class=\"wp-block-image\">\n<figure class=\"alignleft size-full is-resized\"><img loading=\"lazy\" decoding=\"async\" src=\"https:\/\/lejonchet.fr\/wp-content\/uploads\/2022\/12\/Tocah03.jpg\" alt=\"\" class=\"wp-image-3245\" width=\"295\" height=\"175\" srcset=\"https:\/\/lejonchet.fr\/wp-content\/uploads\/2022\/12\/Tocah03.jpg 676w, https:\/\/lejonchet.fr\/wp-content\/uploads\/2022\/12\/Tocah03-300x178.jpg 300w\" sizes=\"auto, (max-width: 295px) 100vw, 295px\" \/><\/figure>\n<\/div>\n\n\n<p class=\"has-small-font-size\"><em><strong>Lecture musicale, sons, images, cr\u00e9ation 2022<\/strong><br>Lecture int\u00e9grale du livre : \u00ab Il est mort celui que j\u2019aime \u00bb ed. l\u2019Esprit du temps de Nicole Fabre philosophe, psychanalyste. Elle consulte et vit \u00e0 Paris.<br>OEuvres jou\u00e9es \u00e0 la basse \u00e9lectrique 6 cordes, et\/ou chant\u00e9es :<br>Adaptation des Suites pour violoncelle (Bach), Les Choses de la Vie ( P. Sarde)<br>Cr\u00e9ations sonores (J. Tocah) Petit \u00e0 Peut-\u00catre (C. Simon\/Jack Tocah)<\/em><\/p>\n\n\n\n<p class=\"has-small-font-size\"><em>Spectacle tout public (\u00e0 partir de 12 ans)<\/em> <em><br><strong>Dur\u00e9e :<\/strong>&nbsp;1h15<\/em><\/p>\n\n\n\n<p class=\"has-small-font-size\"><\/p>\n\n\n\n<div class=\"wp-block-button alignright\"><a class=\"wp-block-button__link has-luminous-vivid-amber-background-color has-background wp-element-button\" href=\"https:\/\/lejonchet.fr\/index.php\/events\/tocah\/\" style=\"border-radius:39px\">R\u00e9servation&#8230;<\/a><\/div>\n\n\n\n<figure class=\"wp-block-gallery aligncenter has-nested-images columns-3 wp-block-gallery-1 is-layout-flex wp-block-gallery-is-layout-flex\">\n<figure class=\"wp-block-image size-full\"><img loading=\"lazy\" decoding=\"async\" width=\"600\" height=\"400\" data-id=\"3244\" src=\"https:\/\/lejonchet.fr\/wp-content\/uploads\/2022\/12\/Tocah02.jpg\" alt=\"\" class=\"wp-image-3244\" srcset=\"https:\/\/lejonchet.fr\/wp-content\/uploads\/2022\/12\/Tocah02.jpg 600w, https:\/\/lejonchet.fr\/wp-content\/uploads\/2022\/12\/Tocah02-300x200.jpg 300w\" sizes=\"auto, (max-width: 600px) 100vw, 600px\" \/><\/figure>\n\n\n\n<figure class=\"wp-block-image size-full\"><img loading=\"lazy\" decoding=\"async\" width=\"501\" height=\"376\" data-id=\"3256\" src=\"https:\/\/lejonchet.fr\/wp-content\/uploads\/2022\/12\/Tocah04-edited.jpg\" alt=\"\" class=\"wp-image-3256\" srcset=\"https:\/\/lejonchet.fr\/wp-content\/uploads\/2022\/12\/Tocah04-edited.jpg 501w, https:\/\/lejonchet.fr\/wp-content\/uploads\/2022\/12\/Tocah04-edited-300x225.jpg 300w\" sizes=\"auto, (max-width: 501px) 100vw, 501px\" \/><\/figure>\n<\/figure>\n\n\n\n<figure class=\"wp-block-embed is-type-video is-provider-youtube wp-block-embed-youtube wp-embed-aspect-16-9 wp-has-aspect-ratio\"><div class=\"wp-block-embed__wrapper\">\n<iframe loading=\"lazy\" title=\"La Chanson d&#039;He\u0301le\u0300ne - Carole &amp; Jack Tocah (Dabadie \/ Sarde)\" width=\"980\" height=\"551\" src=\"https:\/\/www.youtube.com\/embed\/l7H89EWioqQ?feature=oembed\" frameborder=\"0\" allow=\"accelerometer; autoplay; clipboard-write; encrypted-media; gyroscope; picture-in-picture\" allowfullscreen><\/iframe>\n<\/div><\/figure>\n","protected":false},"excerpt":{"rendered":"<p>RESERVATIONS : Samedi 21 janvier 2023 \u00e0 20h30 \u00ab\u00a0Vaciller, rena\u00eetre\u00a0\u00bb par Carole SimonTocah (voix) et Jack Tocah (basse) Lecture du livre \u00ab\u00a0Il est mort celui que j&rsquo;aime\u00a0\u00bb de Nicole Fabre (Ed. L&rsquo;Esprit du Temps) Tout ce que nous prenons pour l&rsquo;ordre immuable des choses peut dispara\u00eetre. Et l&rsquo;on est d\u00e9muni pour aborder la suite. Nous [&hellip;]<\/p>\n","protected":false},"author":1,"featured_media":0,"parent":0,"menu_order":0,"comment_status":"closed","ping_status":"closed","template":"","meta":{"footnotes":""},"class_list":["post-3240","page","type-page","status-publish","hentry"],"_links":{"self":[{"href":"https:\/\/lejonchet.fr\/index.php\/wp-json\/wp\/v2\/pages\/3240","targetHints":{"allow":["GET"]}}],"collection":[{"href":"https:\/\/lejonchet.fr\/index.php\/wp-json\/wp\/v2\/pages"}],"about":[{"href":"https:\/\/lejonchet.fr\/index.php\/wp-json\/wp\/v2\/types\/page"}],"author":[{"embeddable":true,"href":"https:\/\/lejonchet.fr\/index.php\/wp-json\/wp\/v2\/users\/1"}],"replies":[{"embeddable":true,"href":"https:\/\/lejonchet.fr\/index.php\/wp-json\/wp\/v2\/comments?post=3240"}],"version-history":[{"count":13,"href":"https:\/\/lejonchet.fr\/index.php\/wp-json\/wp\/v2\/pages\/3240\/revisions"}],"predecessor-version":[{"id":3294,"href":"https:\/\/lejonchet.fr\/index.php\/wp-json\/wp\/v2\/pages\/3240\/revisions\/3294"}],"wp:attachment":[{"href":"https:\/\/lejonchet.fr\/index.php\/wp-json\/wp\/v2\/media?parent=3240"}],"curies":[{"name":"wp","href":"https:\/\/api.w.org\/{rel}","templated":true}]}}