{"id":2943,"date":"2022-08-20T18:34:18","date_gmt":"2022-08-20T16:34:18","guid":{"rendered":"https:\/\/lejonchet.fr\/?page_id=2943"},"modified":"2022-08-21T18:23:32","modified_gmt":"2022-08-21T16:23:32","slug":"musique-3","status":"publish","type":"page","link":"https:\/\/lejonchet.fr\/index.php\/musique-3\/","title":{"rendered":"Musique"},"content":{"rendered":"\n<figure class=\"wp-block-table alignright\"><table class=\"has-background\" style=\"background-color:#e7f5fe\"><tbody><tr><td class=\"has-text-align-right\" data-align=\"right\">RESERVATIONS :<br> <strong><a href=\"https:\/\/lejonchet.fr\/?post_type=event&amp;p=2954&amp;preview=true\">Samedi 03 septembre 2022 \u00e0 20h30<\/a><\/strong><\/td><\/tr><\/tbody><\/table><\/figure>\n\n\n\n<p class=\"has-vivid-red-color has-text-color\" style=\"font-size:40px\"><strong>\u00ab\u00a0Soma\u00a0\u00bb<\/strong><\/p>\n\n\n\n<p>par <strong>Alain Larribet<\/strong> (Chants et Instruments du Monde) <br>et <strong>Pierre-Michel Grade<\/strong> (Guitare)<\/p>\n\n\n\n<figure class=\"wp-block-image size-large\"><img loading=\"lazy\" decoding=\"async\" width=\"1024\" height=\"286\" src=\"https:\/\/lejonchet.fr\/wp-content\/uploads\/2022\/08\/Lar02-1024x286.jpg\" alt=\"\" class=\"wp-image-2944\" srcset=\"https:\/\/lejonchet.fr\/wp-content\/uploads\/2022\/08\/Lar02-1024x286.jpg 1024w, https:\/\/lejonchet.fr\/wp-content\/uploads\/2022\/08\/Lar02-300x84.jpg 300w, https:\/\/lejonchet.fr\/wp-content\/uploads\/2022\/08\/Lar02-768x215.jpg 768w, https:\/\/lejonchet.fr\/wp-content\/uploads\/2022\/08\/Lar02-690x193.jpg 690w, https:\/\/lejonchet.fr\/wp-content\/uploads\/2022\/08\/Lar02-980x274.jpg 980w, https:\/\/lejonchet.fr\/wp-content\/uploads\/2022\/08\/Lar02.jpg 1069w\" sizes=\"auto, (max-width: 1024px) 100vw, 1024px\" \/><\/figure>\n\n\n\n<p class=\"has-drop-cap\"><em>Un Hommage \u00e0 la terre nourrici\u00e8re, une invitation au voyage qui \u00e9l\u00e8ve l\u2019Homme.<\/em><br><em>La guitare sensible de <strong>Pierre-Michel Grade<\/strong> accompagne la note bleue d\u2019<strong>Alain Larribet<\/strong> dont la voix habit\u00e9e et les instruments sonnent l\u2019ailleurs et l\u2019heure de nous-m\u00eames, l\u2019\u00e8re des \u00eatres de plein vent vivant au carrefour des cultures, \u00e0 la crois\u00e9e de tous les chemins qui m\u00e8nent \u00e0 l\u2019Homme.<\/em><br><em>SOMA est un album d\u00e9licat, un disque rare et pr\u00e9cieux, port\u00e9 par une mystique \u00e9l\u00e9gante et la g\u00e9n\u00e9rosit\u00e9 de deux artistes qui nous offrent leur part belle humaine et leur myst\u00e8re de lumi\u00e8re.<\/em><br><em>SOMA est un souffle qui rejoint le n\u00f4tre, embrasse l\u2019espoir, l\u2019utopie et la beaut\u00e9, qui manquent \u00e0 nos vies.<\/em><br><em>Na som\u2026<\/em><\/p>\n\n\n\n<p class=\"has-text-align-right\"><em>Marc Alexandre Oho Bambe<\/em><\/p>\n\n\n\n<div class=\"wp-block-columns is-layout-flex wp-container-core-columns-is-layout-9d6595d7 wp-block-columns-is-layout-flex\">\n<div class=\"wp-block-column is-layout-flow wp-block-column-is-layout-flow\">\n<figure class=\"wp-block-embed is-type-video is-provider-youtube wp-block-embed-youtube wp-embed-aspect-16-9 wp-has-aspect-ratio\"><div class=\"wp-block-embed__wrapper\">\n<iframe loading=\"lazy\" title=\"SOMA - Teaser - Alain Larribet et Pierre-Michel Grade\" width=\"980\" height=\"551\" src=\"https:\/\/www.youtube.com\/embed\/OULkRI3r--8?feature=oembed\" frameborder=\"0\" allow=\"accelerometer; autoplay; clipboard-write; encrypted-media; gyroscope; picture-in-picture\" allowfullscreen><\/iframe>\n<\/div><\/figure>\n<\/div>\n\n\n\n<div class=\"wp-block-column is-layout-flow wp-block-column-is-layout-flow\">\n<figure class=\"wp-block-embed is-type-video is-provider-youtube wp-block-embed-youtube wp-embed-aspect-16-9 wp-has-aspect-ratio\"><div class=\"wp-block-embed__wrapper\">\n<iframe loading=\"lazy\" title=\"Une touche d&#039;Occitanie au concert de Murray Head au Pic du Midi (vid\u00e9o Maggy V-B)\" width=\"980\" height=\"551\" src=\"https:\/\/www.youtube.com\/embed\/Y8tzEzM7EWA?feature=oembed\" frameborder=\"0\" allow=\"accelerometer; autoplay; clipboard-write; encrypted-media; gyroscope; picture-in-picture\" allowfullscreen><\/iframe>\n<\/div><\/figure>\n<\/div>\n<\/div>\n\n\n\n<figure class=\"wp-block-gallery aligncenter has-nested-images columns-3 wp-block-gallery-1 is-layout-flex wp-block-gallery-is-layout-flex\">\n<figure class=\"wp-block-image size-full\"><img loading=\"lazy\" decoding=\"async\" width=\"400\" height=\"400\" data-id=\"2945\" src=\"https:\/\/lejonchet.fr\/wp-content\/uploads\/2022\/08\/Lar03.jpg\" alt=\"\" class=\"wp-image-2945\" srcset=\"https:\/\/lejonchet.fr\/wp-content\/uploads\/2022\/08\/Lar03.jpg 400w, https:\/\/lejonchet.fr\/wp-content\/uploads\/2022\/08\/Lar03-300x300.jpg 300w, https:\/\/lejonchet.fr\/wp-content\/uploads\/2022\/08\/Lar03-150x150.jpg 150w\" sizes=\"auto, (max-width: 400px) 100vw, 400px\" \/><\/figure>\n\n\n\n<figure class=\"wp-block-image size-full\"><img loading=\"lazy\" decoding=\"async\" width=\"400\" height=\"400\" data-id=\"2946\" src=\"https:\/\/lejonchet.fr\/wp-content\/uploads\/2022\/08\/Lar04.jpg\" alt=\"\" class=\"wp-image-2946\" srcset=\"https:\/\/lejonchet.fr\/wp-content\/uploads\/2022\/08\/Lar04.jpg 400w, https:\/\/lejonchet.fr\/wp-content\/uploads\/2022\/08\/Lar04-300x300.jpg 300w, https:\/\/lejonchet.fr\/wp-content\/uploads\/2022\/08\/Lar04-150x150.jpg 150w\" sizes=\"auto, (max-width: 400px) 100vw, 400px\" \/><\/figure>\n\n\n\n<figure class=\"wp-block-image size-full\"><img loading=\"lazy\" decoding=\"async\" width=\"400\" height=\"400\" data-id=\"2947\" src=\"https:\/\/lejonchet.fr\/wp-content\/uploads\/2022\/08\/Lar05.jpg\" alt=\"\" class=\"wp-image-2947\" srcset=\"https:\/\/lejonchet.fr\/wp-content\/uploads\/2022\/08\/Lar05.jpg 400w, https:\/\/lejonchet.fr\/wp-content\/uploads\/2022\/08\/Lar05-300x300.jpg 300w, https:\/\/lejonchet.fr\/wp-content\/uploads\/2022\/08\/Lar05-150x150.jpg 150w\" sizes=\"auto, (max-width: 400px) 100vw, 400px\" \/><\/figure>\n\n\n\n<figure class=\"wp-block-image size-full\"><img loading=\"lazy\" decoding=\"async\" width=\"666\" height=\"400\" data-id=\"2948\" src=\"https:\/\/lejonchet.fr\/wp-content\/uploads\/2022\/08\/Lar06.jpg\" alt=\"\" class=\"wp-image-2948\" srcset=\"https:\/\/lejonchet.fr\/wp-content\/uploads\/2022\/08\/Lar06.jpg 666w, https:\/\/lejonchet.fr\/wp-content\/uploads\/2022\/08\/Lar06-300x180.jpg 300w\" sizes=\"auto, (max-width: 666px) 100vw, 666px\" \/><\/figure>\n\n\n\n<figure class=\"wp-block-image size-large\"><img loading=\"lazy\" decoding=\"async\" width=\"545\" height=\"400\" data-id=\"2949\" src=\"https:\/\/lejonchet.fr\/wp-content\/uploads\/2022\/08\/Lar07.jpg\" alt=\"\" class=\"wp-image-2949\" srcset=\"https:\/\/lejonchet.fr\/wp-content\/uploads\/2022\/08\/Lar07.jpg 545w, https:\/\/lejonchet.fr\/wp-content\/uploads\/2022\/08\/Lar07-300x220.jpg 300w\" sizes=\"auto, (max-width: 545px) 100vw, 545px\" \/><\/figure>\n<\/figure>\n\n\n\n<div class=\"wp-block-button alignright\"><a class=\"wp-block-button__link has-luminous-vivid-amber-background-color has-background\" href=\"https:\/\/lejonchet.fr\/?post_type=event&amp;p=2954&amp;preview=true\" style=\"border-radius:39px\">R\u00e9servation&#8230;<\/a><\/div>\n\n\n\n<p class=\"has-small-font-size\">Copyright photos : Romain Perchicot<\/p>\n","protected":false},"excerpt":{"rendered":"<p>RESERVATIONS : Samedi 03 septembre 2022 \u00e0 20h30 \u00ab\u00a0Soma\u00a0\u00bb par Alain Larribet (Chants et Instruments du Monde) et Pierre-Michel Grade (Guitare) Un Hommage \u00e0 la terre nourrici\u00e8re, une invitation au voyage qui \u00e9l\u00e8ve l\u2019Homme.La guitare sensible de Pierre-Michel Grade accompagne la note bleue d\u2019Alain Larribet dont la voix habit\u00e9e et les instruments sonnent l\u2019ailleurs et [&hellip;]<\/p>\n","protected":false},"author":1,"featured_media":0,"parent":0,"menu_order":0,"comment_status":"closed","ping_status":"closed","template":"","meta":{"footnotes":""},"class_list":["post-2943","page","type-page","status-publish","hentry"],"_links":{"self":[{"href":"https:\/\/lejonchet.fr\/index.php\/wp-json\/wp\/v2\/pages\/2943","targetHints":{"allow":["GET"]}}],"collection":[{"href":"https:\/\/lejonchet.fr\/index.php\/wp-json\/wp\/v2\/pages"}],"about":[{"href":"https:\/\/lejonchet.fr\/index.php\/wp-json\/wp\/v2\/types\/page"}],"author":[{"embeddable":true,"href":"https:\/\/lejonchet.fr\/index.php\/wp-json\/wp\/v2\/users\/1"}],"replies":[{"embeddable":true,"href":"https:\/\/lejonchet.fr\/index.php\/wp-json\/wp\/v2\/comments?post=2943"}],"version-history":[{"count":5,"href":"https:\/\/lejonchet.fr\/index.php\/wp-json\/wp\/v2\/pages\/2943\/revisions"}],"predecessor-version":[{"id":2968,"href":"https:\/\/lejonchet.fr\/index.php\/wp-json\/wp\/v2\/pages\/2943\/revisions\/2968"}],"wp:attachment":[{"href":"https:\/\/lejonchet.fr\/index.php\/wp-json\/wp\/v2\/media?parent=2943"}],"curies":[{"name":"wp","href":"https:\/\/api.w.org\/{rel}","templated":true}]}}

<figure class="wp-block-table alignright"><table class="has-background" style="background-color:#e7f5fe"><tbody><tr><td class="has-text-align-right" data-align="right">RESERVATIONS :<br> <strong><a href="https://lejonchet.fr/?post_type=event&amp;p=2954&amp;preview=true">Samedi 03 septembre 2022 à 20h30</a></strong></td></tr></tbody></table></figure>



<p class="has-vivid-red-color has-text-color" style="font-size:40px"><strong>« Soma »</strong></p>



<p>par <strong>Alain Larribet</strong> (Chants et Instruments du Monde) <br>et <strong>Pierre-Michel Grade</strong> (Guitare)</p>



<figure class="wp-block-image size-large"><img loading="lazy" decoding="async" width="1024" height="286" src="https://lejonchet.fr/wp-content/uploads/2022/08/Lar02-1024x286.jpg" alt="" class="wp-image-2944" srcset="https://lejonchet.fr/wp-content/uploads/2022/08/Lar02-1024x286.jpg 1024w, https://lejonchet.fr/wp-content/uploads/2022/08/Lar02-300x84.jpg 300w, https://lejonchet.fr/wp-content/uploads/2022/08/Lar02-768x215.jpg 768w, https://lejonchet.fr/wp-content/uploads/2022/08/Lar02-690x193.jpg 690w, https://lejonchet.fr/wp-content/uploads/2022/08/Lar02-980x274.jpg 980w, https://lejonchet.fr/wp-content/uploads/2022/08/Lar02.jpg 1069w" sizes="auto, (max-width: 1024px) 100vw, 1024px" /></figure>



<p class="has-drop-cap"><em>Un Hommage à la terre nourricière, une invitation au voyage qui élève l’Homme.</em><br><em>La guitare sensible de <strong>Pierre-Michel Grade</strong> accompagne la note bleue d’<strong>Alain Larribet</strong> dont la voix habitée et les instruments sonnent l’ailleurs et l’heure de nous-mêmes, l’ère des êtres de plein vent vivant au carrefour des cultures, à la croisée de tous les chemins qui mènent à l’Homme.</em><br><em>SOMA est un album délicat, un disque rare et précieux, porté par une mystique élégante et la générosité de deux artistes qui nous offrent leur part belle humaine et leur mystère de lumière.</em><br><em>SOMA est un souffle qui rejoint le nôtre, embrasse l’espoir, l’utopie et la beauté, qui manquent à nos vies.</em><br><em>Na som…</em></p>



<p class="has-text-align-right"><em>Marc Alexandre Oho Bambe</em></p>



<div class="wp-block-columns is-layout-flex wp-container-core-columns-is-layout-9d6595d7 wp-block-columns-is-layout-flex">
<div class="wp-block-column is-layout-flow wp-block-column-is-layout-flow">
<figure class="wp-block-embed is-type-video is-provider-youtube wp-block-embed-youtube wp-embed-aspect-16-9 wp-has-aspect-ratio"><div class="wp-block-embed__wrapper">
<iframe loading="lazy" title="SOMA - Teaser - Alain Larribet et Pierre-Michel Grade" width="980" height="551" src="https://www.youtube.com/embed/OULkRI3r--8?feature=oembed" frameborder="0" allow="accelerometer; autoplay; clipboard-write; encrypted-media; gyroscope; picture-in-picture" allowfullscreen></iframe>
</div></figure>
</div>



<div class="wp-block-column is-layout-flow wp-block-column-is-layout-flow">
<figure class="wp-block-embed is-type-video is-provider-youtube wp-block-embed-youtube wp-embed-aspect-16-9 wp-has-aspect-ratio"><div class="wp-block-embed__wrapper">
<iframe loading="lazy" title="Une touche d&#039;Occitanie au concert de Murray Head au Pic du Midi (vidéo Maggy V-B)" width="980" height="551" src="https://www.youtube.com/embed/Y8tzEzM7EWA?feature=oembed" frameborder="0" allow="accelerometer; autoplay; clipboard-write; encrypted-media; gyroscope; picture-in-picture" allowfullscreen></iframe>
</div></figure>
</div>
</div>



<figure class="wp-block-gallery aligncenter has-nested-images columns-3 wp-block-gallery-1 is-layout-flex wp-block-gallery-is-layout-flex">
<figure class="wp-block-image size-full"><img loading="lazy" decoding="async" width="400" height="400" data-id="2945" src="https://lejonchet.fr/wp-content/uploads/2022/08/Lar03.jpg" alt="" class="wp-image-2945" srcset="https://lejonchet.fr/wp-content/uploads/2022/08/Lar03.jpg 400w, https://lejonchet.fr/wp-content/uploads/2022/08/Lar03-300x300.jpg 300w, https://lejonchet.fr/wp-content/uploads/2022/08/Lar03-150x150.jpg 150w" sizes="auto, (max-width: 400px) 100vw, 400px" /></figure>



<figure class="wp-block-image size-full"><img loading="lazy" decoding="async" width="400" height="400" data-id="2946" src="https://lejonchet.fr/wp-content/uploads/2022/08/Lar04.jpg" alt="" class="wp-image-2946" srcset="https://lejonchet.fr/wp-content/uploads/2022/08/Lar04.jpg 400w, https://lejonchet.fr/wp-content/uploads/2022/08/Lar04-300x300.jpg 300w, https://lejonchet.fr/wp-content/uploads/2022/08/Lar04-150x150.jpg 150w" sizes="auto, (max-width: 400px) 100vw, 400px" /></figure>



<figure class="wp-block-image size-full"><img loading="lazy" decoding="async" width="400" height="400" data-id="2947" src="https://lejonchet.fr/wp-content/uploads/2022/08/Lar05.jpg" alt="" class="wp-image-2947" srcset="https://lejonchet.fr/wp-content/uploads/2022/08/Lar05.jpg 400w, https://lejonchet.fr/wp-content/uploads/2022/08/Lar05-300x300.jpg 300w, https://lejonchet.fr/wp-content/uploads/2022/08/Lar05-150x150.jpg 150w" sizes="auto, (max-width: 400px) 100vw, 400px" /></figure>



<figure class="wp-block-image size-full"><img loading="lazy" decoding="async" width="666" height="400" data-id="2948" src="https://lejonchet.fr/wp-content/uploads/2022/08/Lar06.jpg" alt="" class="wp-image-2948" srcset="https://lejonchet.fr/wp-content/uploads/2022/08/Lar06.jpg 666w, https://lejonchet.fr/wp-content/uploads/2022/08/Lar06-300x180.jpg 300w" sizes="auto, (max-width: 666px) 100vw, 666px" /></figure>



<figure class="wp-block-image size-large"><img loading="lazy" decoding="async" width="545" height="400" data-id="2949" src="https://lejonchet.fr/wp-content/uploads/2022/08/Lar07.jpg" alt="" class="wp-image-2949" srcset="https://lejonchet.fr/wp-content/uploads/2022/08/Lar07.jpg 545w, https://lejonchet.fr/wp-content/uploads/2022/08/Lar07-300x220.jpg 300w" sizes="auto, (max-width: 545px) 100vw, 545px" /></figure>
</figure>



<div class="wp-block-button alignright"><a class="wp-block-button__link has-luminous-vivid-amber-background-color has-background" href="https://lejonchet.fr/?post_type=event&amp;p=2954&amp;preview=true" style="border-radius:39px">Réservation&#8230;</a></div>



<p class="has-small-font-size">Copyright photos : Romain Perchicot</p>

<p>RESERVATIONS : Samedi 03 septembre 2022 à 20h30 « Soma » par Alain Larribet (Chants et Instruments du Monde) et Pierre-Michel Grade (Guitare) Un Hommage à la terre nourricière, une invitation au voyage qui élève l’Homme.La guitare sensible de Pierre-Michel Grade accompagne la note bleue d’Alain Larribet dont la voix habitée et les instruments sonnent l’ailleurs et [&hellip;]</p>
