{"id":2866,"date":"2022-08-08T11:37:41","date_gmt":"2022-08-08T09:37:41","guid":{"rendered":"https:\/\/lejonchet.fr\/?page_id=2866"},"modified":"2023-10-27T10:35:34","modified_gmt":"2023-10-27T08:35:34","slug":"elephants","status":"publish","type":"page","link":"https:\/\/lejonchet.fr\/index.php\/elephants\/","title":{"rendered":"Po\u00e8sie et musique"},"content":{"rendered":"\n<figure class=\"wp-block-table alignright\"><table class=\"has-background\" style=\"background-color:#e7f5fe\"><tbody><tr><td class=\"has-text-align-right\" data-align=\"right\">RESERVATIONS :<br> <strong><mark style=\"background-color:rgba(0, 0, 0, 0)\" class=\"has-inline-color has-vivid-cyan-blue-color\"><a href=\"https:\/\/lejonchet.fr\/index.php\/events\/elephants\/\">Samedi 27 janvier 2024 \u00e0 20h30<\/a><\/mark><\/strong><\/td><\/tr><\/tbody><\/table><\/figure>\n\n\n\n<p class=\"has-vivid-red-color has-text-color\" style=\"font-size:40px\"><strong>\u00ab\u00a0Le vol des \u00e9l\u00e9phants\u00a0\u00bb<\/strong><\/p>\n\n\n\n<p class=\"has-medium-font-size\"><strong><em>par Eliphendre<\/em><\/strong><\/p>\n\n\n\n<p class=\"has-medium-font-size\"><em>avec Henri Pland\u00e9 (accord\u00e9on et guitare) et Hugo Andr\u00e9 (th\u00e9orbe et bendir)<\/em><\/p>\n\n\n\n<figure class=\"wp-block-image size-large\"><img loading=\"lazy\" decoding=\"async\" width=\"1024\" height=\"354\" src=\"https:\/\/lejonchet.fr\/wp-content\/uploads\/2022\/08\/Vol07-1-1024x354.jpg\" alt=\"\" class=\"wp-image-2872\" srcset=\"https:\/\/lejonchet.fr\/wp-content\/uploads\/2022\/08\/Vol07-1-1024x354.jpg 1024w, https:\/\/lejonchet.fr\/wp-content\/uploads\/2022\/08\/Vol07-1-300x104.jpg 300w, https:\/\/lejonchet.fr\/wp-content\/uploads\/2022\/08\/Vol07-1-768x265.jpg 768w, https:\/\/lejonchet.fr\/wp-content\/uploads\/2022\/08\/Vol07-1-690x239.jpg 690w, https:\/\/lejonchet.fr\/wp-content\/uploads\/2022\/08\/Vol07-1-980x339.jpg 980w, https:\/\/lejonchet.fr\/wp-content\/uploads\/2022\/08\/Vol07-1.jpg 1134w\" sizes=\"auto, (max-width: 1024px) 100vw, 1024px\" \/><\/figure>\n\n\n\n<p class=\"has-drop-cap\">Entre conte philosophique, po\u00e9sie et musique, le Vol des El\u00e9phants raconte la travers\u00e9e <em>\u00e9l\u00e9phantastique <\/em>de deux \u00eatres sur notre plan\u00e8te.<br>Quel sens donner \u00e0 sa vie ? \u00ab\u00a0Quoi que vous fassiez ne pensez surtout pas \u00e0 l&rsquo;\u00e9l\u00e9phant\u00a0\u00bb. C&rsquo;est ainsi que Georges Lakoff, le c\u00e9l\u00e8bre sociologue am\u00e9ricain enseignant \u00e0 Berkeley, s&rsquo;adressait \u00e0 ses \u00e9tudiants. Cela avait pour effet imm\u00e9diat de convoquer dans leurs esprits l&rsquo;image de l&rsquo;\u00e9l\u00e9phant.<br>Nous avons tous ces \u00e9l\u00e9phants que nous renions, l&rsquo;on ne voit pas. <em>\u00ab\u00a0Si tu vois tout en gris, d\u00e9place l&rsquo;\u00e9l\u00e9phant\u00a0\u00bb<\/em> dit un proverbe indien. Mais un proverbe africain lui r\u00e9pond : <em>\u00ab\u00a0Si tu n&rsquo;as pas d&rsquo;ami<br>sage, pr\u00eat \u00e0 cheminer avec toi, r\u00e9solu, marche seul, comme un roi apr\u00e8s une conqu\u00eate ou un \u00e9l\u00e9phant dans la for\u00eat.\u00a0\u00bb<\/em> Alors, que vas-tu abandonner sur cette plan\u00e8te avant de partir plus l\u00e9ger ?<\/p>\n\n\n\n<figure class=\"wp-block-gallery aligncenter has-nested-images columns-4 wp-block-gallery-1 is-layout-flex wp-block-gallery-is-layout-flex\">\n<figure class=\"wp-block-image size-full\"><img loading=\"lazy\" decoding=\"async\" width=\"400\" height=\"400\" data-id=\"2868\" src=\"https:\/\/lejonchet.fr\/wp-content\/uploads\/2022\/08\/Vol01.jpg\" alt=\"\" class=\"wp-image-2868\" srcset=\"https:\/\/lejonchet.fr\/wp-content\/uploads\/2022\/08\/Vol01.jpg 400w, https:\/\/lejonchet.fr\/wp-content\/uploads\/2022\/08\/Vol01-300x300.jpg 300w, https:\/\/lejonchet.fr\/wp-content\/uploads\/2022\/08\/Vol01-150x150.jpg 150w\" sizes=\"auto, (max-width: 400px) 100vw, 400px\" \/><\/figure>\n\n\n\n<figure class=\"wp-block-image size-full\"><img loading=\"lazy\" decoding=\"async\" width=\"400\" height=\"400\" data-id=\"2869\" src=\"https:\/\/lejonchet.fr\/wp-content\/uploads\/2022\/08\/Vol02.jpg\" alt=\"\" class=\"wp-image-2869\" srcset=\"https:\/\/lejonchet.fr\/wp-content\/uploads\/2022\/08\/Vol02.jpg 400w, https:\/\/lejonchet.fr\/wp-content\/uploads\/2022\/08\/Vol02-300x300.jpg 300w, https:\/\/lejonchet.fr\/wp-content\/uploads\/2022\/08\/Vol02-150x150.jpg 150w\" sizes=\"auto, (max-width: 400px) 100vw, 400px\" \/><\/figure>\n\n\n\n<figure class=\"wp-block-image size-full\"><img loading=\"lazy\" decoding=\"async\" width=\"400\" height=\"385\" data-id=\"2870\" src=\"https:\/\/lejonchet.fr\/wp-content\/uploads\/2022\/08\/Vol04.jpg\" alt=\"\" class=\"wp-image-2870\" srcset=\"https:\/\/lejonchet.fr\/wp-content\/uploads\/2022\/08\/Vol04.jpg 400w, https:\/\/lejonchet.fr\/wp-content\/uploads\/2022\/08\/Vol04-300x289.jpg 300w\" sizes=\"auto, (max-width: 400px) 100vw, 400px\" \/><\/figure>\n\n\n\n<figure class=\"wp-block-image size-full\"><img loading=\"lazy\" decoding=\"async\" width=\"400\" height=\"400\" data-id=\"2871\" src=\"https:\/\/lejonchet.fr\/wp-content\/uploads\/2022\/08\/Vol03.jpg\" alt=\"\" class=\"wp-image-2871\" srcset=\"https:\/\/lejonchet.fr\/wp-content\/uploads\/2022\/08\/Vol03.jpg 400w, https:\/\/lejonchet.fr\/wp-content\/uploads\/2022\/08\/Vol03-300x300.jpg 300w, https:\/\/lejonchet.fr\/wp-content\/uploads\/2022\/08\/Vol03-150x150.jpg 150w\" sizes=\"auto, (max-width: 400px) 100vw, 400px\" \/><\/figure>\n<\/figure>\n\n\n\n<div class=\"wp-block-button alignright\"><a class=\"wp-block-button__link has-luminous-vivid-amber-background-color has-background wp-element-button\" href=\"https:\/\/lejonchet.fr\/index.php\/events\/elephants\/\" style=\"border-radius:39px\">R\u00e9servation&#8230;<\/a><\/div>\n\n\n\n<p class=\"has-small-font-size\"><em>Spectacle tout public<\/em>.<\/p>\n\n\n\n<figure class=\"wp-block-embed is-type-video is-provider-youtube wp-block-embed-youtube wp-embed-aspect-16-9 wp-has-aspect-ratio\"><div class=\"wp-block-embed__wrapper\">\n<iframe loading=\"lazy\" title=\"Teaser Vol des El\u00e9phants   SD 480\u00a0p\" width=\"980\" height=\"551\" src=\"https:\/\/www.youtube.com\/embed\/DEvHIA2ZtCI?feature=oembed\" frameborder=\"0\" allow=\"accelerometer; autoplay; clipboard-write; encrypted-media; gyroscope; picture-in-picture; web-share\" allowfullscreen><\/iframe>\n<\/div><\/figure>\n","protected":false},"excerpt":{"rendered":"<p>RESERVATIONS : Samedi 27 janvier 2024 \u00e0 20h30 \u00ab\u00a0Le vol des \u00e9l\u00e9phants\u00a0\u00bb par Eliphendre avec Henri Pland\u00e9 (accord\u00e9on et guitare) et Hugo Andr\u00e9 (th\u00e9orbe et bendir) Entre conte philosophique, po\u00e9sie et musique, le Vol des El\u00e9phants raconte la travers\u00e9e \u00e9l\u00e9phantastique de deux \u00eatres sur notre plan\u00e8te.Quel sens donner \u00e0 sa vie ? \u00ab\u00a0Quoi que vous [&hellip;]<\/p>\n","protected":false},"author":1,"featured_media":0,"parent":0,"menu_order":0,"comment_status":"closed","ping_status":"closed","template":"","meta":{"footnotes":""},"class_list":["post-2866","page","type-page","status-publish","hentry"],"_links":{"self":[{"href":"https:\/\/lejonchet.fr\/index.php\/wp-json\/wp\/v2\/pages\/2866","targetHints":{"allow":["GET"]}}],"collection":[{"href":"https:\/\/lejonchet.fr\/index.php\/wp-json\/wp\/v2\/pages"}],"about":[{"href":"https:\/\/lejonchet.fr\/index.php\/wp-json\/wp\/v2\/types\/page"}],"author":[{"embeddable":true,"href":"https:\/\/lejonchet.fr\/index.php\/wp-json\/wp\/v2\/users\/1"}],"replies":[{"embeddable":true,"href":"https:\/\/lejonchet.fr\/index.php\/wp-json\/wp\/v2\/comments?post=2866"}],"version-history":[{"count":11,"href":"https:\/\/lejonchet.fr\/index.php\/wp-json\/wp\/v2\/pages\/2866\/revisions"}],"predecessor-version":[{"id":4739,"href":"https:\/\/lejonchet.fr\/index.php\/wp-json\/wp\/v2\/pages\/2866\/revisions\/4739"}],"wp:attachment":[{"href":"https:\/\/lejonchet.fr\/index.php\/wp-json\/wp\/v2\/media?parent=2866"}],"curies":[{"name":"wp","href":"https:\/\/api.w.org\/{rel}","templated":true}]}}

Poèsie et musique

<figure class="wp-block-table alignright"><table class="has-background" style="background-color:#e7f5fe"><tbody><tr><td class="has-text-align-right" data-align="right">RESERVATIONS :<br> <strong><mark style="background-color:rgba(0, 0, 0, 0)" class="has-inline-color has-vivid-cyan-blue-color"><a href="https://lejonchet.fr/index.php/events/elephants/">Samedi 27 janvier 2024 à 20h30</a></mark></strong></td></tr></tbody></table></figure>



<p class="has-vivid-red-color has-text-color" style="font-size:40px"><strong>« Le vol des éléphants »</strong></p>



<p class="has-medium-font-size"><strong><em>par Eliphendre</em></strong></p>



<p class="has-medium-font-size"><em>avec Henri Plandé (accordéon et guitare) et Hugo André (théorbe et bendir)</em></p>



<figure class="wp-block-image size-large"><img loading="lazy" decoding="async" width="1024" height="354" src="https://lejonchet.fr/wp-content/uploads/2022/08/Vol07-1-1024x354.jpg" alt="" class="wp-image-2872" srcset="https://lejonchet.fr/wp-content/uploads/2022/08/Vol07-1-1024x354.jpg 1024w, https://lejonchet.fr/wp-content/uploads/2022/08/Vol07-1-300x104.jpg 300w, https://lejonchet.fr/wp-content/uploads/2022/08/Vol07-1-768x265.jpg 768w, https://lejonchet.fr/wp-content/uploads/2022/08/Vol07-1-690x239.jpg 690w, https://lejonchet.fr/wp-content/uploads/2022/08/Vol07-1-980x339.jpg 980w, https://lejonchet.fr/wp-content/uploads/2022/08/Vol07-1.jpg 1134w" sizes="auto, (max-width: 1024px) 100vw, 1024px" /></figure>



<p class="has-drop-cap">Entre conte philosophique, poésie et musique, le Vol des Eléphants raconte la traversée <em>éléphantastique </em>de deux êtres sur notre planète.<br>Quel sens donner à sa vie ? « Quoi que vous fassiez ne pensez surtout pas à l&rsquo;éléphant ». C&rsquo;est ainsi que Georges Lakoff, le célèbre sociologue américain enseignant à Berkeley, s&rsquo;adressait à ses étudiants. Cela avait pour effet immédiat de convoquer dans leurs esprits l&rsquo;image de l&rsquo;éléphant.<br>Nous avons tous ces éléphants que nous renions, l&rsquo;on ne voit pas. <em>« Si tu vois tout en gris, déplace l&rsquo;éléphant »</em> dit un proverbe indien. Mais un proverbe africain lui répond : <em>« Si tu n&rsquo;as pas d&rsquo;ami<br>sage, prêt à cheminer avec toi, résolu, marche seul, comme un roi après une conquête ou un éléphant dans la forêt. »</em> Alors, que vas-tu abandonner sur cette planète avant de partir plus léger ?</p>



<figure class="wp-block-gallery aligncenter has-nested-images columns-4 wp-block-gallery-1 is-layout-flex wp-block-gallery-is-layout-flex">
<figure class="wp-block-image size-full"><img loading="lazy" decoding="async" width="400" height="400" data-id="2868" src="https://lejonchet.fr/wp-content/uploads/2022/08/Vol01.jpg" alt="" class="wp-image-2868" srcset="https://lejonchet.fr/wp-content/uploads/2022/08/Vol01.jpg 400w, https://lejonchet.fr/wp-content/uploads/2022/08/Vol01-300x300.jpg 300w, https://lejonchet.fr/wp-content/uploads/2022/08/Vol01-150x150.jpg 150w" sizes="auto, (max-width: 400px) 100vw, 400px" /></figure>



<figure class="wp-block-image size-full"><img loading="lazy" decoding="async" width="400" height="400" data-id="2869" src="https://lejonchet.fr/wp-content/uploads/2022/08/Vol02.jpg" alt="" class="wp-image-2869" srcset="https://lejonchet.fr/wp-content/uploads/2022/08/Vol02.jpg 400w, https://lejonchet.fr/wp-content/uploads/2022/08/Vol02-300x300.jpg 300w, https://lejonchet.fr/wp-content/uploads/2022/08/Vol02-150x150.jpg 150w" sizes="auto, (max-width: 400px) 100vw, 400px" /></figure>



<figure class="wp-block-image size-full"><img loading="lazy" decoding="async" width="400" height="385" data-id="2870" src="https://lejonchet.fr/wp-content/uploads/2022/08/Vol04.jpg" alt="" class="wp-image-2870" srcset="https://lejonchet.fr/wp-content/uploads/2022/08/Vol04.jpg 400w, https://lejonchet.fr/wp-content/uploads/2022/08/Vol04-300x289.jpg 300w" sizes="auto, (max-width: 400px) 100vw, 400px" /></figure>



<figure class="wp-block-image size-full"><img loading="lazy" decoding="async" width="400" height="400" data-id="2871" src="https://lejonchet.fr/wp-content/uploads/2022/08/Vol03.jpg" alt="" class="wp-image-2871" srcset="https://lejonchet.fr/wp-content/uploads/2022/08/Vol03.jpg 400w, https://lejonchet.fr/wp-content/uploads/2022/08/Vol03-300x300.jpg 300w, https://lejonchet.fr/wp-content/uploads/2022/08/Vol03-150x150.jpg 150w" sizes="auto, (max-width: 400px) 100vw, 400px" /></figure>
</figure>



<div class="wp-block-button alignright"><a class="wp-block-button__link has-luminous-vivid-amber-background-color has-background wp-element-button" href="https://lejonchet.fr/index.php/events/elephants/" style="border-radius:39px">Réservation&#8230;</a></div>



<p class="has-small-font-size"><em>Spectacle tout public</em>.</p>



<figure class="wp-block-embed is-type-video is-provider-youtube wp-block-embed-youtube wp-embed-aspect-16-9 wp-has-aspect-ratio"><div class="wp-block-embed__wrapper">
<iframe loading="lazy" title="Teaser Vol des Eléphants   SD 480 p" width="980" height="551" src="https://www.youtube.com/embed/DEvHIA2ZtCI?feature=oembed" frameborder="0" allow="accelerometer; autoplay; clipboard-write; encrypted-media; gyroscope; picture-in-picture; web-share" allowfullscreen></iframe>
</div></figure>

<p>RESERVATIONS : Samedi 27 janvier 2024 à 20h30 « Le vol des éléphants » par Eliphendre avec Henri Plandé (accordéon et guitare) et Hugo André (théorbe et bendir) Entre conte philosophique, poésie et musique, le Vol des Eléphants raconte la traversée éléphantastique de deux êtres sur notre planète.Quel sens donner à sa vie ? « Quoi que vous [&hellip;]</p>
