{"id":2562,"date":"2022-06-28T19:42:12","date_gmt":"2022-06-28T17:42:12","guid":{"rendered":"https:\/\/lejonchet.fr\/?page_id=2562"},"modified":"2022-06-28T19:55:09","modified_gmt":"2022-06-28T17:55:09","slug":"theatre-10","status":"publish","type":"page","link":"https:\/\/lejonchet.fr\/index.php\/theatre-10\/","title":{"rendered":"Th\u00e9\u00e2tre"},"content":{"rendered":"\n<figure class=\"wp-block-table alignright\"><table class=\"has-background\" style=\"background-color:#e7f5fe\"><tbody><tr><td class=\"has-text-align-right\" data-align=\"right\">RESERVATIONS :<br> <strong><mark style=\"background-color:rgba(0, 0, 0, 0)\" class=\"has-inline-color has-vivid-cyan-blue-color\"><a href=\"https:\/\/lejonchet.fr\/?post_type=event&amp;p=2570&amp;preview=true\">Samedi 1 octobre 2022 \u00e0 20h30<\/a><\/mark><\/strong><\/td><\/tr><\/tbody><\/table><\/figure>\n\n\n\n<p class=\"has-vivid-red-color has-text-color\" style=\"font-size:40px\"><strong>\u00ab\u00a0Burlingue\u00a0\u00bb<\/strong><\/p>\n\n\n\n<p>de G\u00e9rard Levoyer<\/p>\n\n\n\n<p class=\"has-vivid-red-color has-text-color has-medium-font-size\"><strong><em>par le Th\u00e9\u00e2tre Aliz\u00e9<\/em><\/strong><\/p>\n\n\n\n<figure class=\"wp-block-image size-large\"><img loading=\"lazy\" decoding=\"async\" width=\"1024\" height=\"286\" src=\"https:\/\/lejonchet.fr\/wp-content\/uploads\/2022\/06\/Burlin02-1024x286.jpg\" alt=\"\" class=\"wp-image-2563\" srcset=\"https:\/\/lejonchet.fr\/wp-content\/uploads\/2022\/06\/Burlin02-1024x286.jpg 1024w, https:\/\/lejonchet.fr\/wp-content\/uploads\/2022\/06\/Burlin02-300x84.jpg 300w, https:\/\/lejonchet.fr\/wp-content\/uploads\/2022\/06\/Burlin02-768x215.jpg 768w, https:\/\/lejonchet.fr\/wp-content\/uploads\/2022\/06\/Burlin02-690x193.jpg 690w, https:\/\/lejonchet.fr\/wp-content\/uploads\/2022\/06\/Burlin02-980x274.jpg 980w, https:\/\/lejonchet.fr\/wp-content\/uploads\/2022\/06\/Burlin02.jpg 1080w\" sizes=\"auto, (max-width: 1024px) 100vw, 1024px\" \/><\/figure>\n\n\n\n<p class=\"has-drop-cap\">Deux secr\u00e9taires \u00e0 l&rsquo;identique dans le travail, mais diam\u00e9tralement oppos\u00e9es, que ce soit dans le physique ou le caract\u00e8re, vont s&rsquo;affronter verbalement, physiquement, psychologiquement sous un pr\u00e9texte fallacieux.<br>L&rsquo;une, c\u00e9libataire et catholique pratiquante, l&rsquo;autre m\u00e8re de famille et bonne vivante vont se mener la vie dure devant la porte ferm\u00e9e du directeur.<br>Mensonges, faux-semblants, moqueries mais aussi confessions, rel\u00e2chements, id\u00e9alisations complexifient leur relation.<br>Elles en arrivent \u00e0 tenir un \u00ab&nbsp;si\u00e8ge&nbsp;\u00bb au sein de leur bureau vis \u00e0 vis du monde ext\u00e9rieur. M\u00eame le directeur ne pourra s&rsquo;en m\u00ealer.<br>Elles se d\u00e9sagr\u00e8gent petit \u00e0 petit dans un chaos mat\u00e9riel indescriptible.<br>Mais au fait, quel est donc ce pr\u00e9texte&nbsp;?<\/p>\n\n\n\n<figure class=\"wp-block-gallery aligncenter has-nested-images columns-3 wp-block-gallery-1 is-layout-flex wp-block-gallery-is-layout-flex\">\n<figure class=\"wp-block-image size-full\"><img loading=\"lazy\" decoding=\"async\" width=\"400\" height=\"400\" data-id=\"2564\" src=\"https:\/\/lejonchet.fr\/wp-content\/uploads\/2022\/06\/Burlin04.jpg\" alt=\"\" class=\"wp-image-2564\" srcset=\"https:\/\/lejonchet.fr\/wp-content\/uploads\/2022\/06\/Burlin04.jpg 400w, https:\/\/lejonchet.fr\/wp-content\/uploads\/2022\/06\/Burlin04-300x300.jpg 300w, https:\/\/lejonchet.fr\/wp-content\/uploads\/2022\/06\/Burlin04-150x150.jpg 150w\" sizes=\"auto, (max-width: 400px) 100vw, 400px\" \/><\/figure>\n\n\n\n<figure class=\"wp-block-image size-full\"><img loading=\"lazy\" decoding=\"async\" width=\"400\" height=\"400\" data-id=\"2565\" src=\"https:\/\/lejonchet.fr\/wp-content\/uploads\/2022\/06\/Burlin05.jpg\" alt=\"\" class=\"wp-image-2565\" srcset=\"https:\/\/lejonchet.fr\/wp-content\/uploads\/2022\/06\/Burlin05.jpg 400w, https:\/\/lejonchet.fr\/wp-content\/uploads\/2022\/06\/Burlin05-300x300.jpg 300w, https:\/\/lejonchet.fr\/wp-content\/uploads\/2022\/06\/Burlin05-150x150.jpg 150w\" sizes=\"auto, (max-width: 400px) 100vw, 400px\" \/><\/figure>\n\n\n\n<figure class=\"wp-block-image size-full\"><img loading=\"lazy\" decoding=\"async\" width=\"400\" height=\"400\" data-id=\"2566\" src=\"https:\/\/lejonchet.fr\/wp-content\/uploads\/2022\/06\/Burlin06.jpg\" alt=\"\" class=\"wp-image-2566\" srcset=\"https:\/\/lejonchet.fr\/wp-content\/uploads\/2022\/06\/Burlin06.jpg 400w, https:\/\/lejonchet.fr\/wp-content\/uploads\/2022\/06\/Burlin06-300x300.jpg 300w, https:\/\/lejonchet.fr\/wp-content\/uploads\/2022\/06\/Burlin06-150x150.jpg 150w\" sizes=\"auto, (max-width: 400px) 100vw, 400px\" \/><\/figure>\n<\/figure>\n\n\n\n<div class=\"wp-block-button alignright\"><a class=\"wp-block-button__link has-luminous-vivid-amber-background-color has-background\" href=\"https:\/\/lejonchet.fr\/?post_type=event&amp;p=2570&amp;preview=true\" style=\"border-radius:39px\">R\u00e9servation&#8230;<\/a><\/div>\n\n\n\n<p class=\"has-small-font-size\"><em>Spectacle tout public (\u00e0 partir de 12 ans)<\/em><\/p>\n\n\n\n<p class=\"has-small-font-size\"><strong>Avec :<br><\/strong>Cyrielle Buquet et C\u00e9line Larney <strong><br>Mise en sc\u00e8ne :<br><\/strong>Francis BREL <\/p>\n\n\n\n<p class=\"has-small-font-size\"><strong>Dur\u00e9e :<\/strong>&nbsp;1h20<\/p>\n","protected":false},"excerpt":{"rendered":"<p>RESERVATIONS : Samedi 1 octobre 2022 \u00e0 20h30 \u00ab\u00a0Burlingue\u00a0\u00bb de G\u00e9rard Levoyer par le Th\u00e9\u00e2tre Aliz\u00e9 Deux secr\u00e9taires \u00e0 l&rsquo;identique dans le travail, mais diam\u00e9tralement oppos\u00e9es, que ce soit dans le physique ou le caract\u00e8re, vont s&rsquo;affronter verbalement, physiquement, psychologiquement sous un pr\u00e9texte fallacieux.L&rsquo;une, c\u00e9libataire et catholique pratiquante, l&rsquo;autre m\u00e8re de famille et bonne vivante [&hellip;]<\/p>\n","protected":false},"author":1,"featured_media":0,"parent":0,"menu_order":0,"comment_status":"closed","ping_status":"closed","template":"","meta":{"footnotes":""},"class_list":["post-2562","page","type-page","status-publish","hentry"],"_links":{"self":[{"href":"https:\/\/lejonchet.fr\/index.php\/wp-json\/wp\/v2\/pages\/2562","targetHints":{"allow":["GET"]}}],"collection":[{"href":"https:\/\/lejonchet.fr\/index.php\/wp-json\/wp\/v2\/pages"}],"about":[{"href":"https:\/\/lejonchet.fr\/index.php\/wp-json\/wp\/v2\/types\/page"}],"author":[{"embeddable":true,"href":"https:\/\/lejonchet.fr\/index.php\/wp-json\/wp\/v2\/users\/1"}],"replies":[{"embeddable":true,"href":"https:\/\/lejonchet.fr\/index.php\/wp-json\/wp\/v2\/comments?post=2562"}],"version-history":[{"count":3,"href":"https:\/\/lejonchet.fr\/index.php\/wp-json\/wp\/v2\/pages\/2562\/revisions"}],"predecessor-version":[{"id":2574,"href":"https:\/\/lejonchet.fr\/index.php\/wp-json\/wp\/v2\/pages\/2562\/revisions\/2574"}],"wp:attachment":[{"href":"https:\/\/lejonchet.fr\/index.php\/wp-json\/wp\/v2\/media?parent=2562"}],"curies":[{"name":"wp","href":"https:\/\/api.w.org\/{rel}","templated":true}]}}

Théâtre

<figure class="wp-block-table alignright"><table class="has-background" style="background-color:#e7f5fe"><tbody><tr><td class="has-text-align-right" data-align="right">RESERVATIONS :<br> <strong><mark style="background-color:rgba(0, 0, 0, 0)" class="has-inline-color has-vivid-cyan-blue-color"><a href="https://lejonchet.fr/?post_type=event&amp;p=2570&amp;preview=true">Samedi 1 octobre 2022 à 20h30</a></mark></strong></td></tr></tbody></table></figure>



<p class="has-vivid-red-color has-text-color" style="font-size:40px"><strong>« Burlingue »</strong></p>



<p>de Gérard Levoyer</p>



<p class="has-vivid-red-color has-text-color has-medium-font-size"><strong><em>par le Théâtre Alizé</em></strong></p>



<figure class="wp-block-image size-large"><img loading="lazy" decoding="async" width="1024" height="286" src="https://lejonchet.fr/wp-content/uploads/2022/06/Burlin02-1024x286.jpg" alt="" class="wp-image-2563" srcset="https://lejonchet.fr/wp-content/uploads/2022/06/Burlin02-1024x286.jpg 1024w, https://lejonchet.fr/wp-content/uploads/2022/06/Burlin02-300x84.jpg 300w, https://lejonchet.fr/wp-content/uploads/2022/06/Burlin02-768x215.jpg 768w, https://lejonchet.fr/wp-content/uploads/2022/06/Burlin02-690x193.jpg 690w, https://lejonchet.fr/wp-content/uploads/2022/06/Burlin02-980x274.jpg 980w, https://lejonchet.fr/wp-content/uploads/2022/06/Burlin02.jpg 1080w" sizes="auto, (max-width: 1024px) 100vw, 1024px" /></figure>



<p class="has-drop-cap">Deux secrétaires à l&rsquo;identique dans le travail, mais diamétralement opposées, que ce soit dans le physique ou le caractère, vont s&rsquo;affronter verbalement, physiquement, psychologiquement sous un prétexte fallacieux.<br>L&rsquo;une, célibataire et catholique pratiquante, l&rsquo;autre mère de famille et bonne vivante vont se mener la vie dure devant la porte fermée du directeur.<br>Mensonges, faux-semblants, moqueries mais aussi confessions, relâchements, idéalisations complexifient leur relation.<br>Elles en arrivent à tenir un «&nbsp;siège&nbsp;» au sein de leur bureau vis à vis du monde extérieur. Même le directeur ne pourra s&rsquo;en mêler.<br>Elles se désagrègent petit à petit dans un chaos matériel indescriptible.<br>Mais au fait, quel est donc ce prétexte&nbsp;?</p>



<figure class="wp-block-gallery aligncenter has-nested-images columns-3 wp-block-gallery-1 is-layout-flex wp-block-gallery-is-layout-flex">
<figure class="wp-block-image size-full"><img loading="lazy" decoding="async" width="400" height="400" data-id="2564" src="https://lejonchet.fr/wp-content/uploads/2022/06/Burlin04.jpg" alt="" class="wp-image-2564" srcset="https://lejonchet.fr/wp-content/uploads/2022/06/Burlin04.jpg 400w, https://lejonchet.fr/wp-content/uploads/2022/06/Burlin04-300x300.jpg 300w, https://lejonchet.fr/wp-content/uploads/2022/06/Burlin04-150x150.jpg 150w" sizes="auto, (max-width: 400px) 100vw, 400px" /></figure>



<figure class="wp-block-image size-full"><img loading="lazy" decoding="async" width="400" height="400" data-id="2565" src="https://lejonchet.fr/wp-content/uploads/2022/06/Burlin05.jpg" alt="" class="wp-image-2565" srcset="https://lejonchet.fr/wp-content/uploads/2022/06/Burlin05.jpg 400w, https://lejonchet.fr/wp-content/uploads/2022/06/Burlin05-300x300.jpg 300w, https://lejonchet.fr/wp-content/uploads/2022/06/Burlin05-150x150.jpg 150w" sizes="auto, (max-width: 400px) 100vw, 400px" /></figure>



<figure class="wp-block-image size-full"><img loading="lazy" decoding="async" width="400" height="400" data-id="2566" src="https://lejonchet.fr/wp-content/uploads/2022/06/Burlin06.jpg" alt="" class="wp-image-2566" srcset="https://lejonchet.fr/wp-content/uploads/2022/06/Burlin06.jpg 400w, https://lejonchet.fr/wp-content/uploads/2022/06/Burlin06-300x300.jpg 300w, https://lejonchet.fr/wp-content/uploads/2022/06/Burlin06-150x150.jpg 150w" sizes="auto, (max-width: 400px) 100vw, 400px" /></figure>
</figure>



<div class="wp-block-button alignright"><a class="wp-block-button__link has-luminous-vivid-amber-background-color has-background" href="https://lejonchet.fr/?post_type=event&amp;p=2570&amp;preview=true" style="border-radius:39px">Réservation&#8230;</a></div>



<p class="has-small-font-size"><em>Spectacle tout public (à partir de 12 ans)</em></p>



<p class="has-small-font-size"><strong>Avec :<br></strong>Cyrielle Buquet et Céline Larney <strong><br>Mise en scène :<br></strong>Francis BREL </p>



<p class="has-small-font-size"><strong>Durée :</strong>&nbsp;1h20</p>

<p>RESERVATIONS : Samedi 1 octobre 2022 à 20h30 « Burlingue » de Gérard Levoyer par le Théâtre Alizé Deux secrétaires à l&rsquo;identique dans le travail, mais diamétralement opposées, que ce soit dans le physique ou le caractère, vont s&rsquo;affronter verbalement, physiquement, psychologiquement sous un prétexte fallacieux.L&rsquo;une, célibataire et catholique pratiquante, l&rsquo;autre mère de famille et bonne vivante [&hellip;]</p>
