{"id":2472,"date":"2022-05-05T18:05:23","date_gmt":"2022-05-05T16:05:23","guid":{"rendered":"https:\/\/lejonchet.fr\/?page_id=2472"},"modified":"2022-10-31T14:14:04","modified_gmt":"2022-10-31T13:14:04","slug":"petit-oiseau","status":"publish","type":"page","link":"https:\/\/lejonchet.fr\/index.php\/petit-oiseau\/","title":{"rendered":"Th\u00e9\u00e2tre"},"content":{"rendered":"\n<figure class=\"wp-block-table alignright\"><table class=\"has-background\" style=\"background-color:#e7f5fe\"><tbody><tr><td class=\"has-text-align-right\" data-align=\"right\">RESERVATIONS :<br> <strong><mark style=\"background-color:rgba(0, 0, 0, 0)\" class=\"has-inline-color has-vivid-cyan-blue-color\"><a href=\"https:\/\/lejonchet.fr\/index.php\/events\/petit-oiseau-4\/\">Samedi 3 d\u00e9cembre 2022 \u00e0 20h30<\/a><\/mark><\/strong><\/td><\/tr><\/tbody><\/table><\/figure>\n\n\n\n<p class=\"has-vivid-red-color has-text-color\" style=\"font-size:40px\"><strong>\u00ab\u00a0Petit oiseau\u00a0\u00bb<\/strong><\/p>\n\n\n\n<p><strong><em>par Emmanuelle Ramon <\/em><\/strong><\/p>\n\n\n\n<p class=\"has-small-font-size\"><em>Aide \u00e0 la mise en sc\u00e8ne et \u00e0 la direction d&rsquo;acteur : <\/em><strong><em>Margaux Langlest<\/em><\/strong><\/p>\n\n\n\n<figure class=\"wp-block-image size-large\"><img loading=\"lazy\" decoding=\"async\" width=\"1024\" height=\"310\" src=\"https:\/\/lejonchet.fr\/wp-content\/uploads\/2022\/05\/Im01-1-1024x310.jpg\" alt=\"\" class=\"wp-image-2475\" srcset=\"https:\/\/lejonchet.fr\/wp-content\/uploads\/2022\/05\/Im01-1-1024x310.jpg 1024w, https:\/\/lejonchet.fr\/wp-content\/uploads\/2022\/05\/Im01-1-300x91.jpg 300w, https:\/\/lejonchet.fr\/wp-content\/uploads\/2022\/05\/Im01-1-768x233.jpg 768w, https:\/\/lejonchet.fr\/wp-content\/uploads\/2022\/05\/Im01-1-1536x466.jpg 1536w, https:\/\/lejonchet.fr\/wp-content\/uploads\/2022\/05\/Im01-1-690x209.jpg 690w, https:\/\/lejonchet.fr\/wp-content\/uploads\/2022\/05\/Im01-1-980x297.jpg 980w, https:\/\/lejonchet.fr\/wp-content\/uploads\/2022\/05\/Im01-1.jpg 1600w\" sizes=\"auto, (max-width: 1024px) 100vw, 1024px\" \/><\/figure>\n\n\n\n<p class=\"has-drop-cap\">On m&rsquo;a dit un jour : <em>\u00ab\u00a0Tu ressembles \u00e0 un frison. Tu sais ? Ces grands chevaux si majestueux, si confiants de l&rsquo;ext\u00e9rieur&#8230; Mais \u00e0 l&rsquo;int\u00e9rieur, je vois un oiseau fr\u00eale qui a du mal \u00e0 prendre son envol. Fragile et sensible, qui peine tant \u00e0 s&rsquo;affirmer malgr\u00e9 le magnifique aigle qu&rsquo;il pourrait devenir\u00a0\u00bb<\/em>. Si notre cher oiseau a du mal \u00e0 prendre son envol, c&rsquo;est tout simplement parce que son anxi\u00e9t\u00e9 lui bouffe la vie et qu&rsquo;il en chie sa race !<\/p>\n\n\n\n<p>Dans ce seul en sc\u00e8ne autobiographique, la com\u00e9dienne Emmanuelle Ramon confie sa faille la plus tenace, son talon d&rsquo;Achille, son bourreau \u00e0 l&rsquo;int\u00e9rieur m\u00eame de son cerveau : l&rsquo;anxi\u00e9t\u00e9. Pour aborder ce sujet, elle d\u00e9cide de personnifier ce mal-\u00eatre en un oiseau. Ce ne sera pourtant pas le \u00a0\u00bb petit oiseau fragile et sensible \u00a0\u00bb que l&rsquo;on verra entrer sur sc\u00e8ne. Mais un oiseau punk, le Moinus Desesperus, qui sera l\u00e0 pour une seule chose : lib\u00e9rer sa parole, sans tabou, sans dentelle. La sc\u00e8ne s&rsquo;ouvre lorsqu&rsquo;elle fait exploser le quatri\u00e8me mur avec son fusil \u00e0 pompe imaginaire. S&rsquo;en suit une conf\u00e9dence (mot de son invention pour d\u00e9crire le m\u00e9lange entre la conf\u00e9rence et la confidence) sur son exp\u00e9rience personnelle face \u00e0 ce trouble et sa lutte quotidienne pour le vaincre, une bonne fois pour toute. <\/p>\n\n\n\n<p>Une question restera en suspens tout au long de ce spectacle : y arrivera-t-elle ?<\/p>\n\n\n\n<p><\/p>\n\n\n\n<figure class=\"wp-block-gallery aligncenter has-nested-images columns-3 wp-block-gallery-1 is-layout-flex wp-block-gallery-is-layout-flex\">\n<figure class=\"wp-block-image size-full\"><img loading=\"lazy\" decoding=\"async\" width=\"400\" height=\"400\" data-id=\"2476\" src=\"https:\/\/lejonchet.fr\/wp-content\/uploads\/2022\/05\/Im02-1.jpg\" alt=\"\" class=\"wp-image-2476\" srcset=\"https:\/\/lejonchet.fr\/wp-content\/uploads\/2022\/05\/Im02-1.jpg 400w, https:\/\/lejonchet.fr\/wp-content\/uploads\/2022\/05\/Im02-1-300x300.jpg 300w, https:\/\/lejonchet.fr\/wp-content\/uploads\/2022\/05\/Im02-1-150x150.jpg 150w\" sizes=\"auto, (max-width: 400px) 100vw, 400px\" \/><\/figure>\n\n\n\n<figure class=\"wp-block-image size-full\"><img loading=\"lazy\" decoding=\"async\" width=\"462\" height=\"400\" data-id=\"2478\" src=\"https:\/\/lejonchet.fr\/wp-content\/uploads\/2022\/05\/Im04-1.jpg\" alt=\"\" class=\"wp-image-2478\" srcset=\"https:\/\/lejonchet.fr\/wp-content\/uploads\/2022\/05\/Im04-1.jpg 462w, https:\/\/lejonchet.fr\/wp-content\/uploads\/2022\/05\/Im04-1-300x260.jpg 300w\" sizes=\"auto, (max-width: 462px) 100vw, 462px\" \/><\/figure>\n\n\n\n<figure class=\"wp-block-image size-full\"><img loading=\"lazy\" decoding=\"async\" width=\"400\" height=\"400\" data-id=\"2477\" src=\"https:\/\/lejonchet.fr\/wp-content\/uploads\/2022\/05\/Im03-1.jpg\" alt=\"\" class=\"wp-image-2477\" srcset=\"https:\/\/lejonchet.fr\/wp-content\/uploads\/2022\/05\/Im03-1.jpg 400w, https:\/\/lejonchet.fr\/wp-content\/uploads\/2022\/05\/Im03-1-300x300.jpg 300w, https:\/\/lejonchet.fr\/wp-content\/uploads\/2022\/05\/Im03-1-150x150.jpg 150w\" sizes=\"auto, (max-width: 400px) 100vw, 400px\" \/><\/figure>\n<\/figure>\n\n\n\n<div class=\"wp-block-button alignright\"><a class=\"wp-block-button__link has-luminous-vivid-amber-background-color has-background\" href=\"https:\/\/lejonchet.fr\/index.php\/agenda\/\" style=\"border-radius:39px\">R\u00e9servation&#8230;<\/a><\/div>\n\n\n\n<p><\/p>\n","protected":false},"excerpt":{"rendered":"<p>RESERVATIONS : Samedi 3 d\u00e9cembre 2022 \u00e0 20h30 \u00ab\u00a0Petit oiseau\u00a0\u00bb par Emmanuelle Ramon Aide \u00e0 la mise en sc\u00e8ne et \u00e0 la direction d&rsquo;acteur : Margaux Langlest On m&rsquo;a dit un jour : \u00ab\u00a0Tu ressembles \u00e0 un frison. Tu sais ? Ces grands chevaux si majestueux, si confiants de l&rsquo;ext\u00e9rieur&#8230; Mais \u00e0 l&rsquo;int\u00e9rieur, je vois [&hellip;]<\/p>\n","protected":false},"author":1,"featured_media":0,"parent":0,"menu_order":0,"comment_status":"closed","ping_status":"closed","template":"","meta":{"footnotes":""},"class_list":["post-2472","page","type-page","status-publish","hentry"],"_links":{"self":[{"href":"https:\/\/lejonchet.fr\/index.php\/wp-json\/wp\/v2\/pages\/2472","targetHints":{"allow":["GET"]}}],"collection":[{"href":"https:\/\/lejonchet.fr\/index.php\/wp-json\/wp\/v2\/pages"}],"about":[{"href":"https:\/\/lejonchet.fr\/index.php\/wp-json\/wp\/v2\/types\/page"}],"author":[{"embeddable":true,"href":"https:\/\/lejonchet.fr\/index.php\/wp-json\/wp\/v2\/users\/1"}],"replies":[{"embeddable":true,"href":"https:\/\/lejonchet.fr\/index.php\/wp-json\/wp\/v2\/comments?post=2472"}],"version-history":[{"count":13,"href":"https:\/\/lejonchet.fr\/index.php\/wp-json\/wp\/v2\/pages\/2472\/revisions"}],"predecessor-version":[{"id":3193,"href":"https:\/\/lejonchet.fr\/index.php\/wp-json\/wp\/v2\/pages\/2472\/revisions\/3193"}],"wp:attachment":[{"href":"https:\/\/lejonchet.fr\/index.php\/wp-json\/wp\/v2\/media?parent=2472"}],"curies":[{"name":"wp","href":"https:\/\/api.w.org\/{rel}","templated":true}]}}

Théâtre

<figure class="wp-block-table alignright"><table class="has-background" style="background-color:#e7f5fe"><tbody><tr><td class="has-text-align-right" data-align="right">RESERVATIONS :<br> <strong><mark style="background-color:rgba(0, 0, 0, 0)" class="has-inline-color has-vivid-cyan-blue-color"><a href="https://lejonchet.fr/index.php/events/petit-oiseau-4/">Samedi 3 décembre 2022 à 20h30</a></mark></strong></td></tr></tbody></table></figure>



<p class="has-vivid-red-color has-text-color" style="font-size:40px"><strong>« Petit oiseau »</strong></p>



<p><strong><em>par Emmanuelle Ramon </em></strong></p>



<p class="has-small-font-size"><em>Aide à la mise en scène et à la direction d&rsquo;acteur : </em><strong><em>Margaux Langlest</em></strong></p>



<figure class="wp-block-image size-large"><img loading="lazy" decoding="async" width="1024" height="310" src="https://lejonchet.fr/wp-content/uploads/2022/05/Im01-1-1024x310.jpg" alt="" class="wp-image-2475" srcset="https://lejonchet.fr/wp-content/uploads/2022/05/Im01-1-1024x310.jpg 1024w, https://lejonchet.fr/wp-content/uploads/2022/05/Im01-1-300x91.jpg 300w, https://lejonchet.fr/wp-content/uploads/2022/05/Im01-1-768x233.jpg 768w, https://lejonchet.fr/wp-content/uploads/2022/05/Im01-1-1536x466.jpg 1536w, https://lejonchet.fr/wp-content/uploads/2022/05/Im01-1-690x209.jpg 690w, https://lejonchet.fr/wp-content/uploads/2022/05/Im01-1-980x297.jpg 980w, https://lejonchet.fr/wp-content/uploads/2022/05/Im01-1.jpg 1600w" sizes="auto, (max-width: 1024px) 100vw, 1024px" /></figure>



<p class="has-drop-cap">On m&rsquo;a dit un jour : <em>« Tu ressembles à un frison. Tu sais ? Ces grands chevaux si majestueux, si confiants de l&rsquo;extérieur&#8230; Mais à l&rsquo;intérieur, je vois un oiseau frêle qui a du mal à prendre son envol. Fragile et sensible, qui peine tant à s&rsquo;affirmer malgré le magnifique aigle qu&rsquo;il pourrait devenir »</em>. Si notre cher oiseau a du mal à prendre son envol, c&rsquo;est tout simplement parce que son anxiété lui bouffe la vie et qu&rsquo;il en chie sa race !</p>



<p>Dans ce seul en scène autobiographique, la comédienne Emmanuelle Ramon confie sa faille la plus tenace, son talon d&rsquo;Achille, son bourreau à l&rsquo;intérieur même de son cerveau : l&rsquo;anxiété. Pour aborder ce sujet, elle décide de personnifier ce mal-être en un oiseau. Ce ne sera pourtant pas le  » petit oiseau fragile et sensible  » que l&rsquo;on verra entrer sur scène. Mais un oiseau punk, le Moinus Desesperus, qui sera là pour une seule chose : libérer sa parole, sans tabou, sans dentelle. La scène s&rsquo;ouvre lorsqu&rsquo;elle fait exploser le quatrième mur avec son fusil à pompe imaginaire. S&rsquo;en suit une confédence (mot de son invention pour décrire le mélange entre la conférence et la confidence) sur son expérience personnelle face à ce trouble et sa lutte quotidienne pour le vaincre, une bonne fois pour toute. </p>



<p>Une question restera en suspens tout au long de ce spectacle : y arrivera-t-elle ?</p>



<p></p>



<figure class="wp-block-gallery aligncenter has-nested-images columns-3 wp-block-gallery-1 is-layout-flex wp-block-gallery-is-layout-flex">
<figure class="wp-block-image size-full"><img loading="lazy" decoding="async" width="400" height="400" data-id="2476" src="https://lejonchet.fr/wp-content/uploads/2022/05/Im02-1.jpg" alt="" class="wp-image-2476" srcset="https://lejonchet.fr/wp-content/uploads/2022/05/Im02-1.jpg 400w, https://lejonchet.fr/wp-content/uploads/2022/05/Im02-1-300x300.jpg 300w, https://lejonchet.fr/wp-content/uploads/2022/05/Im02-1-150x150.jpg 150w" sizes="auto, (max-width: 400px) 100vw, 400px" /></figure>



<figure class="wp-block-image size-full"><img loading="lazy" decoding="async" width="462" height="400" data-id="2478" src="https://lejonchet.fr/wp-content/uploads/2022/05/Im04-1.jpg" alt="" class="wp-image-2478" srcset="https://lejonchet.fr/wp-content/uploads/2022/05/Im04-1.jpg 462w, https://lejonchet.fr/wp-content/uploads/2022/05/Im04-1-300x260.jpg 300w" sizes="auto, (max-width: 462px) 100vw, 462px" /></figure>



<figure class="wp-block-image size-full"><img loading="lazy" decoding="async" width="400" height="400" data-id="2477" src="https://lejonchet.fr/wp-content/uploads/2022/05/Im03-1.jpg" alt="" class="wp-image-2477" srcset="https://lejonchet.fr/wp-content/uploads/2022/05/Im03-1.jpg 400w, https://lejonchet.fr/wp-content/uploads/2022/05/Im03-1-300x300.jpg 300w, https://lejonchet.fr/wp-content/uploads/2022/05/Im03-1-150x150.jpg 150w" sizes="auto, (max-width: 400px) 100vw, 400px" /></figure>
</figure>



<div class="wp-block-button alignright"><a class="wp-block-button__link has-luminous-vivid-amber-background-color has-background" href="https://lejonchet.fr/index.php/agenda/" style="border-radius:39px">Réservation&#8230;</a></div>



<p></p>

<p>RESERVATIONS : Samedi 3 décembre 2022 à 20h30 « Petit oiseau » par Emmanuelle Ramon Aide à la mise en scène et à la direction d&rsquo;acteur : Margaux Langlest On m&rsquo;a dit un jour : « Tu ressembles à un frison. Tu sais ? Ces grands chevaux si majestueux, si confiants de l&rsquo;extérieur&#8230; Mais à l&rsquo;intérieur, je vois [&hellip;]</p>
