{"id":2238,"date":"2021-08-09T13:56:58","date_gmt":"2021-08-09T11:56:58","guid":{"rendered":"https:\/\/lejonchet.fr\/?page_id=2238"},"modified":"2021-08-11T18:23:40","modified_gmt":"2021-08-11T16:23:40","slug":"musique","status":"publish","type":"page","link":"https:\/\/lejonchet.fr\/index.php\/musique\/","title":{"rendered":"Musique"},"content":{"rendered":"\n<figure class=\"wp-block-table alignright\"><table class=\"has-background\" style=\"background-color:#e7f5fe\"><tbody><tr><td class=\"has-text-align-right\" data-align=\"right\">RESERVATIONS :<br><strong><a href=\"https:\/\/lejonchet.fr\/index.php\/events\/stephane-le-dore\/\">Vendredi 19 novembre 2021 \u00e0 20h30<\/a><\/strong><br> <strong><a href=\"https:\/\/lejonchet.fr\/index.php\/events\/stephane-le-dore-2\/\">Samedi 20 novembre 2021 \u00e0 20h30<\/a><\/strong> <\/td><\/tr><\/tbody><\/table><\/figure>\n\n\n\n<p class=\"has-vivid-red-color has-text-color has-large-font-size\"><strong>St\u00e9ph Le Dor\u00e9<\/strong><\/p>\n\n\n\n<figure class=\"wp-block-image size-full is-resized is-style-default\"><img loading=\"lazy\" decoding=\"async\" src=\"https:\/\/lejonchet.fr\/wp-content\/uploads\/2021\/08\/Steph01.gif\" alt=\"\" class=\"wp-image-2250\" width=\"840\" height=\"223\"\/><\/figure>\n\n\n\n<p class=\"has-drop-cap\">Steph Le Dor\u00e9, avec des origines bretonnes et un p\u00e8re, pilote d\u2019avion dans la marine nationale, navigue tr\u00e8s t\u00f4t au gr\u00e9 des affectations de celui ci. Avant de grandir dans le Sud-Ouest o\u00f9 une partie de sa famille est install\u00e9e\u2026 Peu int\u00e9ress\u00e9 par les \u00e9tudes, il se passionne surtout pour diff\u00e9rents sports tels que le surf et le football, qu\u2019il pratique avec assiduit\u00e9. Mais c\u2019est au lyc\u00e9e Le Mirail, \u00e0 Bordeaux et au contact d\u2019Ann Cantat, la s\u0153ur du chanteur d\u2019un groupe de rock en devenir, qu\u2019il d\u00e9couvrira la sc\u00e8ne musicale fran\u00e7aise, et plus particuli\u00e8rement Noir D\u00e9sir, puis Alain Bashung.<br><br>Peu apr\u00e8s, un camarade lui propose d\u2019int\u00e9grer un autre groupe bordelais \u00abPassion Divis\u00e9e\u00bb, mais c\u2019est vers la po\u00e9sie et le th\u00e9\u00e2tre que St\u00e9phane lorgne d\u00e9j\u00e0. Ainsi, il commence \u00e0 \u00e9crire, publie des po\u00e8mes dans un fanzine bordelais \u00abArts maudits\u00bb, et apr\u00e8s une premi\u00e8re proposition du metteur en sc\u00e8ne Renaud Cojo, il se dirige progressivement vers le th\u00e9\u00e2tre et suit les cours du r\u00e9alisateur am\u00e9ricain Jack Garfein. Il s\u2019installe alors \u00e0 Paris, y restera une vingtaine d\u2019ann\u00e9es, travaillant \u00e0 la SNCF, et de temps en temps dans le cin\u00e9ma. St\u00e9phane int\u00e8gre \u00e9galement un groupe de rock parisien, avec qui il enregistrera 2 albums , et donnera de multiples concerts.<br><br><\/p>\n\n\n\n<div class=\"wp-block-buttons is-content-justification-right is-layout-flex wp-block-buttons-is-layout-flex\">\n<div class=\"wp-block-button\"><a class=\"wp-block-button__link has-luminous-vivid-amber-background-color has-background\" href=\"https:\/\/lejonchet.fr\/index.php\/agenda\/\">R\u00e9servations&#8230;<\/a><\/div>\n<\/div>\n\n\n\n<p class=\"has-drop-cap\"><\/p>\n\n\n\n<p><\/p>\n\n\n\n<figure class=\"wp-block-gallery columns-3 is-cropped wp-block-gallery-1 is-layout-flex wp-block-gallery-is-layout-flex\"><ul class=\"blocks-gallery-grid\"><li class=\"blocks-gallery-item\"><figure><img loading=\"lazy\" decoding=\"async\" width=\"400\" height=\"400\" src=\"https:\/\/lejonchet.fr\/wp-content\/uploads\/2021\/08\/Steph02.gif\" alt=\"\" data-id=\"2252\" data-link=\"https:\/\/lejonchet.fr\/index.php\/musique\/steph02\/\" class=\"wp-image-2252\"\/><\/figure><\/li><li class=\"blocks-gallery-item\"><figure><img loading=\"lazy\" decoding=\"async\" width=\"352\" height=\"352\" src=\"https:\/\/lejonchet.fr\/wp-content\/uploads\/2021\/08\/Steph04.gif\" alt=\"\" data-id=\"2253\" data-link=\"https:\/\/lejonchet.fr\/index.php\/musique\/steph04\/\" class=\"wp-image-2253\"\/><\/figure><\/li><li class=\"blocks-gallery-item\"><figure><img loading=\"lazy\" decoding=\"async\" width=\"400\" height=\"400\" src=\"https:\/\/lejonchet.fr\/wp-content\/uploads\/2021\/08\/Steph05.gif\" alt=\"\" data-id=\"2255\" data-link=\"https:\/\/lejonchet.fr\/index.php\/musique\/steph05\/\" class=\"wp-image-2255\"\/><\/figure><\/li><li class=\"blocks-gallery-item\"><figure><img loading=\"lazy\" decoding=\"async\" width=\"712\" height=\"400\" src=\"https:\/\/lejonchet.fr\/wp-content\/uploads\/2021\/08\/Steph06.gif\" alt=\"\" data-id=\"2256\" data-link=\"https:\/\/lejonchet.fr\/index.php\/musique\/steph06\/\" class=\"wp-image-2256\"\/><\/figure><\/li><li class=\"blocks-gallery-item\"><figure><img loading=\"lazy\" decoding=\"async\" width=\"447\" height=\"400\" src=\"https:\/\/lejonchet.fr\/wp-content\/uploads\/2021\/08\/Steph08.gif\" alt=\"\" data-id=\"2259\" data-full-url=\"https:\/\/lejonchet.fr\/wp-content\/uploads\/2021\/08\/Steph08.gif\" data-link=\"https:\/\/lejonchet.fr\/index.php\/musique\/steph08\/\" class=\"wp-image-2259\"\/><\/figure><\/li><\/ul><\/figure>\n","protected":false},"excerpt":{"rendered":"<p>RESERVATIONS :Vendredi 19 novembre 2021 \u00e0 20h30 Samedi 20 novembre 2021 \u00e0 20h30 St\u00e9ph Le Dor\u00e9 Steph Le Dor\u00e9, avec des origines bretonnes et un p\u00e8re, pilote d\u2019avion dans la marine nationale, navigue tr\u00e8s t\u00f4t au gr\u00e9 des affectations de celui ci. Avant de grandir dans le Sud-Ouest o\u00f9 une partie de sa famille est [&hellip;]<\/p>\n","protected":false},"author":1,"featured_media":0,"parent":0,"menu_order":0,"comment_status":"closed","ping_status":"closed","template":"","meta":{"footnotes":""},"class_list":["post-2238","page","type-page","status-publish","hentry"],"_links":{"self":[{"href":"https:\/\/lejonchet.fr\/index.php\/wp-json\/wp\/v2\/pages\/2238","targetHints":{"allow":["GET"]}}],"collection":[{"href":"https:\/\/lejonchet.fr\/index.php\/wp-json\/wp\/v2\/pages"}],"about":[{"href":"https:\/\/lejonchet.fr\/index.php\/wp-json\/wp\/v2\/types\/page"}],"author":[{"embeddable":true,"href":"https:\/\/lejonchet.fr\/index.php\/wp-json\/wp\/v2\/users\/1"}],"replies":[{"embeddable":true,"href":"https:\/\/lejonchet.fr\/index.php\/wp-json\/wp\/v2\/comments?post=2238"}],"version-history":[{"count":11,"href":"https:\/\/lejonchet.fr\/index.php\/wp-json\/wp\/v2\/pages\/2238\/revisions"}],"predecessor-version":[{"id":2306,"href":"https:\/\/lejonchet.fr\/index.php\/wp-json\/wp\/v2\/pages\/2238\/revisions\/2306"}],"wp:attachment":[{"href":"https:\/\/lejonchet.fr\/index.php\/wp-json\/wp\/v2\/media?parent=2238"}],"curies":[{"name":"wp","href":"https:\/\/api.w.org\/{rel}","templated":true}]}}

<figure class="wp-block-table alignright"><table class="has-background" style="background-color:#e7f5fe"><tbody><tr><td class="has-text-align-right" data-align="right">RESERVATIONS :<br><strong><a href="https://lejonchet.fr/index.php/events/stephane-le-dore/">Vendredi 19 novembre 2021 à 20h30</a></strong><br> <strong><a href="https://lejonchet.fr/index.php/events/stephane-le-dore-2/">Samedi 20 novembre 2021 à 20h30</a></strong> </td></tr></tbody></table></figure>



<p class="has-vivid-red-color has-text-color has-large-font-size"><strong>Stéph Le Doré</strong></p>



<figure class="wp-block-image size-full is-resized is-style-default"><img loading="lazy" decoding="async" src="https://lejonchet.fr/wp-content/uploads/2021/08/Steph01.gif" alt="" class="wp-image-2250" width="840" height="223"/></figure>



<p class="has-drop-cap">Steph Le Doré, avec des origines bretonnes et un père, pilote d’avion dans la marine nationale, navigue très tôt au gré des affectations de celui ci. Avant de grandir dans le Sud-Ouest où une partie de sa famille est installée… Peu intéressé par les études, il se passionne surtout pour différents sports tels que le surf et le football, qu’il pratique avec assiduité. Mais c’est au lycée Le Mirail, à Bordeaux et au contact d’Ann Cantat, la sœur du chanteur d’un groupe de rock en devenir, qu’il découvrira la scène musicale française, et plus particulièrement Noir Désir, puis Alain Bashung.<br><br>Peu après, un camarade lui propose d’intégrer un autre groupe bordelais «Passion Divisée», mais c’est vers la poésie et le théâtre que Stéphane lorgne déjà. Ainsi, il commence à écrire, publie des poèmes dans un fanzine bordelais «Arts maudits», et après une première proposition du metteur en scène Renaud Cojo, il se dirige progressivement vers le théâtre et suit les cours du réalisateur américain Jack Garfein. Il s’installe alors à Paris, y restera une vingtaine d’années, travaillant à la SNCF, et de temps en temps dans le cinéma. Stéphane intègre également un groupe de rock parisien, avec qui il enregistrera 2 albums , et donnera de multiples concerts.<br><br></p>



<div class="wp-block-buttons is-content-justification-right is-layout-flex wp-block-buttons-is-layout-flex">
<div class="wp-block-button"><a class="wp-block-button__link has-luminous-vivid-amber-background-color has-background" href="https://lejonchet.fr/index.php/agenda/">Réservations&#8230;</a></div>
</div>



<p class="has-drop-cap"></p>



<p></p>



<figure class="wp-block-gallery columns-3 is-cropped wp-block-gallery-1 is-layout-flex wp-block-gallery-is-layout-flex"><ul class="blocks-gallery-grid"><li class="blocks-gallery-item"><figure><img loading="lazy" decoding="async" width="400" height="400" src="https://lejonchet.fr/wp-content/uploads/2021/08/Steph02.gif" alt="" data-id="2252" data-link="https://lejonchet.fr/index.php/musique/steph02/" class="wp-image-2252"/></figure></li><li class="blocks-gallery-item"><figure><img loading="lazy" decoding="async" width="352" height="352" src="https://lejonchet.fr/wp-content/uploads/2021/08/Steph04.gif" alt="" data-id="2253" data-link="https://lejonchet.fr/index.php/musique/steph04/" class="wp-image-2253"/></figure></li><li class="blocks-gallery-item"><figure><img loading="lazy" decoding="async" width="400" height="400" src="https://lejonchet.fr/wp-content/uploads/2021/08/Steph05.gif" alt="" data-id="2255" data-link="https://lejonchet.fr/index.php/musique/steph05/" class="wp-image-2255"/></figure></li><li class="blocks-gallery-item"><figure><img loading="lazy" decoding="async" width="712" height="400" src="https://lejonchet.fr/wp-content/uploads/2021/08/Steph06.gif" alt="" data-id="2256" data-link="https://lejonchet.fr/index.php/musique/steph06/" class="wp-image-2256"/></figure></li><li class="blocks-gallery-item"><figure><img loading="lazy" decoding="async" width="447" height="400" src="https://lejonchet.fr/wp-content/uploads/2021/08/Steph08.gif" alt="" data-id="2259" data-full-url="https://lejonchet.fr/wp-content/uploads/2021/08/Steph08.gif" data-link="https://lejonchet.fr/index.php/musique/steph08/" class="wp-image-2259"/></figure></li></ul></figure>

<p>RESERVATIONS :Vendredi 19 novembre 2021 à 20h30 Samedi 20 novembre 2021 à 20h30 Stéph Le Doré Steph Le Doré, avec des origines bretonnes et un père, pilote d’avion dans la marine nationale, navigue très tôt au gré des affectations de celui ci. Avant de grandir dans le Sud-Ouest où une partie de sa famille est [&hellip;]</p>
