{"id":2186,"date":"2021-08-08T19:32:17","date_gmt":"2021-08-08T17:32:17","guid":{"rendered":"https:\/\/lejonchet.fr\/?page_id=2186"},"modified":"2025-02-13T18:50:31","modified_gmt":"2025-02-13T17:50:31","slug":"theatre-7","status":"publish","type":"page","link":"https:\/\/lejonchet.fr\/index.php\/theatre-7\/","title":{"rendered":"Th\u00e9\u00e2tre"},"content":{"rendered":"\n<p class=\"has-vivid-red-color has-text-color has-large-font-size\"><strong>\u00ab\u00a0Maquis, l&rsquo;ardeur des jours heureux\u00a0\u00bb<\/strong><\/p>\n\n\n\n<figure class=\"wp-block-table alignright\" style=\"font-size:16px\"><table class=\"has-cyan-bluish-gray-color has-text-color has-background has-link-color\" style=\"background-color:#e7f5fe\"><tbody><tr><td class=\"has-text-align-right\" data-align=\"right\">RESERVATIONS :<br><strong>Vendredi 14 f\u00e9vrier 2025 \u00e0 20H30 (Complet)<br><a href=\"https:\/\/lejonchet.fr\/index.php\/events\/maquis2\/\">Samedi 15 f\u00e9vrier 2025 \u00e0 20H30<\/a><\/strong><\/td><\/tr><\/tbody><\/table><\/figure>\n\n\n\n<p class=\"has-black-color has-text-color has-medium-font-size\"><strong><em>par la Compagnie S\u00fbr Saut<\/em><\/strong><\/p>\n\n\n\n<p class=\"has-small-font-size\">\u00c9criture et mise en sc\u00e8ne <strong>Anthony Tricard. <\/strong><br>Avec <strong>Marie David, M\u00e9lissa Martinez, Alexandre Pache, et Anthony Tricard <\/strong><br>Son-lumi\u00e8re <strong>Ludovic Moulinard<\/strong><\/p>\n\n\n\n<figure class=\"wp-block-image size-full\"><img loading=\"lazy\" decoding=\"async\" width=\"800\" height=\"268\" src=\"https:\/\/lejonchet.fr\/wp-content\/uploads\/2021\/08\/Maquis01.gif\" alt=\"\" class=\"wp-image-2187\"\/><\/figure>\n\n\n\n<p><\/p>\n\n\n\n<p class=\"has-drop-cap\">Au c\u0153ur des sous bois du centre de la France, quatre r\u00e9sistants et r\u00e9sistantes survivent.<br>Au rythme de la po\u00e9sie, des discussions politiques, des chants, et des actes de sabotages. On s&rsquo;arme de patience et d&rsquo;espoir. <br>L&rsquo;attente, l&rsquo;action, l&rsquo;ardeur. On provoque les Jours Heureux. <br>Maquis, c&rsquo;est du quotidien. Ce sont des minutes qu&rsquo;on vit comme des heures. C&rsquo;est l&rsquo;ombre et la nuit. C&rsquo;est le festin d&rsquo;une pomme de terre, la joie d&rsquo;un bourgeon qui \u00e9clate avec des nuits moins froides. <br>Et puis Maquis, c&rsquo;est de la R\u00e9sistance, c&rsquo;est penser \u00e0 l&rsquo;apr\u00e8s, \u00e0 demain, c&rsquo;est penser commun, c&rsquo;est faire de la politique.<\/p>\n\n\n\n<p class=\"has-small-font-size\"><\/p>\n\n\n\n<figure class=\"wp-block-gallery has-nested-images columns-4 is-cropped wp-block-gallery-1 is-layout-flex wp-block-gallery-is-layout-flex\">\n<figure class=\"wp-block-image size-large\"><img loading=\"lazy\" decoding=\"async\" width=\"400\" height=\"400\" data-id=\"2188\" src=\"https:\/\/lejonchet.fr\/wp-content\/uploads\/2021\/08\/Maquis02.gif\" alt=\"\" class=\"wp-image-2188\"\/><\/figure>\n\n\n\n<figure class=\"wp-block-image size-large\"><img loading=\"lazy\" decoding=\"async\" width=\"516\" height=\"400\" data-id=\"2189\" src=\"https:\/\/lejonchet.fr\/wp-content\/uploads\/2021\/08\/Maquis04.gif\" alt=\"\" class=\"wp-image-2189\"\/><\/figure>\n\n\n\n<figure class=\"wp-block-image size-large\"><img loading=\"lazy\" decoding=\"async\" width=\"400\" height=\"400\" data-id=\"2190\" src=\"https:\/\/lejonchet.fr\/wp-content\/uploads\/2021\/08\/Maquis05.gif\" alt=\"\" class=\"wp-image-2190\"\/><\/figure>\n\n\n\n<figure class=\"wp-block-image size-large\"><img loading=\"lazy\" decoding=\"async\" width=\"400\" height=\"400\" data-id=\"2191\" src=\"https:\/\/lejonchet.fr\/wp-content\/uploads\/2021\/08\/Maquis06.gif\" alt=\"\" class=\"wp-image-2191\"\/><\/figure>\n<\/figure>\n\n\n\n<figure class=\"wp-block-table alignright\"><table class=\"has-cyan-bluish-gray-color has-text-color has-background\" style=\"background-color:#e7f5fe\"><tbody><tr><td class=\"has-text-align-right\" data-align=\"right\">RESERVATIONS :<br><strong><strong>Vendredi 14 f\u00e9vrier 2025 \u00e0 20H30 (Complet)<\/strong><br><a href=\"https:\/\/lejonchet.fr\/index.php\/events\/maquis2\/\">Samedi 15 f\u00e9vrier 2025 \u00e0 20H30<\/a><\/strong><\/td><\/tr><\/tbody><\/table><\/figure>\n\n\n\n<p><\/p>\n","protected":false},"excerpt":{"rendered":"<p>\u00ab\u00a0Maquis, l&rsquo;ardeur des jours heureux\u00a0\u00bb RESERVATIONS :Vendredi 14 f\u00e9vrier 2025 \u00e0 20H30 (Complet)Samedi 15 f\u00e9vrier 2025 \u00e0 20H30 par la Compagnie S\u00fbr Saut \u00c9criture et mise en sc\u00e8ne Anthony Tricard. Avec Marie David, M\u00e9lissa Martinez, Alexandre Pache, et Anthony Tricard Son-lumi\u00e8re Ludovic Moulinard Au c\u0153ur des sous bois du centre de la France, quatre r\u00e9sistants [&hellip;]<\/p>\n","protected":false},"author":1,"featured_media":0,"parent":0,"menu_order":0,"comment_status":"closed","ping_status":"closed","template":"","meta":{"footnotes":""},"class_list":["post-2186","page","type-page","status-publish","hentry"],"_links":{"self":[{"href":"https:\/\/lejonchet.fr\/index.php\/wp-json\/wp\/v2\/pages\/2186","targetHints":{"allow":["GET"]}}],"collection":[{"href":"https:\/\/lejonchet.fr\/index.php\/wp-json\/wp\/v2\/pages"}],"about":[{"href":"https:\/\/lejonchet.fr\/index.php\/wp-json\/wp\/v2\/types\/page"}],"author":[{"embeddable":true,"href":"https:\/\/lejonchet.fr\/index.php\/wp-json\/wp\/v2\/users\/1"}],"replies":[{"embeddable":true,"href":"https:\/\/lejonchet.fr\/index.php\/wp-json\/wp\/v2\/comments?post=2186"}],"version-history":[{"count":25,"href":"https:\/\/lejonchet.fr\/index.php\/wp-json\/wp\/v2\/pages\/2186\/revisions"}],"predecessor-version":[{"id":7418,"href":"https:\/\/lejonchet.fr\/index.php\/wp-json\/wp\/v2\/pages\/2186\/revisions\/7418"}],"wp:attachment":[{"href":"https:\/\/lejonchet.fr\/index.php\/wp-json\/wp\/v2\/media?parent=2186"}],"curies":[{"name":"wp","href":"https:\/\/api.w.org\/{rel}","templated":true}]}}

Théâtre

<p class="has-vivid-red-color has-text-color has-large-font-size"><strong>« Maquis, l&rsquo;ardeur des jours heureux »</strong></p>



<figure class="wp-block-table alignright" style="font-size:16px"><table class="has-cyan-bluish-gray-color has-text-color has-background has-link-color" style="background-color:#e7f5fe"><tbody><tr><td class="has-text-align-right" data-align="right">RESERVATIONS :<br><strong>Vendredi 14 février 2025 à 20H30 (Complet)<br><a href="https://lejonchet.fr/index.php/events/maquis2/">Samedi 15 février 2025 à 20H30</a></strong></td></tr></tbody></table></figure>



<p class="has-black-color has-text-color has-medium-font-size"><strong><em>par la Compagnie Sûr Saut</em></strong></p>



<p class="has-small-font-size">Écriture et mise en scène <strong>Anthony Tricard. </strong><br>Avec <strong>Marie David, Mélissa Martinez, Alexandre Pache, et Anthony Tricard </strong><br>Son-lumière <strong>Ludovic Moulinard</strong></p>



<figure class="wp-block-image size-full"><img loading="lazy" decoding="async" width="800" height="268" src="https://lejonchet.fr/wp-content/uploads/2021/08/Maquis01.gif" alt="" class="wp-image-2187"/></figure>



<p></p>



<p class="has-drop-cap">Au cœur des sous bois du centre de la France, quatre résistants et résistantes survivent.<br>Au rythme de la poésie, des discussions politiques, des chants, et des actes de sabotages. On s&rsquo;arme de patience et d&rsquo;espoir. <br>L&rsquo;attente, l&rsquo;action, l&rsquo;ardeur. On provoque les Jours Heureux. <br>Maquis, c&rsquo;est du quotidien. Ce sont des minutes qu&rsquo;on vit comme des heures. C&rsquo;est l&rsquo;ombre et la nuit. C&rsquo;est le festin d&rsquo;une pomme de terre, la joie d&rsquo;un bourgeon qui éclate avec des nuits moins froides. <br>Et puis Maquis, c&rsquo;est de la Résistance, c&rsquo;est penser à l&rsquo;après, à demain, c&rsquo;est penser commun, c&rsquo;est faire de la politique.</p>



<p class="has-small-font-size"></p>



<figure class="wp-block-gallery has-nested-images columns-4 is-cropped wp-block-gallery-1 is-layout-flex wp-block-gallery-is-layout-flex">
<figure class="wp-block-image size-large"><img loading="lazy" decoding="async" width="400" height="400" data-id="2188" src="https://lejonchet.fr/wp-content/uploads/2021/08/Maquis02.gif" alt="" class="wp-image-2188"/></figure>



<figure class="wp-block-image size-large"><img loading="lazy" decoding="async" width="516" height="400" data-id="2189" src="https://lejonchet.fr/wp-content/uploads/2021/08/Maquis04.gif" alt="" class="wp-image-2189"/></figure>



<figure class="wp-block-image size-large"><img loading="lazy" decoding="async" width="400" height="400" data-id="2190" src="https://lejonchet.fr/wp-content/uploads/2021/08/Maquis05.gif" alt="" class="wp-image-2190"/></figure>



<figure class="wp-block-image size-large"><img loading="lazy" decoding="async" width="400" height="400" data-id="2191" src="https://lejonchet.fr/wp-content/uploads/2021/08/Maquis06.gif" alt="" class="wp-image-2191"/></figure>
</figure>



<figure class="wp-block-table alignright"><table class="has-cyan-bluish-gray-color has-text-color has-background" style="background-color:#e7f5fe"><tbody><tr><td class="has-text-align-right" data-align="right">RESERVATIONS :<br><strong><strong>Vendredi 14 février 2025 à 20H30 (Complet)</strong><br><a href="https://lejonchet.fr/index.php/events/maquis2/">Samedi 15 février 2025 à 20H30</a></strong></td></tr></tbody></table></figure>



<p></p>

<p>« Maquis, l&rsquo;ardeur des jours heureux » RESERVATIONS :Vendredi 14 février 2025 à 20H30 (Complet)Samedi 15 février 2025 à 20H30 par la Compagnie Sûr Saut Écriture et mise en scène Anthony Tricard. Avec Marie David, Mélissa Martinez, Alexandre Pache, et Anthony Tricard Son-lumière Ludovic Moulinard Au cœur des sous bois du centre de la France, quatre résistants [&hellip;]</p>
