{"id":1617,"date":"2021-05-09T22:21:22","date_gmt":"2021-05-09T20:21:22","guid":{"rendered":"http:\/\/lejonchet.fr\/?page_id=1617"},"modified":"2021-08-05T09:23:21","modified_gmt":"2021-08-05T07:23:21","slug":"ephemere","status":"publish","type":"page","link":"https:\/\/lejonchet.fr\/index.php\/ephemere\/","title":{"rendered":"Jeune public"},"content":{"rendered":"\n<figure class=\"wp-block-table alignright\"><table class=\"has-background\" style=\"background-color:#e7f5fe\"><tbody><tr><td class=\"has-text-align-right\" data-align=\"right\">RESERVATIONS :<br><strong><a href=\"https:\/\/lejonchet.fr\/index.php\/events\/lephemere-4\/\">Dimanche 19 septembre 2021 \u00e0 16h00<\/a><\/strong><br><strong><a href=\"https:\/\/lejonchet.fr\/index.php\/events\/lephemere-5\/\">Dimanche 17 octobre 2021 \u00e0 16h00<\/a><\/strong><\/td><\/tr><\/tbody><\/table><\/figure>\n\n\n\n<p class=\"has-vivid-red-color has-text-color has-large-font-size\"><strong>\u00ab\u00a0L&rsquo;\u00e9ph\u00e9m\u00e8re\u00a0\u00bb<\/strong><\/p>\n\n\n\n<p class=\"has-vivid-red-color has-text-color has-medium-font-size\"><strong><em>par la compagnie Le Temps d&rsquo;un Conte<\/em><\/strong><\/p>\n\n\n\n<figure class=\"wp-block-image size-large\"><img loading=\"lazy\" decoding=\"async\" width=\"800\" height=\"287\" src=\"https:\/\/lejonchet.fr\/wp-content\/uploads\/2021\/06\/Ephe08.gif\" alt=\"\" class=\"wp-image-1917\"\/><\/figure>\n\n\n\n<p class=\"has-drop-cap\">Au c\u0153ur de la for\u00eat, un ch\u00eane observe le monde qui l\u2019entoure, accompagn\u00e9 d\u2019une muse \u00e9nigmatique. Un matin, une petite fille se prom\u00e8ne et se retrouve intrigu\u00e9e par cet arbre puis se lie d\u2019amiti\u00e9 avec lui.&nbsp;<\/p>\n\n\n\n<p>Elle d\u00e9couvre, au pied de ce ch\u00eane, une chrysalide qui se transforme petit \u00e0 petit en papillon et comprend sa fa\u00e7on de concevoir le temps.&nbsp;<\/p>\n\n\n\n<p>A travers sa promesse, elle revient une fois devenue une jeune femme. Elle est encore \u00e9merveill\u00e9e de revoir cet arbre rempli de sagesse et le papillon si enthousiaste de vivre sa journ\u00e9e.&nbsp;<\/p>\n\n\n\n<p>Arriv\u00e9e au bout de sa vie, elle d\u00e9cide de retourner dans cette for\u00eat aupr\u00e8s de ce ch\u00eane pour vivre ses derniers millions d\u2019instants avec le papillon.&nbsp;<\/p>\n\n\n\n<p>L\u2019Eph\u00e9m\u00e8re a \u00e9t\u00e9 pens\u00e9 comme une ode au temps ou plut\u00f4t \u00e0 notre mani\u00e8re de le concevoir :<\/p>\n\n\n\n<p>Est-il long\u2026 court\u2026.?<\/p>\n\n\n\n<p>Pourquoi est-il incontr\u00f4lable?&nbsp;<\/p>\n\n\n\n<p>Rien de mieux que le th\u00e9\u00e2tre et la danse pour exprimer cet \u00e9ternel qui conditionne nos existences.<\/p>\n\n\n\n<p style=\"font-size:11px\"><strong>Un spectacle \u00e9crit et mis en sc\u00e8ne<\/strong> par C\u00e9cile Doan.<br>Avec Chlo\u00e9 Dervill\u00e9 et C\u00e9cile Doan avec la participation de Guy Fruchard<br><strong>Chor\u00e9graphie<\/strong> de Chlo\u00e9 Dervill\u00e9<br><strong>Musique<\/strong> de&nbsp;Nicolas P\u00e9rez<\/p>\n\n\n\n<div class=\"wp-block-button alignright\"><a class=\"wp-block-button__link has-luminous-vivid-amber-background-color has-background\" href=\"https:\/\/lejonchet.fr\/index.php\/agenda\/\" style=\"border-radius:39px\">R\u00e9servation&#8230;<\/a><\/div>\n\n\n\n<figure class=\"wp-block-gallery columns-3 is-cropped wp-block-gallery-1 is-layout-flex wp-block-gallery-is-layout-flex\"><ul class=\"blocks-gallery-grid\"><li class=\"blocks-gallery-item\"><figure><img loading=\"lazy\" decoding=\"async\" width=\"400\" height=\"400\" src=\"https:\/\/lejonchet.fr\/wp-content\/uploads\/2021\/05\/Ephe01.gif\" alt=\"\" data-id=\"1623\" data-link=\"https:\/\/lejonchet.fr\/index.php\/theatre-3\/ephe01\/\" class=\"wp-image-1623\"\/><\/figure><\/li><li class=\"blocks-gallery-item\"><figure><img loading=\"lazy\" decoding=\"async\" width=\"367\" height=\"214\" src=\"https:\/\/lejonchet.fr\/wp-content\/uploads\/2021\/05\/Ephe04.gif\" alt=\"\" data-id=\"1624\" data-link=\"https:\/\/lejonchet.fr\/index.php\/theatre-3\/ephe04\/\" class=\"wp-image-1624\"\/><\/figure><\/li><li class=\"blocks-gallery-item\"><figure><img loading=\"lazy\" decoding=\"async\" width=\"400\" height=\"260\" src=\"https:\/\/lejonchet.fr\/wp-content\/uploads\/2021\/05\/Ephe02.gif\" alt=\"\" data-id=\"1625\" data-link=\"https:\/\/lejonchet.fr\/index.php\/theatre-3\/ephe02\/\" class=\"wp-image-1625\"\/><\/figure><\/li><li class=\"blocks-gallery-item\"><figure><img loading=\"lazy\" decoding=\"async\" width=\"400\" height=\"426\" src=\"https:\/\/lejonchet.fr\/wp-content\/uploads\/2021\/05\/Ephe03.gif\" alt=\"\" data-id=\"1622\" data-link=\"https:\/\/lejonchet.fr\/index.php\/theatre-3\/ephe03\/\" class=\"wp-image-1622\"\/><\/figure><\/li><li class=\"blocks-gallery-item\"><figure><img loading=\"lazy\" decoding=\"async\" width=\"400\" height=\"400\" src=\"https:\/\/lejonchet.fr\/wp-content\/uploads\/2021\/06\/Ephe07.gif\" alt=\"\" data-id=\"1919\" data-full-url=\"https:\/\/lejonchet.fr\/wp-content\/uploads\/2021\/06\/Ephe07.gif\" data-link=\"https:\/\/lejonchet.fr\/index.php\/ephemere\/ephe07\/\" class=\"wp-image-1919\"\/><\/figure><\/li><\/ul><\/figure>\n\n\n\n<p><\/p>\n","protected":false},"excerpt":{"rendered":"<p>RESERVATIONS :Dimanche 19 septembre 2021 \u00e0 16h00Dimanche 17 octobre 2021 \u00e0 16h00 \u00ab\u00a0L&rsquo;\u00e9ph\u00e9m\u00e8re\u00a0\u00bb par la compagnie Le Temps d&rsquo;un Conte Au c\u0153ur de la for\u00eat, un ch\u00eane observe le monde qui l\u2019entoure, accompagn\u00e9 d\u2019une muse \u00e9nigmatique. Un matin, une petite fille se prom\u00e8ne et se retrouve intrigu\u00e9e par cet arbre puis se lie d\u2019amiti\u00e9 avec [&hellip;]<\/p>\n","protected":false},"author":1,"featured_media":0,"parent":0,"menu_order":0,"comment_status":"closed","ping_status":"closed","template":"","meta":{"footnotes":""},"class_list":["post-1617","page","type-page","status-publish","hentry"],"_links":{"self":[{"href":"https:\/\/lejonchet.fr\/index.php\/wp-json\/wp\/v2\/pages\/1617","targetHints":{"allow":["GET"]}}],"collection":[{"href":"https:\/\/lejonchet.fr\/index.php\/wp-json\/wp\/v2\/pages"}],"about":[{"href":"https:\/\/lejonchet.fr\/index.php\/wp-json\/wp\/v2\/types\/page"}],"author":[{"embeddable":true,"href":"https:\/\/lejonchet.fr\/index.php\/wp-json\/wp\/v2\/users\/1"}],"replies":[{"embeddable":true,"href":"https:\/\/lejonchet.fr\/index.php\/wp-json\/wp\/v2\/comments?post=1617"}],"version-history":[{"count":19,"href":"https:\/\/lejonchet.fr\/index.php\/wp-json\/wp\/v2\/pages\/1617\/revisions"}],"predecessor-version":[{"id":6565,"href":"https:\/\/lejonchet.fr\/index.php\/wp-json\/wp\/v2\/pages\/1617\/revisions\/6565"}],"wp:attachment":[{"href":"https:\/\/lejonchet.fr\/index.php\/wp-json\/wp\/v2\/media?parent=1617"}],"curies":[{"name":"wp","href":"https:\/\/api.w.org\/{rel}","templated":true}]}}

<figure class="wp-block-table alignright"><table class="has-background" style="background-color:#e7f5fe"><tbody><tr><td class="has-text-align-right" data-align="right">RESERVATIONS :<br><strong><a href="https://lejonchet.fr/index.php/events/lephemere-4/">Dimanche 19 septembre 2021 à 16h00</a></strong><br><strong><a href="https://lejonchet.fr/index.php/events/lephemere-5/">Dimanche 17 octobre 2021 à 16h00</a></strong></td></tr></tbody></table></figure>



<p class="has-vivid-red-color has-text-color has-large-font-size"><strong>« L&rsquo;éphémère »</strong></p>



<p class="has-vivid-red-color has-text-color has-medium-font-size"><strong><em>par la compagnie Le Temps d&rsquo;un Conte</em></strong></p>



<figure class="wp-block-image size-large"><img loading="lazy" decoding="async" width="800" height="287" src="https://lejonchet.fr/wp-content/uploads/2021/06/Ephe08.gif" alt="" class="wp-image-1917"/></figure>



<p class="has-drop-cap">Au cœur de la forêt, un chêne observe le monde qui l’entoure, accompagné d’une muse énigmatique. Un matin, une petite fille se promène et se retrouve intriguée par cet arbre puis se lie d’amitié avec lui.&nbsp;</p>



<p>Elle découvre, au pied de ce chêne, une chrysalide qui se transforme petit à petit en papillon et comprend sa façon de concevoir le temps.&nbsp;</p>



<p>A travers sa promesse, elle revient une fois devenue une jeune femme. Elle est encore émerveillée de revoir cet arbre rempli de sagesse et le papillon si enthousiaste de vivre sa journée.&nbsp;</p>



<p>Arrivée au bout de sa vie, elle décide de retourner dans cette forêt auprès de ce chêne pour vivre ses derniers millions d’instants avec le papillon.&nbsp;</p>



<p>L’Ephémère a été pensé comme une ode au temps ou plutôt à notre manière de le concevoir :</p>



<p>Est-il long… court….?</p>



<p>Pourquoi est-il incontrôlable?&nbsp;</p>



<p>Rien de mieux que le théâtre et la danse pour exprimer cet éternel qui conditionne nos existences.</p>



<p style="font-size:11px"><strong>Un spectacle écrit et mis en scène</strong> par Cécile Doan.<br>Avec Chloé Dervillé et Cécile Doan avec la participation de Guy Fruchard<br><strong>Chorégraphie</strong> de Chloé Dervillé<br><strong>Musique</strong> de&nbsp;Nicolas Pérez</p>



<div class="wp-block-button alignright"><a class="wp-block-button__link has-luminous-vivid-amber-background-color has-background" href="https://lejonchet.fr/index.php/agenda/" style="border-radius:39px">Réservation&#8230;</a></div>



<figure class="wp-block-gallery columns-3 is-cropped wp-block-gallery-1 is-layout-flex wp-block-gallery-is-layout-flex"><ul class="blocks-gallery-grid"><li class="blocks-gallery-item"><figure><img loading="lazy" decoding="async" width="400" height="400" src="https://lejonchet.fr/wp-content/uploads/2021/05/Ephe01.gif" alt="" data-id="1623" data-link="https://lejonchet.fr/index.php/theatre-3/ephe01/" class="wp-image-1623"/></figure></li><li class="blocks-gallery-item"><figure><img loading="lazy" decoding="async" width="367" height="214" src="https://lejonchet.fr/wp-content/uploads/2021/05/Ephe04.gif" alt="" data-id="1624" data-link="https://lejonchet.fr/index.php/theatre-3/ephe04/" class="wp-image-1624"/></figure></li><li class="blocks-gallery-item"><figure><img loading="lazy" decoding="async" width="400" height="260" src="https://lejonchet.fr/wp-content/uploads/2021/05/Ephe02.gif" alt="" data-id="1625" data-link="https://lejonchet.fr/index.php/theatre-3/ephe02/" class="wp-image-1625"/></figure></li><li class="blocks-gallery-item"><figure><img loading="lazy" decoding="async" width="400" height="426" src="https://lejonchet.fr/wp-content/uploads/2021/05/Ephe03.gif" alt="" data-id="1622" data-link="https://lejonchet.fr/index.php/theatre-3/ephe03/" class="wp-image-1622"/></figure></li><li class="blocks-gallery-item"><figure><img loading="lazy" decoding="async" width="400" height="400" src="https://lejonchet.fr/wp-content/uploads/2021/06/Ephe07.gif" alt="" data-id="1919" data-full-url="https://lejonchet.fr/wp-content/uploads/2021/06/Ephe07.gif" data-link="https://lejonchet.fr/index.php/ephemere/ephe07/" class="wp-image-1919"/></figure></li></ul></figure>



<p></p>

<p>RESERVATIONS :Dimanche 19 septembre 2021 à 16h00Dimanche 17 octobre 2021 à 16h00 « L&rsquo;éphémère » par la compagnie Le Temps d&rsquo;un Conte Au cœur de la forêt, un chêne observe le monde qui l’entoure, accompagné d’une muse énigmatique. Un matin, une petite fille se promène et se retrouve intriguée par cet arbre puis se lie d’amitié avec [&hellip;]</p>
